(3260,'journals/1/articles/1241/submission/1241-1-3573-1-2-20200130.docx','application/vnd.openxmlformats-officedocument.wordprocessingml.document'),(3261,'journals/1/articles/1243/submission/1243-1-3574-1-2-20200131.docx','application/vnd.openxmlformats-officedocument.wordprocessingml.document'),(3262,'journals/1/articles/1224/submission/1224-12-3576-1-2-20200131.docx','application/vnd.openxmlformats-officedocument.wordprocessingml.document'),(3263,'journals/1/articles/1224/submission/1224-1-3577-1-2-20200131.docx','application/vnd.openxmlformats-officedocument.wordprocessingml.document'),(3264,'journals/1/articles/883/submission/final/883-1-3578-1-6-20190915.doc','application/msword'),(3265,'journals/1/articles/1245/submission/1245-1-3579-1-2-20200203.docx','application/vnd.openxmlformats-officedocument.wordprocessingml.document'),(3266,'journals/1/articles/1246/submission/1246-1-3581-1-2-20200204.docx','application/vnd.openxmlformats-officedocument.wordprocessingml.document'),(3267,'journals/1/articles/1247/submission/1247-1-3583-1-2-20200208.docx','application/vnd.openxmlformats-officedocument.wordprocessingml.document'),(3268,'journals/1/articles/1241/submission/review/1241-12-3584-1-4-20200112.docx','application/vnd.openxmlformats-officedocument.wordprocessingml.document'),(3269,'journals/1/articles/1241/submission/review/1241-1-3585-1-4-20200130.docx','application/vnd.openxmlformats-officedocument.wordprocessingml.document'),(3270,'journals/1/articles/1247/submission/review/1247-1-3586-1-4-20200208.docx','application/vnd.openxmlformats-officedocument.wordprocessingml.document'),(3271,'journals/1/articles/1248/submission/1248-12-3589-1-2-20200212.docx','application/vnd.openxmlformats-officedocument.wordprocessingml.document'),(3272,'journals/1/articles/1248/submission/1248-1-3590-1-2-20200212.docx','application/vnd.openxmlformats-officedocument.wordprocessingml.document'),(3273,'journals/1/articles/1249/submission/1249-1-3591-1-2-20200213.docx','application/vnd.openxmlformats-officedocument.wordprocessingml.document'),(3274,'journals/1/articles/1241/submission/review/attachment/1241--3592-1-5-20200213.docx','application/vnd.openxmlformats-officedocument.wordprocessingml.document'),(3275,'journals/1/articles/1241/submission/review/attachment/1241--3593-1-5-20200213.docx','application/vnd.openxmlformats-officedocument.wordprocessingml.document'),(3276,'journals/1/articles/1245/submission/review/1245-1-3594-1-4-20200203.docx','application/vnd.openxmlformats-officedocument.wordprocessingml.document'),(3277,'journals/1/articles/1245/submission/review/1245-1-3595-1-4-20200203.docx','application/vnd.openxmlformats-officedocument.wordprocessingml.document'),(3278,'journals/1/articles/1250/submission/1250-1-3596-1-2-20200215.docx','application/vnd.openxmlformats-officedocument.wordprocessingml.document'),(3279,'journals/1/articles/1250/submission/1250-12-3597-1-2-20200215.docx','application/vnd.openxmlformats-officedocument.wordprocessingml.document'),(3280,'journals/1/articles/1251/submission/1251-1-3598-1-2-20200215.docx','application/vnd.openxmlformats-officedocument.wordprocessingml.document'),(3281,'journals/1/articles/1252/submission/1252-1-3599-1-2-20200219.docx','application/vnd.openxmlformats-officedocument.wordprocessingml.document'),(3282,'journals/1/articles/1252/submission/final/1252-1-3600-1-6-20200219.docx','application/vnd.openxmlformats-officedocument.wordprocessingml.document'),(3283,'journals/1/articles/1255/submission/1255-1-3604-1-2-20200228.docx','application/vnd.openxmlformats-officedocument.wordprocessingml.document'),(3284,'journals/1/articles/1256/submission/1256-1-3606-1-2-20200228.docx','application/vnd.openxmlformats-officedocument.wordprocessingml.document'),(3285,'journals/1/articles/1256/submission/1256-12-3607-1-2-20200228.docx','application/vnd.openxmlformats-officedocument.wordprocessingml.document'),(3286,'journals/1/articles/1098/submission/final/1098-1-3609-1-6-20200228.docx','application/vnd.openxmlformats-officedocument.wordprocessingml.document'),(3287,'journals/1/articles/1248/submission/review/1248-12-3610-1-4-20200212.docx','application/vnd.openxmlformats-officedocument.wordprocessingml.document'),(3288,'journals/1/articles/1248/submission/review/1248-1-3611-1-4-20200212.docx','application/vnd.openxmlformats-officedocument.wordprocessingml.document'),(3289,'journals/1/articles/1248/submission/review/attachment/1248--3612-1-5-20200229.docx','application/vnd.openxmlformats-officedocument.wordprocessingml.document'),(3290,'journals/1/articles/1140/submission/review/revision/1140-1-3613-1-15-20200229.docx','application/vnd.openxmlformats-officedocument.wordprocessingml.document'),(3291,'journals/1/articles/1140/submission/final/1140-1-3614-1-6-20200229.docx','application/vnd.openxmlformats-officedocument.wordprocessingml.document'),(3292,'journals/1/articles/1257/submission/1257-1-3615-1-2-20200229.docx','application/vnd.openxmlformats-officedocument.wordprocessingml.document'),(3293,'journals/1/articles/1257/submission/final/1257-1-3616-1-6-20200229.docx','application/vnd.openxmlformats-officedocument.wordprocessingml.document'),(3294,'journals/1/articles/1258/submission/1258-1-3617-1-2-20200229.docx','application/vnd.openxmlformats-officedocument.wordprocessingml.document'),(3295,'journals/1/articles/1258/submission/final/1258-1-3618-1-6-20200229.docx','application/vnd.openxmlformats-officedocument.wordprocessingml.document'),(3296,'journals/1/articles/1259/submission/1259-1-3619-1-2-20200229.docx','application/vnd.openxmlformats-officedocument.wordprocessingml.document'),(3297,'journals/1/articles/1259/submission/final/1259-1-3620-1-6-20200229.docx','application/vnd.openxmlformats-officedocument.wordprocessingml.document'),(3298,'journals/1/articles/1241/submission/review/revision/1241-1-3621-1-15-20200304.docx','application/vnd.openxmlformats-officedocument.wordprocessingml.document'),(3299,'journals/1/articles/950/submission/review/revision/950-1-3622-1-15-20200306.docx','application/octet-stream'),(3300,'journals/1/articles/950/submission/query/950-1-3623-1-18-20200306.docx','application/octet-stream'),(3301,'journals/1/articles/1261/submission/1261-1-3624-1-2-20200308.docx','application/vnd.openxmlformats-officedocument.wordprocessingml.document'),(3302,'journals/1/articles/1261/submission/1261-1-3624-2-2-20200308.docx','application/vnd.openxmlformats-officedocument.wordprocessingml.document'),(3303,'journals/1/articles/1262/submission/1262-1-3625-1-2-20200308.pdf','application/pdf'),(3304,'journals/1/articles/1262/submission/final/1262-1-3626-1-6-20200308.pdf','application/pdf'),(3305,'journals/1/articles/1262/submission/productionReady/1262-1-3627-1-11-20200308.pdf','application/pdf'),(3306,'journals/1/articles/1252/submission/proof/1252-1-3628-1-10-20200308.pdf','application/pdf'),(3307,'journals/1/articles/1262/submission/proof/1262-1-3629-1-10-20200308.pdf','application/pdf'),(3308,'journals/1/articles/1257/submission/proof/1257-1-3630-1-10-20200308.pdf','application/pdf'),(3309,'journals/1/articles/1258/submission/proof/1258-1-3631-1-10-20200308.pdf','application/pdf'),(3310,'journals/1/articles/1259/submission/proof/1259-1-3632-1-10-20200308.pdf','application/pdf'),(3311,'journals/1/articles/1259/submission/proof/1259-1-3632-2-10-20200317.pdf','application/pdf'),(3312,'journals/1/articles/1263/submission/1263-1-3634-1-2-20200309.docx','application/vnd.openxmlformats-officedocument.wordprocessingml.document'),(3313,'journals/1/articles/396/submission/proof/396-1-3635-1-10-20200309.pdf','application/pdf'),(3314,'journals/1/articles/1162/submission/proof/1162-1-3636-1-10-20200309.pdf','application/pdf'),(3315,'journals/1/articles/883/submission/proof/883-1-3637-1-10-20200309.pdf','application/pdf'),(3316,'journals/1/articles/949/submission/proof/949-1-3638-1-10-20200309.pdf','application/pdf'),(3317,'journals/1/articles/950/submission/proof/950-1-3639-1-10-20200309.pdf','application/pdf'),(3318,'journals/1/articles/1157/submission/proof/1157-1-3641-1-10-20200309.pdf','application/pdf'),(3319,'journals/1/articles/931/submission/proof/931-1-3642-1-10-20200310.pdf','application/pdf'),(3320,'journals/1/articles/931/submission/proof/931-1-3642-2-10-20200311.pdf','application/pdf'),(3321,'journals/1/articles/1264/submission/1264-12-3643-1-2-20200311.docx','application/vnd.openxmlformats-officedocument.wordprocessingml.document'),(3322,'journals/1/articles/1265/submission/1265-1-3644-1-2-20200311.docx','application/vnd.openxmlformats-officedocument.wordprocessingml.document'),(3323,'journals/1/articles/1237/submission/review/1237-1-3645-1-4-20191226.doc','application/msword'),(3324,'journals/1/articles/1241/submission/productionReady/1241-1-3646-1-11-20200312.docx','application/vnd.openxmlformats-officedocument.wordprocessingml.document'),(3325,'journals/1/articles/1241/submission/query/1241-1-3647-1-18-20200312.docx','application/vnd.openxmlformats-officedocument.wordprocessingml.document'),(3326,'journals/1/articles/1241/submission/query/1241-1-3648-1-18-20200314.docx','application/vnd.openxmlformats-officedocument.wordprocessingml.document'),(3327,'journals/1/articles/1031/submission/review/revision/1031-1-3649-1-15-20200315.docx','application/vnd.openxmlformats-officedocument.wordprocessingml.document'),(3328,'journals/1/articles/1241/submission/query/1241-1-3651-1-18-20200315.docx','application/vnd.openxmlformats-officedocument.wordprocessingml.document'),(3329,'journals/1/articles/1237/submission/review/attachment/1237--3652-1-5-20200317.doc','application/msword'),(3330,'journals/1/articles/1229/submission/review/1229-1-3653-1-4-20191125.doc','application/msword'),(3331,'journals/1/articles/1229/submission/review/1229-12-3654-1-4-20191125.doc','application/msword'),(3332,'journals/1/articles/1266/submission/1266-1-3655-1-2-20200318.docx','application/vnd.openxmlformats-officedocument.wordprocessingml.document'),(3333,'journals/1/articles/287/submission/query/287-1-3657-1-18-20200320.docx','application/vnd.openxmlformats-officedocument.wordprocessingml.document'),(3334,'journals/1/articles/287/submission/review/revision/287-1-3658-1-15-20200320.docx','application/vnd.openxmlformats-officedocument.wordprocessingml.document'),(3335,'journals/1/articles/287/submission/review/revision/287-12-3659-1-15-20200320.docx','application/vnd.openxmlformats-officedocument.wordprocessingml.document'),(3336,'journals/1/articles/287/submission/query/287-1-3660-1-18-20200320.docx','application/vnd.openxmlformats-officedocument.wordprocessingml.document'),(3337,'journals/1/articles/287/submission/query/287-12-3661-1-18-20200320.docx','application/vnd.openxmlformats-officedocument.wordprocessingml.document'),(3338,'journals/1/articles/287/submission/query/287-12-3662-1-18-20200320.docx','application/vnd.openxmlformats-officedocument.wordprocessingml.document'),(3339,'journals/1/articles/1268/submission/1268-1-3663-1-2-20200322.docx','application/vnd.openxmlformats-officedocument.wordprocessingml.document'),(3340,'journals/1/articles/1270/submission/1270-1-3664-1-2-20200323.docx','application/vnd.openxmlformats-officedocument.wordprocessingml.document'),(3341,'journals/1/articles/1270/submission/1270-12-3666-1-2-20200323.docx','application/vnd.openxmlformats-officedocument.wordprocessingml.document'),(3342,'journals/1/articles/1269/submission/1269-1-3669-1-2-20200324.docx','application/vnd.openxmlformats-officedocument.wordprocessingml.document'),(3343,'journals/1/articles/1269/submission/1269-12-3670-1-2-20200324.docx','application/vnd.openxmlformats-officedocument.wordprocessingml.document'),(3344,'journals/1/articles/1249/submission/review/1249-1-3671-1-4-20200213.docx','application/vnd.openxmlformats-officedocument.wordprocessingml.document'),(3345,'journals/1/articles/1271/submission/1271-4-3672-1-2-20200324.doc','application/msword'),(3346,'journals/1/articles/1271/submission/1271-4-3672-2-2-20200324.doc','application/msword'),(3347,'journals/1/articles/1272/submission/1272-1-3673-1-2-20200327.docx','application/vnd.openxmlformats-officedocument.wordprocessingml.document'),(3348,'journals/1/articles/1161/submission/query/1161-1-3674-1-18-20200327.docx','application/vnd.openxmlformats-officedocument.wordprocessingml.document'),(3349,'journals/1/articles/1161/submission/query/1161-1-3674-2-18-20200327.docx','application/vnd.openxmlformats-officedocument.wordprocessingml.document'),(3350,'journals/1/articles/1148/submission/query/1148-1-3675-1-18-20200327.docx','application/vnd.openxmlformats-officedocument.wordprocessingml.document'),(3351,'journals/1/articles/1148/submission/query/1148-1-3675-2-18-20200327.docx','application/vnd.openxmlformats-officedocument.wordprocessingml.document'),(3352,'journals/1/articles/1148/submission/final/1148-1-3676-1-6-20200327.docx','application/vnd.openxmlformats-officedocument.wordprocessingml.document'),(3353,'journals/1/articles/1148/submission/query/1148-1-3677-1-18-20200327.docx','application/vnd.openxmlformats-officedocument.wordprocessingml.document'),(3354,'journals/1/articles/1161/submission/productionReady/1161-1-3678-1-11-20200327.docx','application/vnd.openxmlformats-officedocument.wordprocessingml.document'),(3355,'journals/1/articles/1161/submission/query/1161-1-3679-1-18-20200327.docx','application/vnd.openxmlformats-officedocument.wordprocessingml.document'),(3356,'journals/1/articles/1273/submission/1273-1-3680-1-2-20200329.docx','application/vnd.openxmlformats-officedocument.wordprocessingml.document'),(3357,'journals/1/articles/1098/submission/query/1098-1-3681-1-18-20200330.docx','application/vnd.openxmlformats-officedocument.wordprocessingml.document'),(3358,'journals/1/articles/1244/submission/review/1244-1-3682-1-4-20200122.docx','application/vnd.openxmlformats-officedocument.wordprocessingml.document'),(3359,'journals/1/articles/923/submission/final/923-12-3683-1-6-20190814.docx','application/vnd.openxmlformats-officedocument.wordprocessingml.document'),(3360,'journals/1/articles/923/submission/final/923-12-3684-1-6-20190814.docx','application/vnd.openxmlformats-officedocument.wordprocessingml.document'),(3361,'journals/1/articles/287/submission/final/287-1-3685-1-6-20200320.docx','application/vnd.openxmlformats-officedocument.wordprocessingml.document'),(3362,'journals/1/articles/287/submission/final/287-12-3686-1-6-20200320.docx','application/vnd.openxmlformats-officedocument.wordprocessingml.document'),(3363,'journals/1/articles/1148/submission/query/1148-1-3688-1-18-20200331.docx','application/vnd.openxmlformats-officedocument.wordprocessingml.document'),(3364,'journals/1/articles/1161/submission/query/1161-1-3689-1-18-20200401.docx','application/vnd.openxmlformats-officedocument.wordprocessingml.document'),(3365,'journals/1/articles/1274/submission/1274-12-3690-1-2-20200402.rtf','text/rtf'),(3366,'journals/1/articles/1274/submission/1274-12-3690-2-2-20200402.rtf','text/rtf'),(3367,'journals/1/articles/1274/submission/1274-1-3692-1-2-20200402.rtf','text/rtf'),(3368,'journals/1/articles/1274/submission/1274-1-3692-2-2-20200402.doc','application/msword'),(3369,'journals/1/articles/1274/submission/1274-1-3692-3-2-20200402.doc','application/msword'),(3370,'journals/1/articles/1275/submission/1275-1-3694-1-2-20200402.docx','application/vnd.openxmlformats-officedocument.wordprocessingml.document'),(3371,'journals/1/articles/352/submission/review/attachment/352--3695-1-5-20200404.docx','application/vnd.openxmlformats-officedocument.wordprocessingml.document'),(3372,'journals/1/articles/1276/submission/1276-1-3696-1-2-20200407.docx','application/vnd.openxmlformats-officedocument.wordprocessingml.document'),(3373,'journals/1/articles/1276/submission/1276-12-3697-1-2-20200407.docx','application/vnd.openxmlformats-officedocument.wordprocessingml.document'),(3374,'journals/1/articles/1277/submission/1277-1-3698-1-2-20200413.docx','application/vnd.openxmlformats-officedocument.wordprocessingml.document'),(3375,'journals/1/articles/1277/submission/1277-12-3699-1-2-20200413.docx','application/vnd.openxmlformats-officedocument.wordprocessingml.document'),(3376,'journals/1/articles/1278/submission/1278-1-3700-1-2-20200414.docx','application/vnd.openxmlformats-officedocument.wordprocessingml.document'),(3377,'journals/1/articles/1278/submission/query/1278-12-3701-1-18-20200414.docx','application/vnd.openxmlformats-officedocument.wordprocessingml.document'),(3378,'journals/1/articles/1278/submission/query/1278-12-3702-1-18-20200414.docx','application/vnd.openxmlformats-officedocument.wordprocessingml.document'),(3379,'journals/1/articles/1278/submission/query/1278-12-3703-1-18-20200414.docx','application/vnd.openxmlformats-officedocument.wordprocessingml.document'),(3380,'journals/1/articles/1279/submission/1279-1-3705-1-2-20200414.docx','application/vnd.openxmlformats-officedocument.wordprocessingml.document'),(3381,'journals/1/articles/1280/submission/1280-1-3706-1-2-20200414.doc','application/msword'),(3382,'journals/1/articles/1280/submission/1280-12-3708-1-2-20200414.docx','application/vnd.openxmlformats-officedocument.wordprocessingml.document'),(3383,'journals/1/articles/1280/submission/1280-12-3708-2-2-20200414.doc','application/msword'),(3384,'journals/1/articles/1281/submission/1281-1-3709-1-2-20200414.docx','application/vnd.openxmlformats-officedocument.wordprocessingml.document'),(3385,'journals/1/articles/1281/submission/1281-12-3710-1-2-20200414.docx','application/vnd.openxmlformats-officedocument.wordprocessingml.document'),(3386,'journals/1/articles/1282/submission/1282-1-3711-1-2-20200416.docx','application/vnd.openxmlformats-officedocument.wordprocessingml.document'),(3387,'journals/1/articles/1283/submission/1283-1-3714-1-2-20200416.docx','application/vnd.openxmlformats-officedocument.wordprocessingml.document'),(3388,'journals/1/articles/1241/submission/proof/1241-1-3715-1-10-20200416.pdf','application/pdf'),(3389,'journals/1/articles/1241/submission/proof/1241-1-3715-2-10-20200416.pdf','application/pdf'),(3390,'journals/1/articles/1241/submission/proof/1241-1-3715-3-10-20200416.pdf','application/pdf'),(3391,'journals/1/articles/1241/submission/proof/1241-1-3715-4-10-20200430.pdf','application/pdf'),(3392,'journals/1/articles/1241/submission/proof/1241-1-3715-5-10-20200504.pdf','application/pdf'),(3393,'journals/1/articles/1241/submission/proof/1241-1-3715-6-10-20200506.pdf','application/pdf'),(3394,'journals/1/articles/1241/submission/proof/1241-1-3715-7-10-20200509.pdf','application/pdf'),(3395,'journals/1/articles/1241/submission/proof/1241-1-3715-8-10-20200516.pdf','application/pdf'),(3396,'journals/1/articles/1241/submission/proof/1241-1-3715-9-10-20200516.pdf','application/pdf'),(3397,'journals/1/articles/1284/submission/1284-1-3719-1-2-20200417.docx','application/vnd.openxmlformats-officedocument.wordprocessingml.document'),(3398,'journals/1/articles/1284/submission/1284-12-3721-1-2-20200417.docx','application/vnd.openxmlformats-officedocument.wordprocessingml.document'),(3399,'journals/1/articles/1265/submission/1265-8-3722-1-2-20200419.docx','application/vnd.openxmlformats-officedocument.wordprocessingml.document'),(3400,'journals/1/articles/1287/submission/1287-1-3726-1-2-20200420.docx','application/vnd.openxmlformats-officedocument.wordprocessingml.document'),(3401,'journals/1/articles/1287/submission/review/1287-1-3727-1-4-20200420.docx','application/vnd.openxmlformats-officedocument.wordprocessingml.document'),(3402,'journals/1/articles/1288/submission/1288-4-3728-1-2-20200421.docx','application/vnd.openxmlformats-officedocument.wordprocessingml.document'),(3403,'journals/1/articles/1288/submission/1288-12-3729-1-2-20200421.docx','application/vnd.openxmlformats-officedocument.wordprocessingml.document'),(3404,'journals/1/articles/1174/submission/review/1174-1-3730-1-4-20190729.rtf','text/rtf'),(3405,'journals/1/articles/1279/submission/review/1279-1-3731-1-4-20200414.docx','application/vnd.openxmlformats-officedocument.wordprocessingml.document'),(3406,'journals/1/articles/1289/submission/1289-8-3732-1-2-20200421.docx','application/vnd.openxmlformats-officedocument.wordprocessingml.document'),(3407,'journals/1/articles/1289/submission/1289-8-3732-2-2-20200421.docx','application/vnd.openxmlformats-officedocument.wordprocessingml.document'),(3408,'journals/1/articles/1245/submission/review/attachment/1245--3734-1-5-20200423.docx','application/vnd.openxmlformats-officedocument.wordprocessingml.document'),(3409,'journals/1/articles/1117/submission/review/attachment/1117--3735-1-5-20200423.docx','application/vnd.openxmlformats-officedocument.wordprocessingml.document'),(3410,'journals/1/articles/1290/submission/1290-1-3736-1-2-20200423.docx','application/vnd.openxmlformats-officedocument.wordprocessingml.document'),(3411,'journals/1/articles/1291/submission/1291-1-3739-1-2-20200424.docx','application/vnd.openxmlformats-officedocument.wordprocessingml.document'),(3412,'journals/1/articles/923/submission/copyedit/923-1-3740-1-9-20200427.docx','application/vnd.openxmlformats-officedocument.wordprocessingml.document'),(3413,'journals/1/articles/923/submission/productionReady/923-1-3741-1-11-20200427.docx','application/vnd.openxmlformats-officedocument.wordprocessingml.document'),(3414,'journals/1/articles/1148/submission/productionReady/1148-1-3742-1-11-20200327.docx','application/vnd.openxmlformats-officedocument.wordprocessingml.document'),(3415,'journals/1/articles/1148/submission/query/1148-1-3743-1-18-20200429.docx','application/vnd.openxmlformats-officedocument.wordprocessingml.document'),(3416,'journals/1/articles/1148/submission/proof/1148-1-3744-1-10-20200429.pdf','application/pdf'),(3417,'journals/1/articles/1148/submission/proof/1148-1-3744-2-10-20200429.pdf','application/pdf'),(3418,'journals/1/articles/1148/submission/proof/1148-1-3744-3-10-20200430.pdf','application/pdf'),(3419,'journals/1/articles/1148/submission/proof/1148-1-3744-4-10-20200505.pdf','application/pdf'),(3420,'journals/1/articles/1148/submission/proof/1148-1-3744-5-10-20200505.pdf','application/pdf'),(3421,'journals/1/articles/1148/submission/proof/1148-1-3744-6-10-20200510.pdf','application/pdf'),(3422,'journals/1/articles/1148/submission/proof/1148-1-3744-7-10-20200516.pdf','application/pdf'),(3423,'journals/1/articles/1148/submission/proof/1148-1-3744-8-10-20200516.pdf','application/pdf'),(3424,'journals/1/articles/1148/submission/proof/1148-1-3744-9-10-20200516.pdf','application/pdf'),(3425,'journals/1/articles/1279/submission/review/attachment/1279--3749-1-5-20200503.docx','application/vnd.openxmlformats-officedocument.wordprocessingml.document'),(3426,'journals/1/articles/1279/submission/review/attachment/1279--3750-1-5-20200503.docx','application/vnd.openxmlformats-officedocument.wordprocessingml.document'),(3427,'journals/1/articles/1098/submission/query/1098-1-3751-1-18-20200503.docx','application/vnd.openxmlformats-officedocument.wordprocessingml.document'),(3428,'journals/1/articles/1292/submission/1292-1-3752-1-2-20200504.docx','application/vnd.openxmlformats-officedocument.wordprocessingml.document'),(3429,'journals/1/articles/1287/submission/review/attachment/1287--3753-1-5-20200504.docx','application/vnd.openxmlformats-officedocument.wordprocessingml.document'),(3430,'journals/1/articles/1287/submission/review/attachment/1287--3754-1-5-20200504.docx','application/vnd.openxmlformats-officedocument.wordprocessingml.document'),(3431,'journals/1/articles/923/submission/query/923-1-3756-1-18-20200427.docx','application/vnd.openxmlformats-officedocument.wordprocessingml.document'),(3432,'journals/1/articles/1287/submission/review/attachment/1287--3757-1-5-20200505.docx','application/vnd.openxmlformats-officedocument.wordprocessingml.document'),(3433,'journals/1/articles/352/submission/review/attachment/352--3759-1-5-20200505.docx','application/vnd.openxmlformats-officedocument.wordprocessingml.document'),(3434,'journals/1/articles/923/submission/query/923-1-3760-1-18-20200505.doc','application/msword'),(3435,'journals/1/articles/1293/submission/1293-1-3761-1-2-20200505.docx','application/vnd.openxmlformats-officedocument.wordprocessingml.document'),(3436,'journals/1/articles/1293/submission/1293-12-3764-1-2-20200505.docx','application/vnd.openxmlformats-officedocument.wordprocessingml.document'),(3437,'journals/1/articles/1295/submission/1295-1-3770-1-2-20200506.docx','application/vnd.openxmlformats-officedocument.wordprocessingml.document'),(3438,'journals/1/articles/1296/submission/1296-1-3771-1-2-20200506.docx','application/vnd.openxmlformats-officedocument.wordprocessingml.document'),(3439,'journals/1/articles/1296/submission/1296-1-3772-1-2-20200506.docx','application/vnd.openxmlformats-officedocument.wordprocessingml.document'),(3440,'journals/1/articles/1140/submission/productionReady/1140-1-3773-1-11-20200229.docx','application/vnd.openxmlformats-officedocument.wordprocessingml.document'),(3441,'journals/1/articles/1298/submission/1298-1-3775-1-2-20200508.docx','application/vnd.openxmlformats-officedocument.wordprocessingml.document'),(3442,'journals/1/articles/1298/submission/review/1298-1-3776-1-4-20200508.docx','application/vnd.openxmlformats-officedocument.wordprocessingml.document'),(3443,'journals/1/articles/1299/submission/1299-1-3780-1-2-20200510.docx','application/vnd.openxmlformats-officedocument.wordprocessingml.document'),(3444,'journals/1/articles/1299/submission/1299-12-3781-1-2-20200510.docx','application/vnd.openxmlformats-officedocument.wordprocessingml.document'),(3445,'journals/1/articles/1244/submission/review/attachment/1244--3782-1-5-20200511.docx','application/vnd.openxmlformats-officedocument.wordprocessingml.document'),(3446,'journals/1/articles/1300/submission/1300-1-3784-1-2-20200513.docx','application/vnd.openxmlformats-officedocument.wordprocessingml.document'),(3447,'journals/1/articles/1302/submission/1302-1-3785-1-2-20200513.docx','application/vnd.openxmlformats-officedocument.wordprocessingml.document'),(3448,'journals/1/articles/1302/submission/review/1302-1-3786-1-4-20200513.docx','application/vnd.openxmlformats-officedocument.wordprocessingml.document'),(3449,'journals/1/articles/1301/submission/1301-1-3789-1-2-20200513.docx','application/vnd.openxmlformats-officedocument.wordprocessingml.document'),(3450,'journals/1/articles/1301/submission/1301-12-3790-1-2-20200513.docx','application/vnd.openxmlformats-officedocument.wordprocessingml.document'),(3451,'journals/1/articles/1031/submission/final/1031-1-3791-1-6-20200315.docx','application/vnd.openxmlformats-officedocument.wordprocessingml.document'),(3452,'journals/1/articles/1031/submission/productionReady/1031-1-3792-1-11-20200315.docx','application/vnd.openxmlformats-officedocument.wordprocessingml.document'),(3453,'journals/1/articles/1304/submission/1304-1-3795-1-2-20200514.docx','application/vnd.openxmlformats-officedocument.wordprocessingml.document'),(3454,'journals/1/articles/1304/submission/review/1304-1-3796-1-4-20200514.docx','application/vnd.openxmlformats-officedocument.wordprocessingml.document'),(3455,'journals/1/articles/1305/submission/1305-1-3797-1-2-20200514.docx','application/vnd.openxmlformats-officedocument.wordprocessingml.document'),(3456,'journals/1/articles/1304/submission/review/attachment/1304--3801-1-5-20200514.docx','application/vnd.openxmlformats-officedocument.wordprocessingml.document'),(3457,'journals/1/articles/1304/submission/review/attachment/1304--3802-1-5-20200514.docx','application/vnd.openxmlformats-officedocument.wordprocessingml.document'),(3458,'journals/1/articles/1250/submission/review/1250-1-3803-1-4-20200215.docx','application/vnd.openxmlformats-officedocument.wordprocessingml.document'),(3459,'journals/1/articles/1250/submission/review/1250-12-3804-1-4-20200215.docx','application/vnd.openxmlformats-officedocument.wordprocessingml.document'),(3460,'journals/1/articles/1304/submission/review/revision/1304-1-3805-1-15-20200515.docx','application/vnd.openxmlformats-officedocument.wordprocessingml.document'),(3461,'journals/1/articles/1302/submission/proof/1302-1-3806-1-10-20200515.pdf','application/pdf'),(3462,'journals/1/articles/1302/submission/proof/1302-1-3806-2-10-20200516.pdf','application/pdf'),(3463,'journals/1/articles/1098/submission/proof/1098-1-3810-1-10-20200516.pdf','application/pdf'),(3464,'journals/1/articles/1098/submission/proof/1098-1-3810-2-10-20200516.pdf','application/pdf'),(3465,'journals/1/articles/923/submission/proof/923-1-3815-1-10-20200516.pdf','application/pdf'),(3466,'journals/1/articles/923/submission/proof/923-1-3815-2-10-20200516.pdf','application/pdf'),(3467,'journals/1/articles/1307/submission/1307-1-3816-1-2-20200516.doc','application/msword'),(3468,'journals/1/articles/1307/submission/1307-12-3817-1-2-20200516.docx','application/vnd.openxmlformats-officedocument.wordprocessingml.document'),(3469,'journals/1/articles/287/submission/proof/287-1-3820-1-10-20200516.pdf','application/pdf'),(3470,'journals/1/articles/1161/submission/proof/1161-1-3821-1-10-20200516.pdf','application/pdf'),(3471,'journals/1/articles/1124/submission/proof/1124-1-3822-1-10-20200516.pdf','application/pdf'),(3472,'journals/1/articles/1140/submission/proof/1140-1-3823-1-10-20200516.pdf','application/pdf'),(3473,'journals/1/articles/1140/submission/proof/1140-1-3823-2-10-20200517.pdf','application/pdf'),(3474,'journals/1/articles/982/submission/proof/982-1-3824-1-10-20200516.pdf','application/pdf'),(3475,'journals/1/articles/982/submission/proof/982-1-3824-2-10-20200517.pdf','application/pdf'),(3476,'journals/1/articles/982/submission/proof/982-1-3824-3-10-20200517.pdf','application/pdf'),(3477,'journals/1/articles/1031/submission/proof/1031-1-3825-1-10-20200517.pdf','application/pdf'),(3478,'journals/1/articles/1031/submission/proof/1031-1-3825-2-10-20200517.pdf','application/pdf'),(3479,'journals/1/articles/1031/submission/proof/1031-1-3825-3-10-20200517.pdf','application/pdf'),(3480,'journals/1/articles/332/submission/final/332-1-3828-1-6-20191104.docx','application/vnd.openxmlformats-officedocument.wordprocessingml.document'),(3481,'journals/1/articles/332/submission/final/332-1-3829-1-6-20191104.docx','application/vnd.openxmlformats-officedocument.wordprocessingml.document'),(3482,'journals/1/articles/332/submission/proof/332-1-3830-1-10-20200517.pdf','application/pdf'),(3483,'journals/1/articles/1287/submission/proof/1287-1-3834-1-10-20200517.pdf','application/pdf'),(3484,'journals/1/articles/1298/submission/proof/1298-1-3835-1-10-20200517.pdf','application/pdf'),(3485,'journals/1/articles/1298/submission/proof/1298-1-3835-2-10-20200517.pdf','application/pdf'),(3486,'journals/1/articles/1304/submission/proof/1304-1-3837-1-10-20200517.pdf','application/pdf'),(3487,'journals/1/articles/1306/submission/proof/1306-1-3838-1-10-20200517.pdf','application/pdf'),(3488,'journals/1/articles/1306/submission/proof/1306-1-3838-2-10-20200622.pdf','application/pdf'),(3489,'journals/1/articles/1308/submission/1308-12-3839-1-2-20200517.docx','application/vnd.openxmlformats-officedocument.wordprocessingml.document'),(3490,'journals/1/articles/1308/submission/1308-12-3840-1-2-20200517.docx','application/vnd.openxmlformats-officedocument.wordprocessingml.document'),(3491,'journals/1/articles/1308/submission/1308-1-3845-1-2-20200517.docx','application/vnd.openxmlformats-officedocument.wordprocessingml.document'),(3492,'journals/1/articles/1310/submission/1310-1-3847-1-2-20200518.doc','application/msword'),(3493,'journals/1/articles/1310/submission/1310-12-3848-1-2-20200518.docx','application/vnd.openxmlformats-officedocument.wordprocessingml.document'),(3494,'journals/1/articles/1145/submission/query/1145-1-3849-1-18-20200520.docx','application/vnd.openxmlformats-officedocument.wordprocessingml.document'),(3495,'journals/1/articles/1016/submission/review/revision/1016-1-3850-1-15-20200520.doc','application/msword'),(3496,'journals/1/articles/1208/submission/review/1208-4-3851-1-4-20191007.docx','application/vnd.openxmlformats-officedocument.wordprocessingml.document'),(3497,'journals/1/articles/1311/submission/1311-1-3852-1-2-20200520.docx','application/vnd.openxmlformats-officedocument.wordprocessingml.document'),(3498,'journals/1/articles/1312/submission/1312-1-3854-1-2-20200521.doc','application/msword'),(3499,'journals/1/articles/1313/submission/1313-1-3855-1-2-20200521.docx','application/vnd.openxmlformats-officedocument.wordprocessingml.document'),(3500,'journals/1/articles/1315/submission/1315-1-3858-1-2-20200523.docx','application/vnd.openxmlformats-officedocument.wordprocessingml.document'),(3501,'journals/1/articles/1316/submission/1316-1-3859-1-2-20200523.docx','application/vnd.openxmlformats-officedocument.wordprocessingml.document'),(3502,'journals/1/articles/1316/submission/1316-12-3860-1-2-20200523.docx','application/vnd.openxmlformats-officedocument.wordprocessingml.document'),(3503,'journals/1/articles/1250/submission/review/attachment/1250--3861-1-5-20200525.docx','application/vnd.openxmlformats-officedocument.wordprocessingml.document'),(3504,'journals/1/articles/1166/submission/proof/1166-1-3862-1-10-20200525.pdf','application/pdf'),(3505,'journals/1/articles/1317/submission/1317-1-3863-1-2-20200525.docx','application/vnd.openxmlformats-officedocument.wordprocessingml.document'),(3506,'journals/1/articles/1317/submission/1317-12-3864-1-2-20200525.docx','application/vnd.openxmlformats-officedocument.wordprocessingml.document'),(3507,'journals/1/articles/1318/submission/1318-1-3865-1-2-20200525.docx','application/vnd.openxmlformats-officedocument.wordprocessingml.document'),(3508,'journals/1/articles/1310/submission/review/1310-1-3866-1-4-20200518.doc','application/msword'),(3509,'journals/1/articles/1319/submission/1319-1-3867-1-2-20200525.docx','application/vnd.openxmlformats-officedocument.wordprocessingml.document'),(3510,'journals/1/articles/1319/submission/1319-12-3868-1-2-20200525.doc','application/msword'),(3511,'journals/1/articles/1319/submission/1319-12-3869-1-2-20200525.pdf','application/pdf'),(3512,'journals/1/articles/1320/submission/1320-1-3870-1-2-20200526.docx','application/vnd.openxmlformats-officedocument.wordprocessingml.document'),(3513,'journals/1/articles/1320/submission/1320-12-3872-1-2-20200526.docx','application/vnd.openxmlformats-officedocument.wordprocessingml.document'),(3514,'journals/1/articles/871/submission/final/871-1-3873-1-6-20180905.docx','application/vnd.openxmlformats-officedocument.wordprocessingml.document'),(3515,'journals/1/articles/1321/submission/1321-1-3875-1-2-20200527.docx','application/vnd.openxmlformats-officedocument.wordprocessingml.document'),(3516,'journals/1/articles/1321/submission/1321-12-3876-1-2-20200527.docx','application/vnd.openxmlformats-officedocument.wordprocessingml.document'),(3517,'journals/1/articles/1322/submission/1322-1-3877-1-2-20200527.docx','application/vnd.openxmlformats-officedocument.wordprocessingml.document'),(3518,'journals/1/articles/1322/submission/1322-12-3879-1-2-20200527.docx','application/vnd.openxmlformats-officedocument.wordprocessingml.document'),(3519,'journals/1/articles/1315/submission/review/1315-1-3880-1-4-20200523.docx','application/vnd.openxmlformats-officedocument.wordprocessingml.document'),(3520,'journals/1/articles/1320/submission/review/1320-1-3881-1-4-20200526.docx','application/vnd.openxmlformats-officedocument.wordprocessingml.document'),(3521,'journals/1/articles/1213/submission/review/1213-1-3882-1-4-20191005.doc','application/msword'),(3522,'journals/1/articles/1323/submission/1323-1-3883-1-2-20200530.docx','application/vnd.openxmlformats-officedocument.wordprocessingml.document'),(3523,'journals/1/articles/1323/submission/1323-12-3884-1-2-20200530.docx','application/vnd.openxmlformats-officedocument.wordprocessingml.document'),(3524,'journals/1/articles/1324/submission/1324-1-3887-1-2-20200601.docx','application/vnd.openxmlformats-officedocument.wordprocessingml.document'),(3525,'journals/1/articles/1324/submission/1324-12-3889-1-2-20200601.docx','application/vnd.openxmlformats-officedocument.wordprocessingml.document'),(3526,'journals/1/articles/373/submission/review/attachment/373--3894-1-5-20200601.docx','application/vnd.openxmlformats-officedocument.wordprocessingml.document'),(3527,'journals/1/articles/1327/submission/1327-1-3899-1-2-20200602.docx','application/vnd.openxmlformats-officedocument.wordprocessingml.document'),(3528,'journals/1/articles/1327/submission/1327-12-3901-1-2-20200602.docx','application/vnd.openxmlformats-officedocument.wordprocessingml.document'),(3529,'journals/1/articles/1327/submission/1327-12-3901-2-2-20200602.docx','application/vnd.openxmlformats-officedocument.wordprocessingml.document'),(3530,'journals/1/articles/1328/submission/1328-1-3904-1-2-20200602.doc','application/msword'),(3531,'journals/1/articles/1329/submission/1329-1-3905-1-2-20200602.docx','application/vnd.openxmlformats-officedocument.wordprocessingml.document'),(3532,'journals/1/articles/1329/submission/query/1329-12-3907-1-18-20200602.docx','application/vnd.openxmlformats-officedocument.wordprocessingml.document'),(3533,'journals/1/articles/1310/submission/review/attachment/1310--3908-1-5-20200602.doc','application/msword'),(3534,'journals/1/articles/1330/submission/1330-1-3910-1-2-20200603.docx','application/vnd.openxmlformats-officedocument.wordprocessingml.document'),(3535,'journals/1/articles/1330/submission/1330-1-3911-1-2-20200603.docx','application/vnd.openxmlformats-officedocument.wordprocessingml.document'),(3536,'journals/1/articles/373/attachment/373-12-3912-1-13-20200603.docx','application/vnd.openxmlformats-officedocument.wordprocessingml.document'),(3537,'journals/1/articles/1331/submission/1331-1-3915-1-2-20200604.docx','application/vnd.openxmlformats-officedocument.wordprocessingml.document'),(3538,'journals/1/articles/1332/submission/1332-1-3918-1-2-20200604.docx','application/vnd.openxmlformats-officedocument.wordprocessingml.document'),(3539,'journals/1/articles/1333/submission/1333-1-3919-1-2-20200604.docx','application/vnd.openxmlformats-officedocument.wordprocessingml.document'),(3540,'journals/1/articles/1332/submission/1332-12-3920-1-2-20200604.docx','application/vnd.openxmlformats-officedocument.wordprocessingml.document'),(3541,'journals/1/articles/1334/submission/1334-1-3922-1-2-20200606.docx','application/vnd.openxmlformats-officedocument.wordprocessingml.document'),(3542,'journals/1/articles/1334/submission/1334-1-3922-2-2-20200612.docx','application/vnd.openxmlformats-officedocument.wordprocessingml.document'),(3543,'journals/1/articles/1334/submission/1334-1-3922-3-2-20200612.docx','application/vnd.openxmlformats-officedocument.wordprocessingml.document'),(3544,'journals/1/articles/1335/submission/1335-1-3923-1-2-20200606.docx','application/vnd.openxmlformats-officedocument.wordprocessingml.document'),(3545,'journals/1/articles/1279/submission/review/attachment/1279--3924-1-5-20200607.docx','application/vnd.openxmlformats-officedocument.wordprocessingml.document'),(3546,'journals/1/articles/1336/submission/1336-1-3926-1-2-20200607.docx','application/vnd.openxmlformats-officedocument.wordprocessingml.document'),(3547,'journals/1/articles/1336/submission/1336-12-3927-1-2-20200607.docx','application/vnd.openxmlformats-officedocument.wordprocessingml.document'),(3548,'journals/1/articles/1337/submission/1337-1-3928-1-2-20200608.docx','application/vnd.openxmlformats-officedocument.wordprocessingml.document'),(3549,'journals/1/articles/1337/submission/1337-12-3929-1-2-20200608.docx','application/vnd.openxmlformats-officedocument.wordprocessingml.document'),(3550,'journals/1/articles/1245/submission/review/revision/1245-1-3930-1-15-20200608.docx','application/vnd.openxmlformats-officedocument.wordprocessingml.document'),(3551,'journals/1/articles/1245/submission/review/revision/1245-1-3930-2-15-20200608.docx','application/vnd.openxmlformats-officedocument.wordprocessingml.document'),(3552,'journals/1/articles/1245/submission/review/revision/1245-1-3931-1-15-20200608.docx','application/vnd.openxmlformats-officedocument.wordprocessingml.document'),(3553,'journals/1/articles/1245/submission/review/revision/1245-1-3931-2-15-20200612.docx','application/vnd.openxmlformats-officedocument.wordprocessingml.document'),(3554,'journals/1/articles/1338/submission/1338-1-3935-1-2-20200608.docx','application/vnd.openxmlformats-officedocument.wordprocessingml.document'),(3555,'journals/1/articles/1338/submission/1338-12-3936-1-2-20200608.docx','application/vnd.openxmlformats-officedocument.wordprocessingml.document'),(3556,'journals/1/articles/1245/attachment/1245-1-3938-1-13-20200611.docx','application/vnd.openxmlformats-officedocument.wordprocessingml.document'),(3557,'journals/1/articles/930/submission/review/930-1-3939-1-4-20200611.docx','application/vnd.openxmlformats-officedocument.wordprocessingml.document'),(3558,'journals/1/articles/944/submission/review/944-1-3940-1-4-20200611.docx','application/vnd.openxmlformats-officedocument.wordprocessingml.document'),(3559,'journals/1/articles/1245/submission/final/1245-1-3941-1-6-20200612.docx','application/vnd.openxmlformats-officedocument.wordprocessingml.document'),(3560,'journals/1/articles/944/submission/review/attachment/944--3942-1-5-20200612.docx','application/vnd.openxmlformats-officedocument.wordprocessingml.document'),(3561,'journals/1/articles/1315/submission/review/attachment/1315--3944-1-5-20200613.doc','application/msword'),(3562,'journals/1/articles/1315/submission/review/attachment/1315--3946-1-5-20200613.doc','application/msword'),(3563,'journals/1/articles/1342/submission/1342-1-3948-1-2-20200615.doc','application/msword'),(3564,'journals/1/articles/1342/submission/1342-1-3948-2-2-20200615.doc','application/msword'),(3565,'journals/1/articles/1342/submission/1342-12-3950-1-2-20200615.doc','application/msword'),(3566,'journals/1/articles/1343/submission/1343-1-3951-1-2-20200615.docx','application/vnd.openxmlformats-officedocument.wordprocessingml.document'),(3567,'journals/1/articles/1343/submission/1343-12-3953-1-2-20200615.docx','application/vnd.openxmlformats-officedocument.wordprocessingml.document'),(3568,'journals/1/articles/1310/attachment/1310-12-3954-1-13-20200616.doc','application/msword'),(3569,'journals/1/articles/1344/submission/1344-1-3962-1-2-20200617.docx','application/vnd.openxmlformats-officedocument.wordprocessingml.document'),(3570,'journals/1/articles/1344/submission/1344-12-3963-1-2-20200617.docx','application/vnd.openxmlformats-officedocument.wordprocessingml.document'),(3571,'journals/1/articles/1310/submission/review/revision/1310-12-3964-1-15-20200617.doc','application/msword'),(3572,'journals/1/articles/1346/submission/1346-1-3967-1-2-20200618.docx','application/vnd.openxmlformats-officedocument.wordprocessingml.document'),(3573,'journals/1/articles/1347/submission/1347-1-3970-1-2-20200618.docx','application/vnd.openxmlformats-officedocument.wordprocessingml.document'),(3574,'journals/1/articles/1347/submission/1347-12-3971-1-2-20200618.docx','application/vnd.openxmlformats-officedocument.wordprocessingml.document'),(3575,'journals/1/articles/1348/submission/1348-1-3972-1-2-20200619.docx','application/octet-stream'),(3576,'journals/1/articles/1348/submission/1348-12-3973-1-2-20200619.docx','application/vnd.openxmlformats-officedocument.wordprocessingml.document'),(3577,'journals/1/articles/1348/submission/1348-12-3974-1-2-20200619.docx','application/vnd.openxmlformats-officedocument.wordprocessingml.document'),(3578,'journals/1/articles/1346/submission/query/1346-12-3975-1-18-20200619.docx','application/vnd.openxmlformats-officedocument.wordprocessingml.document'),(3579,'journals/1/articles/1350/submission/1350-1-3977-1-2-20200620.docx','application/vnd.openxmlformats-officedocument.wordprocessingml.document'),(3580,'journals/1/articles/1350/submission/1350-12-3978-1-2-20200620.docx','application/vnd.openxmlformats-officedocument.wordprocessingml.document'),(3581,'journals/1/articles/944/submission/review/944-1-3979-1-4-20200621.docx','application/vnd.openxmlformats-officedocument.wordprocessingml.document'),(3582,'journals/1/articles/961/submission/review/revision/961-1-3982-1-15-20200621.docx','application/vnd.openxmlformats-officedocument.wordprocessingml.document'),(3583,'journals/1/articles/964/submission/review/revision/964-12-3986-1-15-20200621.doc','application/msword'),(3584,'journals/1/articles/964/submission/review/revision/964-12-3986-2-15-20200621.docx','application/vnd.openxmlformats-officedocument.wordprocessingml.document'),(3585,'journals/1/articles/964/submission/review/revision/964-12-3986-3-15-20200621.doc','application/msword'),(3586,'journals/1/articles/1222/submission/1222-1-3992-1-2-20200622.docx','application/vnd.openxmlformats-officedocument.wordprocessingml.document'),(3587,'journals/1/articles/1222/submission/review/1222-1-3993-1-4-20191106.docx','application/vnd.openxmlformats-officedocument.wordprocessingml.document'),(3588,'journals/1/articles/1284/submission/review/1284-1-3995-1-4-20200417.docx','application/vnd.openxmlformats-officedocument.wordprocessingml.document'),(3589,'journals/1/articles/1334/submission/review/1334-1-3996-1-4-20200612.docx','application/vnd.openxmlformats-officedocument.wordprocessingml.document'),(3590,'journals/1/articles/1342/submission/review/1342-1-3997-1-4-20200615.doc','application/msword'),(3591,'journals/1/articles/1336/submission/review/1336-1-3998-1-4-20200607.docx','application/vnd.openxmlformats-officedocument.wordprocessingml.document'),(3592,'journals/1/articles/1335/submission/review/1335-1-3999-1-4-20200606.docx','application/vnd.openxmlformats-officedocument.wordprocessingml.document'),(3593,'journals/1/articles/1332/submission/review/1332-1-4000-1-4-20200604.docx','application/vnd.openxmlformats-officedocument.wordprocessingml.document'),(3594,'journals/1/articles/1333/submission/review/1333-1-4001-1-4-20200604.docx','application/vnd.openxmlformats-officedocument.wordprocessingml.document'),(3595,'journals/1/articles/1352/submission/1352-1-4002-1-2-20200622.docx','application/octet-stream'),(3596,'journals/1/articles/1352/submission/1352-12-4003-1-2-20200622.docx','application/vnd.openxmlformats-officedocument.wordprocessingml.document'),(3597,'journals/1/articles/1328/submission/review/1328-1-4004-1-4-20200602.doc','application/msword'),(3598,'journals/1/articles/1343/submission/review/1343-1-4005-1-4-20200615.docx','application/vnd.openxmlformats-officedocument.wordprocessingml.document'),(3599,'journals/1/articles/1343/submission/review/1343-12-4006-1-4-20200615.docx','application/vnd.openxmlformats-officedocument.wordprocessingml.document'),(3600,'journals/1/articles/1353/submission/1353-1-4007-1-2-20200623.doc','application/msword'),(3601,'journals/1/articles/1353/submission/1353-1-4007-2-2-20200623.doc','application/msword'),(3602,'journals/1/articles/882/submission/review/attachment/882--4008-1-5-20200623.doc','application/msword'),(3603,'journals/1/articles/1355/submission/1355-1-4011-1-2-20200623.docx','application/vnd.openxmlformats-officedocument.wordprocessingml.document'),(3604,'journals/1/articles/1354/submission/1354-1-4012-1-2-20200624.docx','application/vnd.openxmlformats-officedocument.wordprocessingml.document'),(3605,'journals/1/articles/1354/submission/1354-1-4012-2-2-20200624.docx','application/vnd.openxmlformats-officedocument.wordprocessingml.document'),(3606,'journals/1/articles/1356/submission/1356-1-4015-1-2-20200624.docx','application/vnd.openxmlformats-officedocument.wordprocessingml.document'),(3607,'journals/1/articles/1358/submission/1358-1-4019-1-2-20200625.docx','application/vnd.openxmlformats-officedocument.wordprocessingml.document'),(3608,'journals/1/articles/1358/submission/1358-1-4021-1-2-20200625.doc','application/msword'),(3609,'journals/1/articles/1358/submission/1358-4-4024-1-2-20200625.docx','application/vnd.openxmlformats-officedocument.wordprocessingml.document'),(3610,'journals/1/articles/1360/submission/1360-1-4029-1-2-20200625.doc','application/msword'),(3611,'journals/1/articles/1360/submission/1360-12-4030-1-2-20200625.docx','application/vnd.openxmlformats-officedocument.wordprocessingml.document'),(3612,'journals/1/articles/1292/submission/review/1292-1-4034-1-4-20200504.docx','application/vnd.openxmlformats-officedocument.wordprocessingml.document'),(3613,'journals/1/articles/882/submission/review/attachment/882--4035-1-5-20200625.doc','application/msword'),(3614,'journals/1/articles/1352/submission/review/1352-1-4036-1-4-20200622.docx','application/octet-stream'),(3615,'journals/1/articles/1353/submission/review/1353-1-4037-1-4-20200623.doc','application/msword'),(3616,'journals/1/articles/1361/submission/1361-1-4038-1-2-20200627.docx','application/vnd.openxmlformats-officedocument.wordprocessingml.document'),(3617,'journals/1/articles/1361/submission/1361-12-4039-1-2-20200627.docx','application/vnd.openxmlformats-officedocument.wordprocessingml.document'),(3618,'journals/1/articles/1361/submission/1361-12-4039-2-2-20200627.docx','application/vnd.openxmlformats-officedocument.wordprocessingml.document'),(3619,'journals/1/articles/1174/submission/review/attachment/1174--4041-1-5-20200628.rtf','text/rtf'),(3620,'journals/1/articles/1296/submission/review/1296-1-4042-1-4-20200506.docx','application/vnd.openxmlformats-officedocument.wordprocessingml.document'),(3621,'journals/1/articles/1296/submission/review/1296-1-4043-1-4-20200506.docx','application/vnd.openxmlformats-officedocument.wordprocessingml.document'),(3622,'journals/1/articles/930/submission/review/attachment/930--4044-1-5-20200630.docx','application/vnd.openxmlformats-officedocument.wordprocessingml.document'),(3623,'journals/1/articles/1362/submission/1362-1-4046-1-2-20200630.docx','application/vnd.openxmlformats-officedocument.wordprocessingml.document'),(3624,'journals/1/articles/1363/submission/1363-1-4047-1-2-20200702.docx','application/vnd.openxmlformats-officedocument.wordprocessingml.document'),(3625,'journals/1/articles/1364/submission/1364-1-4049-1-2-20200703.docx','application/vnd.openxmlformats-officedocument.wordprocessingml.document'),(3626,'journals/1/articles/1364/submission/1364-12-4051-1-2-20200703.docx','application/vnd.openxmlformats-officedocument.wordprocessingml.document'),(3627,'journals/1/articles/1365/submission/1365-12-4053-1-2-20200705.jpg','image/jpeg'),(3628,'journals/1/articles/1366/submission/1366-12-4054-1-2-20200706.docx','application/vnd.openxmlformats-officedocument.wordprocessingml.document'),(3629,'journals/1/articles/1366/submission/1366-1-4057-1-2-20200706.docx','application/vnd.openxmlformats-officedocument.wordprocessingml.document'),(3630,'journals/1/articles/1328/submission/review/attachment/1328--4059-1-5-20200707.doc','application/msword'),(3631,'journals/1/articles/1312/submission/review/1312-1-4060-1-4-20200521.doc','application/msword'),(3632,'journals/1/articles/1343/submission/review/attachment/1343--4061-1-5-20200707.docx','application/vnd.openxmlformats-officedocument.wordprocessingml.document'),(3633,'journals/1/articles/1367/submission/1367-1-4065-1-2-20200707.docx','application/vnd.openxmlformats-officedocument.wordprocessingml.document'),(3634,'journals/1/articles/1367/submission/1367-1-4065-2-2-20200707.docx','application/vnd.openxmlformats-officedocument.wordprocessingml.document'),(3635,'journals/1/articles/1367/submission/1367-1-4065-3-2-20200707.docx','application/vnd.openxmlformats-officedocument.wordprocessingml.document'),(3636,'journals/1/articles/1367/submission/1367-1-4067-1-2-20200707.docx','application/vnd.openxmlformats-officedocument.wordprocessingml.document'),(3637,'journals/1/articles/1367/submission/1367-1-4067-2-2-20200707.docx','application/vnd.openxmlformats-officedocument.wordprocessingml.document'),(3638,'journals/1/articles/1368/submission/1368-1-4070-1-2-20200708.docx','application/vnd.openxmlformats-officedocument.wordprocessingml.document'),(3639,'journals/1/articles/1368/submission/1368-12-4071-1-2-20200708.docx','application/vnd.openxmlformats-officedocument.wordprocessingml.document'),(3640,'journals/1/articles/1368/submission/1368-12-4072-1-2-20200708.docx','application/vnd.openxmlformats-officedocument.wordprocessingml.document'),(3641,'journals/1/articles/1313/submission/review/1313-1-4073-1-4-20200521.docx','application/vnd.openxmlformats-officedocument.wordprocessingml.document'),(3642,'journals/1/articles/1369/submission/1369-1-4075-1-2-20200708.docx','application/vnd.openxmlformats-officedocument.wordprocessingml.document'),(3643,'journals/1/articles/1370/submission/1370-1-4077-1-2-20200709.docx','application/vnd.openxmlformats-officedocument.wordprocessingml.document'),(3644,'journals/1/articles/1370/submission/1370-12-4078-1-2-20200709.docx','application/vnd.openxmlformats-officedocument.wordprocessingml.document'),(3645,'journals/1/articles/1371/submission/1371-1-4080-1-2-20200710.docx','application/vnd.openxmlformats-officedocument.wordprocessingml.document'),(3646,'journals/1/articles/1371/submission/1371-12-4081-1-2-20200710.docx','application/vnd.openxmlformats-officedocument.wordprocessingml.document'),(3647,'journals/1/articles/1371/submission/1371-12-4081-2-2-20200710.docx','application/vnd.openxmlformats-officedocument.wordprocessingml.document'),(3648,'journals/1/articles/1372/submission/1372-1-4082-1-2-20200710.docx','application/vnd.openxmlformats-officedocument.wordprocessingml.document'),(3649,'journals/1/articles/1292/submission/review/attachment/1292--4086-1-5-20200711.docx','application/vnd.openxmlformats-officedocument.wordprocessingml.document'),(3650,'journals/1/articles/964/submission/query/964-1-4087-1-18-20200712.doc','application/msword'),(3651,'journals/1/articles/964/submission/query/964-12-4088-1-18-20200712.docx','application/vnd.openxmlformats-officedocument.wordprocessingml.document'),(3652,'journals/1/articles/1373/submission/1373-1-4091-1-2-20200712.docx','application/vnd.openxmlformats-officedocument.wordprocessingml.document'),(3653,'journals/1/articles/1373/submission/1373-1-4091-2-2-20200712.docx','application/vnd.openxmlformats-officedocument.wordprocessingml.document'),(3654,'journals/1/articles/1373/submission/1373-12-4092-1-2-20200712.docx','application/vnd.openxmlformats-officedocument.wordprocessingml.document'),(3655,'journals/1/articles/1284/submission/review/attachment/1284--4093-1-5-20200712.docx','application/vnd.openxmlformats-officedocument.wordprocessingml.document'),(3656,'journals/1/articles/1372/submission/query/1372-12-4094-1-18-20200714.docx','application/vnd.openxmlformats-officedocument.wordprocessingml.document'),(3657,'journals/1/articles/1292/submission/review/attachment/1292--4095-1-5-20200714.docx','application/vnd.openxmlformats-officedocument.wordprocessingml.document'),(3658,'journals/1/articles/1332/submission/review/attachment/1332--4096-1-5-20200714.docx','application/vnd.openxmlformats-officedocument.wordprocessingml.document'),(3659,'journals/1/articles/1377/submission/1377-1-4100-1-2-20200715.docx','application/vnd.openxmlformats-officedocument.wordprocessingml.document'),(3660,'journals/1/articles/1377/submission/1377-1-4102-1-2-20200715.docx','application/vnd.openxmlformats-officedocument.wordprocessingml.document'),(3661,'journals/1/articles/1378/submission/1378-1-4103-1-2-20200715.docx','application/vnd.openxmlformats-officedocument.wordprocessingml.document'),(3662,'journals/1/articles/1378/submission/1378-8-4104-1-2-20200715.docx','application/vnd.openxmlformats-officedocument.wordprocessingml.document'),(3663,'journals/1/articles/960/submission/review/revision/960-1-4107-1-15-20200715.docx','application/vnd.openxmlformats-officedocument.wordprocessingml.document'),(3664,'journals/1/articles/960/submission/review/revision/960-1-4107-2-15-20200715.docx','application/vnd.openxmlformats-officedocument.wordprocessingml.document'),(3665,'journals/1/articles/960/submission/review/revision/960-1-4107-3-15-20200715.docx','application/vnd.openxmlformats-officedocument.wordprocessingml.document'),(3666,'journals/1/articles/1174/submission/review/revision/1174-1-4108-1-15-20200716.rtf','text/rtf'),(3667,'journals/1/articles/1174/submission/review/revision/1174-1-4108-2-15-20200716.rtf','text/rtf'),(3668,'journals/1/articles/1174/submission/review/revision/1174-1-4108-3-15-20200716.docx','application/vnd.openxmlformats-officedocument.wordprocessingml.document'),(3669,'journals/1/articles/1174/submission/review/revision/1174-6-4109-1-15-20200716.docx','application/vnd.openxmlformats-officedocument.wordprocessingml.document'),(3670,'journals/1/articles/1174/submission/review/revision/1174-12-4112-1-15-20200716.docx','application/vnd.openxmlformats-officedocument.wordprocessingml.document'),(3671,'journals/1/articles/1174/submission/query/1174-1-4113-1-18-20200716.rtf','text/rtf'),(3672,'journals/1/articles/1174/submission/query/1174-12-4114-1-18-20200716.docx','application/vnd.openxmlformats-officedocument.wordprocessingml.document'),(3673,'journals/1/articles/1174/submission/query/1174-6-4115-1-18-20200716.docx','application/vnd.openxmlformats-officedocument.wordprocessingml.document'),(3674,'journals/1/articles/1379/submission/1379-1-4116-1-2-20200716.docx','application/vnd.openxmlformats-officedocument.wordprocessingml.document'),(3675,'journals/1/articles/1379/submission/1379-2-4117-1-2-20200716.docx','application/vnd.openxmlformats-officedocument.wordprocessingml.document'),(3676,'journals/1/articles/1379/submission/1379-2-4117-2-2-20200716.docx','application/vnd.openxmlformats-officedocument.wordprocessingml.document'),(3677,'journals/1/articles/1379/submission/1379-2-4118-1-2-20200716.docx','application/vnd.openxmlformats-officedocument.wordprocessingml.document'),(3678,'journals/1/articles/1379/submission/1379-12-4120-1-2-20200716.pdf','application/pdf'),(3679,'journals/1/articles/1379/submission/1379-12-4121-1-2-20200716.docx','application/vnd.openxmlformats-officedocument.wordprocessingml.document'),(3680,'journals/1/articles/1174/submission/query/1174-1-4123-1-18-20200716.docx','application/vnd.openxmlformats-officedocument.wordprocessingml.document'),(3681,'journals/1/articles/1380/submission/1380-1-4126-1-2-20200716.docx','application/vnd.openxmlformats-officedocument.wordprocessingml.document'),(3682,'journals/1/articles/1380/submission/1380-12-4127-1-2-20200716.docx','application/vnd.openxmlformats-officedocument.wordprocessingml.document'),(3683,'journals/1/articles/1333/submission/review/attachment/1333--4128-1-5-20200717.docx','application/vnd.openxmlformats-officedocument.wordprocessingml.document'),(3684,'journals/1/articles/1353/submission/review/attachment/1353--4130-1-5-20200717.docx','application/vnd.openxmlformats-officedocument.wordprocessingml.document'),(3685,'journals/1/articles/1382/submission/1382-1-4133-1-2-20200719.docx','application/vnd.openxmlformats-officedocument.wordprocessingml.document'),(3686,'journals/1/articles/1384/submission/1384-1-4136-1-2-20200719.docx','application/vnd.openxmlformats-officedocument.wordprocessingml.document'),(3687,'journals/1/articles/1384/submission/1384-12-4137-1-2-20200719.docx','application/vnd.openxmlformats-officedocument.wordprocessingml.document'),(3688,'journals/1/articles/1315/submission/query/1315-1-4139-1-18-20200720.docx','application/vnd.openxmlformats-officedocument.wordprocessingml.document'),(3689,'journals/1/articles/1315/submission/review/revision/1315-1-4140-1-15-20200720.docx','application/vnd.openxmlformats-officedocument.wordprocessingml.document'),(3690,'journals/1/articles/1315/submission/review/revision/1315-12-4141-1-15-20200720.docx','application/vnd.openxmlformats-officedocument.wordprocessingml.document'),(3691,'journals/1/articles/1315/submission/review/revision/1315-12-4142-1-15-20200720.docx','application/vnd.openxmlformats-officedocument.wordprocessingml.document'),(3692,'journals/1/articles/1174/submission/review/1174-12-4143-1-4-20200720.docx','application/vnd.openxmlformats-officedocument.wordprocessingml.document'),(3693,'journals/1/articles/1385/submission/1385-1-4144-1-2-20200721.docx','application/vnd.openxmlformats-officedocument.wordprocessingml.document'),(3694,'journals/1/articles/1386/submission/1386-4-4145-1-2-20200722.docx','application/vnd.openxmlformats-officedocument.wordprocessingml.document'),(3695,'journals/1/articles/1386/submission/1386-4-4145-2-2-20200722.docx','application/vnd.openxmlformats-officedocument.wordprocessingml.document'),(3696,'journals/1/articles/1174/submission/query/1174-1-4146-1-18-20200722.docx','application/vnd.openxmlformats-officedocument.wordprocessingml.document'),(3697,'journals/1/articles/1174/submission/query/1174-12-4147-1-18-20200722.docx','application/vnd.openxmlformats-officedocument.wordprocessingml.document'),(3698,'journals/1/articles/1174/submission/review/1174-12-4149-1-4-20200722.docx','application/vnd.openxmlformats-officedocument.wordprocessingml.document'),(3699,'journals/1/articles/1174/submission/final/1174-12-4150-1-6-20200722.docx','application/vnd.openxmlformats-officedocument.wordprocessingml.document'),(3700,'journals/1/articles/1174/submission/productionReady/1174-12-4151-1-11-20200722.docx','application/vnd.openxmlformats-officedocument.wordprocessingml.document'),(3701,'journals/1/articles/1174/submission/productionReady/1174-12-4152-1-11-20200723.rtf','text/rtf'),(3702,'journals/1/articles/1030/submission/review/revision/1030-1-4155-1-15-20200723.docx','application/vnd.openxmlformats-officedocument.wordprocessingml.document'),(3703,'journals/1/articles/1030/submission/review/revision/1030-12-4157-1-15-20200723.docx','application/vnd.openxmlformats-officedocument.wordprocessingml.document'),(3704,'journals/1/articles/1387/submission/1387-1-4158-1-2-20200725.docx','application/vnd.openxmlformats-officedocument.wordprocessingml.document'),(3705,'journals/1/articles/1388/submission/1388-1-4159-1-2-20200725.docx','application/vnd.openxmlformats-officedocument.wordprocessingml.document'),(3706,'journals/1/articles/1388/submission/1388-1-4159-2-2-20200725.docx','application/vnd.openxmlformats-officedocument.wordprocessingml.document'),(3707,'journals/1/articles/1389/submission/1389-1-4165-1-2-20200727.docx','application/vnd.openxmlformats-officedocument.wordprocessingml.document'),(3708,'journals/1/articles/1389/submission/1389-12-4166-1-2-20200727.docx','application/vnd.openxmlformats-officedocument.wordprocessingml.document'),(3709,'journals/1/articles/1391/submission/1391-1-4171-1-2-20200728.docx','application/vnd.openxmlformats-officedocument.wordprocessingml.document'),(3710,'journals/1/articles/1391/submission/1391-1-4171-2-2-20200728.docx','application/vnd.openxmlformats-officedocument.wordprocessingml.document'),(3711,'journals/1/articles/1394/submission/1394-1-4172-1-2-20200728.docx','application/vnd.openxmlformats-officedocument.wordprocessingml.document'),(3712,'journals/1/articles/1394/submission/1394-12-4173-1-2-20200728.docx','application/vnd.openxmlformats-officedocument.wordprocessingml.document'),(3713,'journals/1/articles/1342/submission/review/attachment/1342--4174-1-5-20200729.doc','application/msword'),(3714,'journals/1/articles/1335/submission/review/attachment/1335--4175-1-5-20200729.doc','application/msword'),(3715,'journals/1/articles/1117/submission/review/revision/1117-1-4177-1-15-20200731.docx','application/vnd.openxmlformats-officedocument.wordprocessingml.document'),(3716,'journals/1/articles/1206/submission/review/1206-1-4178-1-4-20190920.docx','application/vnd.openxmlformats-officedocument.wordprocessingml.document'),(3717,'journals/1/articles/1171/submission/review/revision/1171-1-4179-1-15-20200801.docx','application/vnd.openxmlformats-officedocument.wordprocessingml.document'),(3718,'journals/1/articles/1171/submission/review/revision/1171-1-4180-1-15-20200801.docx','application/vnd.openxmlformats-officedocument.wordprocessingml.document'),(3719,'journals/1/articles/1395/submission/1395-1-4184-1-2-20200801.docx','application/vnd.openxmlformats-officedocument.wordprocessingml.document'),(3720,'journals/1/articles/1397/submission/1397-1-4186-1-2-20200802.docx','application/vnd.openxmlformats-officedocument.wordprocessingml.document'),(3721,'journals/1/articles/1396/submission/1396-1-4187-1-2-20200805.docx','application/vnd.openxmlformats-officedocument.wordprocessingml.document'),(3722,'journals/1/articles/1399/submission/1399-1-4188-1-2-20200806.docx','application/vnd.openxmlformats-officedocument.wordprocessingml.document'),(3723,'journals/1/articles/1399/submission/1399-12-4189-1-2-20200806.docx','application/vnd.openxmlformats-officedocument.wordprocessingml.document'),(3724,'journals/1/articles/1400/submission/1400-1-4190-1-2-20200807.docx','application/vnd.openxmlformats-officedocument.wordprocessingml.document'),(3725,'journals/1/articles/1401/submission/1401-1-4191-1-2-20200807.docx','application/vnd.openxmlformats-officedocument.wordprocessingml.document'),(3726,'journals/1/articles/1401/submission/1401-12-4192-1-2-20200807.docx','application/vnd.openxmlformats-officedocument.wordprocessingml.document'),(3727,'journals/1/articles/1403/submission/1403-1-4193-1-2-20200810.docx','application/vnd.openxmlformats-officedocument.wordprocessingml.document'),(3728,'journals/1/articles/1403/submission/1403-12-4194-1-2-20200810.docx','application/vnd.openxmlformats-officedocument.wordprocessingml.document'),(3729,'journals/1/articles/1404/submission/1404-1-4196-1-2-20200812.docx','application/vnd.openxmlformats-officedocument.wordprocessingml.document'),(3730,'journals/1/articles/1404/submission/1404-1-4196-2-2-20200812.docx','application/vnd.openxmlformats-officedocument.wordprocessingml.document'),(3731,'journals/1/articles/1404/submission/1404-1-4196-3-2-20200812.docx','application/vnd.openxmlformats-officedocument.wordprocessingml.document'),(3732,'journals/1/articles/1404/submission/1404-1-4197-1-2-20200812.docx','application/vnd.openxmlformats-officedocument.wordprocessingml.document'),(3733,'journals/1/articles/1405/submission/1405-1-4201-1-2-20200812.docx','application/vnd.openxmlformats-officedocument.wordprocessingml.document'),(3734,'journals/1/articles/1405/submission/1405-12-4202-1-2-20200812.docx','application/vnd.openxmlformats-officedocument.wordprocessingml.document'),(3735,'journals/1/articles/1406/submission/1406-1-4204-1-2-20200812.docx','application/vnd.openxmlformats-officedocument.wordprocessingml.document'),(3736,'journals/1/articles/1406/submission/1406-12-4205-1-2-20200812.docx','application/vnd.openxmlformats-officedocument.wordprocessingml.document'),(3737,'journals/1/articles/1398/submission/1398-1-4212-1-2-20200814.docx','application/vnd.openxmlformats-officedocument.wordprocessingml.document'),(3738,'journals/1/articles/1398/submission/1398-12-4213-1-2-20200814.docx','application/vnd.openxmlformats-officedocument.wordprocessingml.document'),(3739,'journals/1/articles/1407/submission/1407-12-4214-1-2-20200814.docx','application/vnd.openxmlformats-officedocument.wordprocessingml.document'),(3740,'journals/1/articles/1407/submission/1407-1-4216-1-2-20200814.docx','application/vnd.openxmlformats-officedocument.wordprocessingml.document'),(3741,'journals/1/articles/1410/submission/1410-1-4219-1-2-20200817.doc','application/msword'),(3742,'journals/1/articles/1411/submission/1411-1-4220-1-2-20200817.docx','application/vnd.openxmlformats-officedocument.wordprocessingml.document'),(3743,'journals/1/articles/1411/submission/1411-1-4220-2-2-20200817.docx','application/vnd.openxmlformats-officedocument.wordprocessingml.document'),(3744,'journals/1/articles/1411/submission/1411-12-4221-1-2-20200817.docx','application/vnd.openxmlformats-officedocument.wordprocessingml.document'),(3745,'journals/1/articles/1333/submission/review/revision/1333-1-4222-1-15-20200817.docx','application/octet-stream'),(3746,'journals/1/articles/1315/submission/final/1315-1-4225-1-6-20200817.docx','application/vnd.openxmlformats-officedocument.wordprocessingml.document'),(3747,'journals/1/articles/1315/submission/final/1315-1-4225-2-6-20200817.docx','application/vnd.openxmlformats-officedocument.wordprocessingml.document'),(3748,'journals/1/articles/1414/submission/1414-1-4230-1-2-20200817.docx','application/vnd.openxmlformats-officedocument.wordprocessingml.document'),(3749,'journals/1/articles/1360/submission/review/1360-1-4231-1-4-20200625.doc','application/msword'),(3750,'journals/1/articles/1415/submission/1415-1-4233-1-2-20200819.docx','application/vnd.openxmlformats-officedocument.wordprocessingml.document'),(3751,'journals/1/articles/1415/submission/1415-12-4234-1-2-20200819.docx','application/vnd.openxmlformats-officedocument.wordprocessingml.document'),(3752,'journals/1/articles/1330/submission/review/1330-1-4235-1-4-20200603.docx','application/vnd.openxmlformats-officedocument.wordprocessingml.document'),(3753,'journals/1/articles/1324/submission/review/1324-1-4236-1-4-20200601.docx','application/vnd.openxmlformats-officedocument.wordprocessingml.document'),(3754,'journals/1/articles/1307/submission/review/1307-1-4237-1-4-20200516.doc','application/msword'),(3755,'journals/1/articles/1301/submission/review/1301-1-4238-1-4-20200513.docx','application/vnd.openxmlformats-officedocument.wordprocessingml.document'),(3756,'journals/1/articles/1293/submission/review/1293-1-4239-1-4-20200505.docx','application/vnd.openxmlformats-officedocument.wordprocessingml.document'),(3757,'journals/1/articles/1416/submission/1416-1-4242-1-2-20200820.docx','application/vnd.openxmlformats-officedocument.wordprocessingml.document'),(3758,'journals/1/articles/1416/submission/1416-1-4242-2-2-20200820.docx','application/vnd.openxmlformats-officedocument.wordprocessingml.document'),(3759,'journals/1/articles/1416/submission/1416-12-4243-1-2-20200820.docx','application/vnd.openxmlformats-officedocument.wordprocessingml.document'),(3760,'journals/1/articles/1416/submission/1416-12-4243-2-2-20200820.docx','application/vnd.openxmlformats-officedocument.wordprocessingml.document'),(3761,'journals/1/articles/1416/submission/1416-12-4243-3-2-20200820.docx','application/vnd.openxmlformats-officedocument.wordprocessingml.document'),(3762,'journals/1/articles/1416/submission/1416-1-4246-1-2-20200820.docx','application/vnd.openxmlformats-officedocument.wordprocessingml.document'),(3763,'journals/1/articles/1416/submission/1416-1-4246-2-2-20200820.docx','application/vnd.openxmlformats-officedocument.wordprocessingml.document'),(3764,'journals/1/articles/1416/submission/1416-1-4251-1-2-20200820.docx','application/vnd.openxmlformats-officedocument.wordprocessingml.document'),(3765,'journals/1/articles/1417/submission/1417-1-4252-1-2-20200820.docx','application/vnd.openxmlformats-officedocument.wordprocessingml.document'),(3766,'journals/1/articles/1417/submission/1417-12-4253-1-2-20200820.docx','application/vnd.openxmlformats-officedocument.wordprocessingml.document'),(3767,'journals/1/articles/1333/submission/query/1333-12-4256-1-18-20200820.docx','application/vnd.openxmlformats-officedocument.wordprocessingml.document'),(3768,'journals/1/articles/1333/submission/review/revision/1333-1-4257-1-15-20200820.docx','application/vnd.openxmlformats-officedocument.wordprocessingml.document'),(3769,'journals/1/articles/1418/submission/1418-1-4258-1-2-20200820.docx','application/vnd.openxmlformats-officedocument.wordprocessingml.document'),(3770,'journals/1/articles/1418/submission/1418-12-4259-1-2-20200820.docx','application/vnd.openxmlformats-officedocument.wordprocessingml.document'),(3771,'journals/1/articles/1419/submission/1419-1-4262-1-2-20200821.docx','application/vnd.openxmlformats-officedocument.wordprocessingml.document'),(3772,'journals/1/articles/1419/submission/1419-1-4262-2-2-20200821.docx','application/vnd.openxmlformats-officedocument.wordprocessingml.document'),(3773,'journals/1/articles/1419/submission/1419-1-4262-3-2-20200821.docx','application/vnd.openxmlformats-officedocument.wordprocessingml.document'),(3774,'journals/1/articles/1421/submission/1421-1-4266-1-2-20200821.docx','application/vnd.openxmlformats-officedocument.wordprocessingml.document'),(3775,'journals/1/articles/1420/submission/1420-1-4267-1-2-20200821.docx','application/vnd.openxmlformats-officedocument.wordprocessingml.document'),(3776,'journals/1/articles/1421/submission/1421-12-4268-1-2-20200821.docx','application/vnd.openxmlformats-officedocument.wordprocessingml.document'),(3777,'journals/1/articles/1422/submission/1422-1-4269-1-2-20200821.docx','application/vnd.openxmlformats-officedocument.wordprocessingml.document'),(3778,'journals/1/articles/1423/submission/1423-1-4271-1-2-20200821.doc','application/msword'),(3779,'journals/1/articles/1335/submission/review/revision/1335-1-4272-1-15-20200823.doc','application/msword'),(3780,'journals/1/articles/1424/submission/1424-1-4275-1-2-20200824.docx','application/vnd.openxmlformats-officedocument.wordprocessingml.document'),(3781,'journals/1/articles/1424/submission/1424-12-4276-1-2-20200824.docx','application/vnd.openxmlformats-officedocument.wordprocessingml.document'),(3782,'journals/1/articles/1425/submission/1425-1-4278-1-2-20200826.docx','application/vnd.openxmlformats-officedocument.wordprocessingml.document'),(3783,'journals/1/articles/960/submission/review/revision/960-1-4279-1-15-20200827.docx','application/vnd.openxmlformats-officedocument.wordprocessingml.document'),(3784,'journals/1/articles/960/submission/review/revision/960-12-4280-1-15-20200827.docx','application/vnd.openxmlformats-officedocument.wordprocessingml.document'),(3785,'journals/1/articles/960/submission/review/960-1-4281-1-4-20200827.docx','application/vnd.openxmlformats-officedocument.wordprocessingml.document'),(3786,'journals/1/articles/960/submission/review/960-12-4282-1-4-20200827.docx','application/vnd.openxmlformats-officedocument.wordprocessingml.document'),(3787,'journals/1/articles/1416/submission/review/1416-1-4284-1-4-20200820.docx','application/vnd.openxmlformats-officedocument.wordprocessingml.document'),(3788,'journals/1/articles/1364/submission/review/1364-1-4285-1-4-20200703.docx','application/vnd.openxmlformats-officedocument.wordprocessingml.document'),(3789,'journals/1/articles/1354/submission/review/1354-1-4286-1-4-20200624.docx','application/vnd.openxmlformats-officedocument.wordprocessingml.document'),(3790,'journals/1/articles/1362/submission/review/1362-1-4287-1-4-20200630.docx','application/vnd.openxmlformats-officedocument.wordprocessingml.document'),(3791,'journals/1/articles/881/submission/review/attachment/881--4288-1-5-20200827.docx','application/vnd.openxmlformats-officedocument.wordprocessingml.document'),(3792,'journals/1/articles/1416/submission/review/1416-1-4289-1-4-20200820.docx','application/vnd.openxmlformats-officedocument.wordprocessingml.document'),(3793,'journals/1/articles/871/submission/final/871-1-4290-1-6-20200828.docx','application/vnd.openxmlformats-officedocument.wordprocessingml.document'),(3794,'journals/1/articles/871/submission/query/871-1-4291-1-18-20200828.docx','application/vnd.openxmlformats-officedocument.wordprocessingml.document'),(3795,'journals/1/articles/916/submission/final/916-1-4292-1-6-20200828.docx','application/vnd.openxmlformats-officedocument.wordprocessingml.document'),(3796,'journals/1/articles/916/submission/query/916-1-4293-1-18-20200828.docx','application/vnd.openxmlformats-officedocument.wordprocessingml.document'),(3797,'journals/1/articles/948/submission/query/948-1-4294-1-18-20200828.docx','application/vnd.openxmlformats-officedocument.wordprocessingml.document'),(3798,'journals/1/articles/992/submission/review/attachment/992--4295-1-5-20200829.docx','application/vnd.openxmlformats-officedocument.wordprocessingml.document'),(3799,'journals/1/articles/992/submission/review/attachment/992--4296-1-5-20200829.docx','application/vnd.openxmlformats-officedocument.wordprocessingml.document'),(3800,'journals/1/articles/964/submission/review/revision/964-1-4297-1-15-20200829.doc','application/msword'),(3801,'journals/1/articles/964/submission/review/964-1-4298-1-4-20200829.doc','application/msword'),(3802,'journals/1/articles/1117/submission/review/1117-1-4299-1-4-20200731.docx','application/vnd.openxmlformats-officedocument.wordprocessingml.document'),(3803,'journals/1/articles/1016/submission/final/1016-1-4301-1-6-20200829.docx','application/vnd.openxmlformats-officedocument.wordprocessingml.document'),(3804,'journals/1/articles/1016/submission/query/1016-1-4302-1-18-20200829.docx','application/vnd.openxmlformats-officedocument.wordprocessingml.document'),(3805,'journals/1/articles/1174/submission/productionReady/1174-1-4303-1-11-20200830.docx','application/vnd.openxmlformats-officedocument.wordprocessingml.document'),(3806,'journals/1/articles/1174/submission/query/1174-1-4304-1-18-20200830.docx','application/vnd.openxmlformats-officedocument.wordprocessingml.document'),(3807,'journals/1/articles/1213/submission/query/1213-1-4305-1-18-20200830.docx','application/vnd.openxmlformats-officedocument.wordprocessingml.document'),(3808,'journals/1/articles/1174/submission/query/1174-1-4306-1-18-20200830.docx','application/vnd.openxmlformats-officedocument.wordprocessingml.document'),(3809,'journals/1/articles/1416/submission/review/attachment/1416--4307-1-5-20200830.docx','application/vnd.openxmlformats-officedocument.wordprocessingml.document'),(3810,'journals/1/articles/1416/submission/review/attachment/1416--4308-1-5-20200830.docx','application/vnd.openxmlformats-officedocument.wordprocessingml.document'),(3811,'journals/1/articles/871/submission/query/871-1-4309-1-18-20200831.docx','application/vnd.openxmlformats-officedocument.wordprocessingml.document'),(3812,'journals/1/articles/1279/submission/review/revision/1279-1-4310-1-15-20200901.docx','application/vnd.openxmlformats-officedocument.wordprocessingml.document'),(3813,'journals/1/articles/1279/submission/review/revision/1279-1-4310-2-15-20201126.docx','application/vnd.openxmlformats-officedocument.wordprocessingml.document'),(3814,'journals/1/articles/1279/submission/review/revision/1279-1-4310-3-15-20201208.docx','application/vnd.openxmlformats-officedocument.wordprocessingml.document'),(3815,'journals/1/articles/1279/submission/review/revision/1279-12-4312-1-15-20200901.docx','application/vnd.openxmlformats-officedocument.wordprocessingml.document'),(3816,'journals/1/articles/1279/submission/review/revision/1279-12-4313-1-15-20200901.docx','application/vnd.openxmlformats-officedocument.wordprocessingml.document'),(3817,'journals/1/articles/1245/submission/final/1245-1-4314-1-6-20200901.docx','application/vnd.openxmlformats-officedocument.wordprocessingml.document'),(3818,'journals/1/articles/1245/submission/query/1245-1-4315-1-18-20200901.docx','application/vnd.openxmlformats-officedocument.wordprocessingml.document'),(3819,'journals/1/articles/1427/submission/1427-1-4317-1-2-20200901.docx','application/vnd.openxmlformats-officedocument.wordprocessingml.document'),(3820,'journals/1/articles/916/submission/query/916-1-4318-1-18-20200901.docx','application/vnd.openxmlformats-officedocument.wordprocessingml.document'),(3821,'journals/1/articles/1213/submission/query/1213-1-4319-1-18-20200902.docx','application/vnd.openxmlformats-officedocument.wordprocessingml.document'),(3822,'journals/1/articles/1245/submission/query/1245-1-4320-1-18-20200902.docx','application/vnd.openxmlformats-officedocument.wordprocessingml.document'),(3823,'journals/1/articles/1245/submission/query/1245-1-4321-1-18-20200902.docx','application/vnd.openxmlformats-officedocument.wordprocessingml.document'),(3824,'journals/1/articles/1429/submission/1429-3-4323-1-2-20200902.doc','application/msword'),(3825,'journals/1/articles/1430/submission/1430-4-4325-1-2-20200902.doc','application/msword'),(3826,'journals/1/articles/1431/submission/1431-12-4327-1-2-20200902.docx','application/vnd.openxmlformats-officedocument.wordprocessingml.document'),(3827,'journals/1/articles/1315/submission/productionReady/1315-1-4329-1-11-20200902.docx','application/vnd.openxmlformats-officedocument.wordprocessingml.document'),(3828,'journals/1/articles/1315/submission/query/1315-1-4330-1-18-20200902.docx','application/vnd.openxmlformats-officedocument.wordprocessingml.document'),(3829,'journals/1/articles/1431/submission/1431-1-4332-1-2-20200902.docx','application/vnd.openxmlformats-officedocument.wordprocessingml.document'),(3830,'journals/1/articles/1333/submission/final/1333-1-4334-1-6-20200902.docx','application/vnd.openxmlformats-officedocument.wordprocessingml.document'),(3831,'journals/1/articles/1333/submission/query/1333-1-4335-1-18-20200902.docx','application/vnd.openxmlformats-officedocument.wordprocessingml.document'),(3832,'journals/1/articles/1394/submission/review/1394-1-4336-1-4-20200728.docx','application/vnd.openxmlformats-officedocument.wordprocessingml.document'),(3833,'journals/1/articles/1432/submission/1432-1-4338-1-2-20200903.docx','application/vnd.openxmlformats-officedocument.wordprocessingml.document'),(3834,'journals/1/articles/1433/submission/1433-1-4339-1-2-20200904.docx','application/vnd.openxmlformats-officedocument.wordprocessingml.document'),(3835,'journals/1/articles/1315/submission/query/1315-1-4340-1-18-20200904.docx','application/vnd.openxmlformats-officedocument.wordprocessingml.document'),(3836,'journals/1/articles/1315/submission/query/1315-1-4340-2-18-20200904.docx','application/vnd.openxmlformats-officedocument.wordprocessingml.document'),(3837,'journals/1/articles/1328/submission/review/revision/1328-1-4342-1-15-20200904.doc','application/msword'),(3838,'journals/1/articles/1333/submission/query/1333-1-4343-1-18-20200905.docx','application/vnd.openxmlformats-officedocument.wordprocessingml.document'),(3839,'journals/1/articles/1333/submission/query/1333-1-4344-1-18-20200905.docx','application/vnd.openxmlformats-officedocument.wordprocessingml.document'),(3840,'journals/1/articles/1333/submission/proof/1333-1-4345-1-10-20200905.pdf','application/pdf'),(3841,'journals/1/articles/1315/submission/proof/1315-1-4346-1-10-20200905.pdf','application/pdf'),(3842,'journals/1/articles/871/submission/query/871-1-4347-1-18-20200905.docx','application/vnd.openxmlformats-officedocument.wordprocessingml.document'),(3843,'journals/1/articles/871/submission/productionReady/871-1-4348-1-11-20200828.docx','application/vnd.openxmlformats-officedocument.wordprocessingml.document'),(3844,'journals/1/articles/871/submission/proof/871-1-4349-1-10-20200905.pdf','application/pdf'),(3845,'journals/1/articles/1174/submission/proof/1174-1-4350-1-10-20200905.pdf','application/pdf'),(3846,'journals/1/articles/916/submission/proof/916-1-4352-1-10-20200905.pdf','application/pdf'),(3847,'journals/1/articles/916/submission/productionReady/916-1-4353-1-11-20200828.docx','application/vnd.openxmlformats-officedocument.wordprocessingml.document'),(3848,'journals/1/articles/1001/submission/final/1001-1-4354-1-6-20190828.docx','application/vnd.openxmlformats-officedocument.wordprocessingml.document'),(3849,'journals/1/articles/1001/submission/final/1001-12-4355-1-6-20190828.docx','application/vnd.openxmlformats-officedocument.wordprocessingml.document'),(3850,'journals/1/articles/1001/submission/productionReady/1001-1-4356-1-11-20200906.docx','application/vnd.openxmlformats-officedocument.wordprocessingml.document'),(3851,'journals/1/articles/1001/submission/query/1001-1-4357-1-18-20200906.docx','application/vnd.openxmlformats-officedocument.wordprocessingml.document'),(3852,'journals/1/articles/1004/submission/query/1004-1-4358-1-18-20200906.docx','application/vnd.openxmlformats-officedocument.wordprocessingml.document'),(3853,'journals/1/articles/882/submission/review/revision/882-1-4365-1-15-20200906.docx','application/vnd.openxmlformats-officedocument.wordprocessingml.document'),(3854,'journals/1/articles/882/submission/query/882-12-4366-1-18-20200906.pdf','application/pdf'),(3855,'journals/1/articles/882/submission/query/882-12-4368-1-18-20200906.pdf','application/pdf'),(3856,'journals/1/articles/882/submission/query/882-1-4369-1-18-20200906.docx','application/vnd.openxmlformats-officedocument.wordprocessingml.document'),(3857,'journals/1/articles/992/submission/review/revision/992-1-4370-1-15-20200906.docx','application/vnd.openxmlformats-officedocument.wordprocessingml.document'),(3858,'journals/1/articles/992/submission/review/revision/992-12-4371-1-15-20200906.docx','application/vnd.openxmlformats-officedocument.wordprocessingml.document'),(3859,'journals/1/articles/948/submission/query/948-1-4372-1-18-20200907.docx','application/vnd.openxmlformats-officedocument.wordprocessingml.document'),(3860,'journals/1/articles/1335/submission/final/1335-1-4373-1-6-20200907.docx','application/vnd.openxmlformats-officedocument.wordprocessingml.document'),(3861,'journals/1/articles/1335/submission/query/1335-1-4374-1-18-20200907.docx','application/vnd.openxmlformats-officedocument.wordprocessingml.document'),(3862,'journals/1/articles/948/submission/query/948-1-4375-1-18-20200907.docx','application/vnd.openxmlformats-officedocument.wordprocessingml.document'),(3863,'journals/1/articles/1434/submission/1434-1-4376-1-2-20200908.docx','application/vnd.openxmlformats-officedocument.wordprocessingml.document'),(3864,'journals/1/articles/1001/submission/query/1001-1-4377-1-18-20200908.docx','application/vnd.openxmlformats-officedocument.wordprocessingml.document'),(3865,'journals/1/articles/1279/submission/review/revision/1279-12-4378-1-15-20200909.docx','application/vnd.openxmlformats-officedocument.wordprocessingml.document'),(3866,'journals/1/articles/1435/submission/1435-1-4379-1-2-20200909.docx','application/vnd.openxmlformats-officedocument.wordprocessingml.document'),(3867,'journals/1/articles/1435/submission/1435-12-4380-1-2-20200909.docx','application/vnd.openxmlformats-officedocument.wordprocessingml.document'),(3868,'journals/1/articles/1335/submission/query/1335-12-4381-1-18-20200909.docx','application/vnd.openxmlformats-officedocument.wordprocessingml.document'),(3869,'journals/1/articles/1335/submission/proof/1335-1-4382-1-10-20200910.pdf','application/pdf'),(3870,'journals/1/articles/948/submission/final/948-1-4383-1-6-20200910.docx','application/vnd.openxmlformats-officedocument.wordprocessingml.document'),(3871,'journals/1/articles/948/submission/query/948-1-4384-1-18-20200910.docx','application/vnd.openxmlformats-officedocument.wordprocessingml.document'),(3872,'journals/1/articles/1436/submission/1436-1-4385-1-2-20200911.docx','application/vnd.openxmlformats-officedocument.wordprocessingml.document'),(3873,'journals/1/articles/1436/submission/1436-1-4385-2-2-20200911.docx','application/vnd.openxmlformats-officedocument.wordprocessingml.document'),(3874,'journals/1/articles/1436/submission/1436-1-4385-3-2-20200911.docx','application/vnd.openxmlformats-officedocument.wordprocessingml.document'),(3875,'journals/1/articles/1437/submission/1437-1-4387-1-2-20200912.docx','application/vnd.openxmlformats-officedocument.wordprocessingml.document'),(3876,'journals/1/articles/1437/submission/1437-1-4387-2-2-20200912.docx','application/vnd.openxmlformats-officedocument.wordprocessingml.document'),(3877,'journals/1/articles/1213/submission/proof/1213-1-4388-1-10-20200913.pdf','application/pdf'),(3878,'journals/1/articles/1001/submission/proof/1001-1-4389-1-10-20200913.pdf','application/pdf'),(3879,'journals/1/articles/1001/submission/proof/1001-1-4389-2-10-20200913.pdf','application/pdf'),(3880,'journals/1/articles/1016/submission/proof/1016-1-4390-1-10-20200913.pdf','application/pdf'),(3881,'journals/1/articles/1016/submission/proof/1016-1-4390-2-10-20200913.pdf','application/pdf'),(3882,'journals/1/articles/1245/submission/proof/1245-1-4391-1-10-20200913.pdf','application/pdf'),(3883,'journals/1/articles/1245/submission/proof/1245-1-4391-2-10-20200913.pdf','application/pdf'),(3884,'journals/1/articles/948/submission/query/948-1-4395-1-18-20200914.docx','application/vnd.openxmlformats-officedocument.wordprocessingml.document'),(3885,'journals/1/articles/948/submission/query/948-1-4396-1-18-20200914.docx','application/vnd.openxmlformats-officedocument.wordprocessingml.document'),(3886,'journals/1/articles/1320/submission/review/attachment/1320--4397-1-5-20200914.docx','application/vnd.openxmlformats-officedocument.wordprocessingml.document'),(3887,'journals/1/articles/948/submission/proof/948-1-4398-1-10-20200914.pdf','application/pdf'),(3888,'journals/1/articles/948/submission/proof/948-1-4398-2-10-20200925.pdf','application/pdf'),(3889,'journals/1/articles/948/submission/proof/948-1-4398-3-10-20200925.pdf','application/pdf'),(3890,'journals/1/articles/1004/submission/proof/1004-1-4399-1-10-20200914.pdf','application/pdf'),(3891,'journals/1/articles/1004/submission/proof/1004-1-4399-2-10-20201124.pdf','application/pdf'),(3892,'journals/1/articles/1421/submission/review/1421-1-4401-1-4-20200821.docx','application/vnd.openxmlformats-officedocument.wordprocessingml.document'),(3893,'journals/1/articles/1437/submission/review/1437-1-4402-1-4-20200912.docx','application/vnd.openxmlformats-officedocument.wordprocessingml.document'),(3894,'journals/1/articles/1439/submission/1439-1-4403-1-2-20200916.docx','application/vnd.openxmlformats-officedocument.wordprocessingml.document'),(3895,'journals/1/articles/1440/submission/1440-1-4404-1-2-20200917.docx','application/octet-stream'),(3896,'journals/1/articles/1440/submission/1440-1-4404-2-2-20200917.docx','application/octet-stream'),(3897,'journals/1/articles/1440/submission/1440-1-4404-3-2-20200917.docx','application/octet-stream'),(3898,'journals/1/articles/1441/submission/1441-1-4406-1-2-20200918.docx','application/vnd.openxmlformats-officedocument.wordprocessingml.document'),(3899,'journals/1/articles/1442/submission/1442-1-4407-1-2-20200918.docx','application/vnd.openxmlformats-officedocument.wordprocessingml.document'),(3900,'journals/1/articles/1443/submission/1443-1-4408-1-2-20200920.doc','application/msword'),(3901,'journals/1/articles/1378/submission/review/1378-1-4409-1-4-20200715.docx','application/vnd.openxmlformats-officedocument.wordprocessingml.document'),(3902,'journals/1/articles/1444/submission/1444-1-4411-1-2-20200921.docx','application/vnd.openxmlformats-officedocument.wordprocessingml.document'),(3903,'journals/1/articles/1444/submission/1444-12-4412-1-2-20200921.docx','application/vnd.openxmlformats-officedocument.wordprocessingml.document'),(3904,'journals/1/articles/1444/submission/review/1444-1-4413-1-4-20200921.docx','application/vnd.openxmlformats-officedocument.wordprocessingml.document'),(3905,'journals/1/articles/1439/submission/1439-1-4414-1-2-20200922.docx','application/vnd.openxmlformats-officedocument.wordprocessingml.document'),(3906,'journals/1/articles/1439/submission/review/1439-1-4415-1-4-20200922.docx','application/vnd.openxmlformats-officedocument.wordprocessingml.document'),(3907,'journals/1/articles/1443/submission/review/1443-1-4416-1-4-20200920.doc','application/msword'),(3908,'journals/1/articles/1446/submission/1446-1-4417-1-2-20200923.docx','application/vnd.openxmlformats-officedocument.wordprocessingml.document'),(3909,'journals/1/articles/1446/submission/1446-1-4417-2-2-20200923.docx','application/vnd.openxmlformats-officedocument.wordprocessingml.document'),(3910,'journals/1/articles/1446/submission/1446-12-4418-1-2-20200923.docx','application/vnd.openxmlformats-officedocument.wordprocessingml.document'),(3911,'journals/1/articles/1030/submission/review/1030-1-4419-1-4-20200723.docx','application/vnd.openxmlformats-officedocument.wordprocessingml.document'),(3912,'journals/1/articles/1030/submission/review/1030-12-4420-1-4-20200723.docx','application/vnd.openxmlformats-officedocument.wordprocessingml.document'),(3913,'journals/1/articles/1445/submission/1445-1-4423-1-2-20200925.doc','application/msword'),(3914,'journals/1/articles/1445/submission/1445-1-4423-2-2-20200925.doc','application/msword'),(3915,'journals/1/articles/1445/submission/1445-1-4425-1-2-20200925.doc','application/msword'),(3916,'journals/1/articles/1447/submission/1447-1-4426-1-2-20200925.doc','application/msword'),(3917,'journals/1/articles/1447/submission/1447-1-4426-2-2-20200925.doc','application/msword'),(3918,'journals/1/articles/1223/submission/1223-1-4427-1-2-20200925.docx','application/vnd.openxmlformats-officedocument.wordprocessingml.document'),(3919,'journals/1/articles/1223/submission/1223-1-4427-2-2-20200925.docx','application/vnd.openxmlformats-officedocument.wordprocessingml.document'),(3920,'journals/1/articles/1223/submission/review/1223-1-4429-1-4-20200925.docx','application/vnd.openxmlformats-officedocument.wordprocessingml.document'),(3921,'journals/1/articles/1227/submission/review/1227-1-4431-1-4-20191111.docx','application/vnd.openxmlformats-officedocument.wordprocessingml.document'),(3922,'journals/1/articles/1227/submission/review/1227-1-4433-1-4-20200925.pdf','application/pdf'),(3923,'journals/1/articles/1227/submission/review/1227-12-4434-1-4-20200925.pdf','application/pdf'),(3924,'journals/1/articles/1227/submission/review/1227-12-4435-1-4-20200925.pdf','application/pdf'),(3925,'journals/1/articles/1046/submission/review/attachment/1046--4436-1-5-20200925.docx','application/vnd.openxmlformats-officedocument.wordprocessingml.document'),(3926,'journals/1/articles/1449/submission/1449-1-4437-1-2-20200928.docx','application/vnd.openxmlformats-officedocument.wordprocessingml.document'),(3927,'journals/1/articles/1450/submission/1450-1-4438-1-2-20200928.doc','application/msword'),(3928,'journals/1/articles/1450/submission/1450-1-4438-2-2-20200928.doc','application/msword'),(3929,'journals/1/articles/1394/submission/review/attachment/1394--4440-1-5-20200928.pdf','application/pdf'),(3930,'journals/1/articles/1451/submission/1451-1-4441-1-2-20200929.docx','application/vnd.openxmlformats-officedocument.wordprocessingml.document'),(3931,'journals/1/articles/1248/submission/review/revision/1248-1-4442-1-15-20200929.docx','application/vnd.openxmlformats-officedocument.wordprocessingml.document'),(3932,'journals/1/articles/1248/submission/review/revision/1248-12-4443-1-15-20200929.docx','application/vnd.openxmlformats-officedocument.wordprocessingml.document'),(3933,'journals/1/articles/1248/submission/query/1248-12-4444-1-18-20200929.docx','application/vnd.openxmlformats-officedocument.wordprocessingml.document'),(3934,'journals/1/articles/1171/submission/review/1171-1-4445-1-4-20200929.docx','application/vnd.openxmlformats-officedocument.wordprocessingml.document'),(3935,'journals/1/articles/930/submission/review/revision/930-12-4449-1-15-20200930.docx','application/vnd.openxmlformats-officedocument.wordprocessingml.document'),(3936,'journals/1/articles/930/submission/review/revision/930-12-4449-2-15-20200930.docx','application/vnd.openxmlformats-officedocument.wordprocessingml.document'),(3937,'journals/1/articles/930/submission/review/revision/930-12-4449-3-15-20200930.docx','application/vnd.openxmlformats-officedocument.wordprocessingml.document'),(3938,'journals/1/articles/930/submission/query/930-1-4453-1-18-20200930.docx','application/vnd.openxmlformats-officedocument.wordprocessingml.document'),(3939,'journals/1/articles/930/submission/query/930-12-4456-1-18-20200930.docx','application/vnd.openxmlformats-officedocument.wordprocessingml.document'),(3940,'journals/1/articles/930/submission/query/930-12-4457-1-18-20200930.docx','application/vnd.openxmlformats-officedocument.wordprocessingml.document'),(3941,'journals/1/articles/930/submission/query/930-1-4458-1-18-20200930.docx','application/vnd.openxmlformats-officedocument.wordprocessingml.document'),(3942,'journals/1/articles/930/submission/query/930-12-4459-1-18-20200930.docx','application/vnd.openxmlformats-officedocument.wordprocessingml.document'),(3943,'journals/1/articles/930/submission/review/revision/930-1-4460-1-15-20200930.docx','application/vnd.openxmlformats-officedocument.wordprocessingml.document'),(3944,'journals/1/articles/930/submission/review/revision/930-12-4461-1-15-20200930.docx','application/vnd.openxmlformats-officedocument.wordprocessingml.document'),(3945,'journals/1/articles/930/submission/review/revision/930-12-4462-1-15-20200930.docx','application/vnd.openxmlformats-officedocument.wordprocessingml.document'),(3946,'journals/1/articles/1453/submission/1453-1-4464-1-2-20200930.docx','application/vnd.openxmlformats-officedocument.wordprocessingml.document'),(3947,'journals/1/articles/1453/submission/1453-1-4464-2-2-20200930.docx','application/vnd.openxmlformats-officedocument.wordprocessingml.document'),(3948,'journals/1/articles/1452/submission/1452-1-4467-1-2-20200930.doc','application/msword'),(3949,'journals/1/articles/1452/submission/1452-12-4468-1-2-20200930.docx','application/vnd.openxmlformats-officedocument.wordprocessingml.document'),(3950,'journals/1/articles/1108/submission/review/1108-1-4469-1-4-20190311.docx','application/vnd.openxmlformats-officedocument.wordprocessingml.document'),(3951,'journals/1/articles/1455/submission/1455-1-4473-1-2-20201003.docx','application/vnd.openxmlformats-officedocument.wordprocessingml.document'),(3952,'journals/1/articles/1431/submission/review/1431-1-4474-1-4-20200902.docx','application/vnd.openxmlformats-officedocument.wordprocessingml.document'),(3953,'journals/1/articles/1449/submission/review/1449-1-4475-1-4-20200928.docx','application/vnd.openxmlformats-officedocument.wordprocessingml.document'),(3954,'journals/1/articles/1457/submission/1457-1-4476-1-2-20201005.docx','application/vnd.openxmlformats-officedocument.wordprocessingml.document'),(3955,'journals/1/articles/1458/submission/1458-1-4477-1-2-20201008.docx','application/vnd.openxmlformats-officedocument.wordprocessingml.document'),(3956,'journals/1/articles/1395/submission/review/1395-1-4478-1-4-20200801.docx','application/vnd.openxmlformats-officedocument.wordprocessingml.document'),(3957,'journals/1/articles/1228/submission/review/1228-1-4479-1-4-20191119.docx','application/vnd.openxmlformats-officedocument.wordprocessingml.document'),(3958,'journals/1/articles/1459/submission/1459-1-4480-1-2-20201009.docx','application/vnd.openxmlformats-officedocument.wordprocessingml.document'),(3959,'journals/1/articles/1460/submission/1460-1-4486-1-2-20201012.docx','application/vnd.openxmlformats-officedocument.wordprocessingml.document'),(3960,'journals/1/articles/1460/submission/1460-12-4487-1-2-20201012.pdf','application/pdf'),(3961,'journals/1/articles/1460/submission/1460-12-4488-1-2-20201012.docx','application/vnd.openxmlformats-officedocument.wordprocessingml.document'),(3962,'journals/1/articles/1460/submission/1460-12-4489-1-2-20201012.docx','application/vnd.openxmlformats-officedocument.wordprocessingml.document'),(3963,'journals/1/articles/1461/submission/1461-1-4490-1-2-20201014.doc','application/msword'),(3964,'journals/1/articles/863/submission/review/revision/863-1-4491-1-15-20201016.docx','application/vnd.openxmlformats-officedocument.wordprocessingml.document'),(3965,'journals/1/articles/863/submission/review/revision/863-1-4491-2-15-20201016.docx','application/vnd.openxmlformats-officedocument.wordprocessingml.document'),(3966,'journals/1/articles/863/submission/review/revision/863-12-4492-1-15-20201016.docx','application/vnd.openxmlformats-officedocument.wordprocessingml.document'),(3967,'journals/1/articles/863/submission/review/revision/863-12-4492-2-15-20201016.docx','application/vnd.openxmlformats-officedocument.wordprocessingml.document'),(3968,'journals/1/articles/1462/submission/1462-1-4495-1-2-20201019.docx','application/vnd.openxmlformats-officedocument.wordprocessingml.document'),(3969,'journals/1/articles/1463/submission/1463-1-4496-1-2-20201019.docx','application/vnd.openxmlformats-officedocument.wordprocessingml.document'),(3970,'journals/1/articles/1444/submission/review/attachment/1444--4497-1-5-20201020.docx','application/vnd.openxmlformats-officedocument.wordprocessingml.document'),(3971,'journals/1/articles/1464/submission/1464-12-4498-1-2-20201021.png','image/png'),(3972,'journals/1/articles/1464/submission/1464-12-4498-2-2-20201021.png','image/png'),(3973,'journals/1/articles/1464/submission/1464-12-4499-1-2-20201021.png','image/png'),(3974,'journals/1/articles/1464/submission/1464-12-4500-1-2-20201021.png','image/png'),(3975,'journals/1/articles/1464/submission/1464-12-4501-1-2-20201021.docx','application/vnd.openxmlformats-officedocument.wordprocessingml.document'),(3976,'journals/1/articles/1464/submission/1464-1-4502-1-2-20201021.docx','application/vnd.openxmlformats-officedocument.wordprocessingml.document'),(3977,'journals/1/articles/1464/submission/1464-1-4502-2-2-20201021.docx','application/vnd.openxmlformats-officedocument.wordprocessingml.document'),(3978,'journals/1/articles/1276/submission/review/1276-1-4503-1-4-20200407.docx','application/vnd.openxmlformats-officedocument.wordprocessingml.document'),(3979,'journals/1/articles/1465/submission/1465-1-4504-1-2-20201023.docx','application/vnd.openxmlformats-officedocument.wordprocessingml.document'),(3980,'journals/1/articles/863/submission/review/revision/863-1-4505-1-15-20201026.docx','application/vnd.openxmlformats-officedocument.wordprocessingml.document'),(3981,'journals/1/articles/863/submission/review/revision/863-1-4506-1-15-20201026.docx','application/vnd.openxmlformats-officedocument.wordprocessingml.document'),(3982,'journals/1/articles/863/submission/final/863-1-4507-1-6-20201026.docx','application/vnd.openxmlformats-officedocument.wordprocessingml.document'),(3983,'journals/1/articles/863/submission/productionReady/863-1-4508-1-11-20201026.docx','application/vnd.openxmlformats-officedocument.wordprocessingml.document'),(3984,'journals/1/articles/1467/submission/1467-1-4509-1-2-20201026.docx','application/vnd.openxmlformats-officedocument.wordprocessingml.document'),(3985,'journals/1/articles/1469/submission/1469-1-4512-1-2-20201027.doc','application/msword'),(3986,'journals/1/articles/1470/submission/1470-1-4515-1-2-20201027.doc','application/msword'),(3987,'journals/1/articles/1471/submission/1471-1-4517-1-2-20201028.docx','application/vnd.openxmlformats-officedocument.wordprocessingml.document'),(3988,'journals/1/articles/1472/submission/1472-1-4518-1-2-20201028.docx','application/vnd.openxmlformats-officedocument.wordprocessingml.document'),(3989,'journals/1/articles/1363/submission/review/1363-1-4519-1-4-20200702.docx','application/vnd.openxmlformats-officedocument.wordprocessingml.document'),(3990,'journals/1/articles/1350/submission/review/1350-1-4520-1-4-20200620.docx','application/vnd.openxmlformats-officedocument.wordprocessingml.document'),(3991,'journals/1/articles/1350/submission/review/1350-12-4521-1-4-20200620.docx','application/vnd.openxmlformats-officedocument.wordprocessingml.document'),(3992,'journals/1/articles/1450/submission/final/1450-1-4522-1-6-20200928.doc','application/msword'),(3993,'journals/1/articles/1395/submission/review/attachment/1395--4523-1-5-20201030.docx','application/vnd.openxmlformats-officedocument.wordprocessingml.document'),(3994,'journals/1/articles/1228/submission/review/attachment/1228--4524-1-5-20201030.docx','application/vnd.openxmlformats-officedocument.wordprocessingml.document'),(3995,'journals/1/articles/1473/submission/1473-1-4525-1-2-20201031.docx','application/vnd.openxmlformats-officedocument.wordprocessingml.document'),(3996,'journals/1/articles/1473/submission/1473-12-4526-1-2-20201031.pdf','application/pdf'),(3997,'journals/1/articles/1473/submission/1473-12-4526-2-2-20201031.pdf','application/pdf'),(3998,'journals/1/articles/1475/submission/1475-1-4530-1-2-20201103.docx','application/vnd.openxmlformats-officedocument.wordprocessingml.document'),(3999,'journals/1/articles/961/submission/review/961-1-4531-1-4-20200621.docx','application/vnd.openxmlformats-officedocument.wordprocessingml.document'),(4000,'journals/1/articles/1476/submission/1476-1-4532-1-2-20201104.docx','application/vnd.openxmlformats-officedocument.wordprocessingml.document'),(4001,'journals/1/articles/1476/submission/1476-12-4533-1-2-20201104.docx','application/vnd.openxmlformats-officedocument.wordprocessingml.document'),(4002,'journals/1/articles/1477/submission/1477-1-4534-1-2-20201107.docx','application/vnd.openxmlformats-officedocument.wordprocessingml.document'),(4003,'journals/1/articles/1477/submission/1477-12-4535-1-2-20201107.doc','application/msword'),(4004,'journals/1/articles/1478/submission/1478-1-4536-1-2-20201109.docx','application/vnd.openxmlformats-officedocument.wordprocessingml.document'),(4005,'journals/1/articles/1480/submission/1480-1-4540-1-2-20201109.docx','application/vnd.openxmlformats-officedocument.wordprocessingml.document'),(4006,'journals/1/articles/1481/submission/1481-1-4541-1-2-20201110.docx','application/vnd.openxmlformats-officedocument.wordprocessingml.document'),(4007,'journals/1/articles/1481/submission/1481-1-4541-2-2-20201110.docx','application/vnd.openxmlformats-officedocument.wordprocessingml.document'),(4008,'journals/1/articles/1481/submission/1481-1-4541-3-2-20201110.docx','application/vnd.openxmlformats-officedocument.wordprocessingml.document'),(4009,'journals/1/articles/1482/submission/1482-1-4544-1-2-20201112.docx','application/vnd.openxmlformats-officedocument.wordprocessingml.document'),(4010,'journals/1/articles/1483/submission/1483-1-4545-1-2-20201113.docx','application/vnd.openxmlformats-officedocument.wordprocessingml.document'),(4011,'journals/1/articles/1421/submission/review/attachment/1421--4546-1-5-20201114.docx','application/vnd.openxmlformats-officedocument.wordprocessingml.document'),(4012,'journals/1/articles/1484/submission/1484-1-4548-1-2-20201114.docx','application/vnd.openxmlformats-officedocument.wordprocessingml.document'),(4013,'journals/1/articles/1485/submission/1485-1-4549-1-2-20201115.docx','application/vnd.openxmlformats-officedocument.wordprocessingml.document'),(4014,'journals/1/articles/1485/submission/1485-12-4550-1-2-20201115.docx','application/vnd.openxmlformats-officedocument.wordprocessingml.document'),(4015,'journals/1/articles/1485/submission/1485-12-4551-1-2-20201115.doc','application/msword'),(4016,'journals/1/articles/1458/submission/review/1458-1-4552-1-4-20201008.docx','application/vnd.openxmlformats-officedocument.wordprocessingml.document'),(4017,'journals/1/articles/1486/submission/1486-12-4553-1-2-20201116.docx','application/vnd.openxmlformats-officedocument.wordprocessingml.document'),(4018,'journals/1/articles/1486/submission/1486-1-4554-1-2-20201116.docx','application/vnd.openxmlformats-officedocument.wordprocessingml.document'),(4019,'journals/1/articles/1487/submission/1487-1-4555-1-2-20201116.docx','application/vnd.openxmlformats-officedocument.wordprocessingml.document'),(4020,'journals/1/articles/1487/submission/1487-7-4556-1-2-20201116.sav','application/octet-stream'),(4021,'journals/1/articles/1487/submission/1487-12-4557-1-2-20201116.docx','application/vnd.openxmlformats-officedocument.wordprocessingml.document'),(4022,'journals/1/articles/1488/submission/1488-1-4560-1-2-20201117.docx','application/vnd.openxmlformats-officedocument.wordprocessingml.document'),(4023,'journals/1/articles/1489/submission/1489-1-4561-1-2-20201117.docx','application/vnd.openxmlformats-officedocument.wordprocessingml.document'),(4024,'journals/1/articles/1488/submission/query/1488-1-4562-1-18-20201117.docx','application/vnd.openxmlformats-officedocument.wordprocessingml.document'),(4025,'journals/1/articles/1490/submission/1490-1-4563-1-2-20201117.docx','application/vnd.openxmlformats-officedocument.wordprocessingml.document'),(4026,'journals/1/articles/1154/submission/review/revision/1154-1-4565-1-15-20201117.doc','application/msword'),(4027,'journals/1/articles/1154/submission/review/revision/1154-12-4566-1-15-20201117.docx','application/vnd.openxmlformats-officedocument.wordprocessingml.document'),(4028,'journals/1/articles/1154/submission/review/revision/1154-12-4566-2-15-20201117.docx','application/vnd.openxmlformats-officedocument.wordprocessingml.document'),(4029,'journals/1/articles/1154/submission/review/revision/1154-12-4568-1-15-20201117.docx','application/vnd.openxmlformats-officedocument.wordprocessingml.document'),(4030,'journals/1/articles/1312/submission/review/attachment/1312--4569-1-5-20201118.doc','application/msword'),(4031,'journals/1/articles/1491/submission/1491-1-4572-1-2-20201119.docx','application/vnd.openxmlformats-officedocument.wordprocessingml.document'),(4032,'journals/1/articles/1493/submission/1493-1-4573-1-2-20201119.docx','application/vnd.openxmlformats-officedocument.wordprocessingml.document'),(4033,'journals/1/articles/1493/submission/1493-1-4573-2-2-20201119.docx','application/vnd.openxmlformats-officedocument.wordprocessingml.document'),(4034,'journals/1/articles/1493/submission/1493-12-4574-1-2-20201119.pdf','application/pdf'),(4035,'journals/1/articles/1493/submission/query/1493-12-4575-1-18-20201119.docx','application/vnd.openxmlformats-officedocument.wordprocessingml.document'),(4036,'journals/1/articles/1493/submission/query/1493-12-4576-1-18-20201119.pdf','application/pdf'),(4037,'journals/1/articles/1493/submission/query/1493-12-4577-1-18-20201119.docx','application/vnd.openxmlformats-officedocument.wordprocessingml.document'),(4038,'journals/1/articles/1493/submission/query/1493-12-4578-1-18-20201119.pdf','application/pdf'),(4039,'journals/1/articles/1494/submission/1494-1-4579-1-2-20201119.docx','application/vnd.openxmlformats-officedocument.wordprocessingml.document'),(4040,'journals/1/articles/1495/submission/1495-1-4580-1-2-20201119.docx','application/vnd.openxmlformats-officedocument.wordprocessingml.document'),(4041,'journals/1/articles/1495/submission/1495-12-4581-1-2-20201119.docx','application/vnd.openxmlformats-officedocument.wordprocessingml.document'),(4042,'journals/1/articles/1497/submission/1497-1-4582-1-2-20201120.docx','application/vnd.openxmlformats-officedocument.wordprocessingml.document'),(4043,'journals/1/articles/1496/submission/1496-1-4583-1-2-20201120.docx','application/vnd.openxmlformats-officedocument.wordprocessingml.document'),(4044,'journals/1/articles/1498/submission/1498-1-4584-1-2-20201120.docx','application/vnd.openxmlformats-officedocument.wordprocessingml.document'),(4045,'journals/1/articles/1493/submission/query/1493-1-4586-1-18-20201121.docx','application/vnd.openxmlformats-officedocument.wordprocessingml.document'),(4046,'journals/1/articles/1493/submission/query/1493-12-4587-1-18-20201121.docx','application/vnd.openxmlformats-officedocument.wordprocessingml.document'),(4047,'journals/1/articles/1351/submission/query/1351-1-4588-1-18-20201121.docx','application/vnd.openxmlformats-officedocument.wordprocessingml.document'),(4048,'journals/1/articles/1465/submission/review/1465-1-4590-1-4-20201023.docx','application/vnd.openxmlformats-officedocument.wordprocessingml.document'),(4049,'journals/1/articles/882/submission/review/882-1-4591-1-4-20201123.docx','application/vnd.openxmlformats-officedocument.wordprocessingml.document'),(4050,'journals/1/articles/1279/submission/review/revision/1279-12-4594-1-15-20201126.docx','application/vnd.openxmlformats-officedocument.wordprocessingml.document'),(4051,'journals/1/articles/1279/submission/review/revision/1279-12-4594-2-15-20201208.docx','application/vnd.openxmlformats-officedocument.wordprocessingml.document'),(4052,'journals/1/articles/1501/submission/1501-1-4595-1-2-20201126.docx','application/vnd.openxmlformats-officedocument.wordprocessingml.document'),(4053,'journals/1/articles/1502/submission/1502-1-4598-1-2-20201126.docx','application/vnd.openxmlformats-officedocument.wordprocessingml.document'),(4054,'journals/1/articles/1492/submission/1492-4-4601-1-2-20201127.docx','application/vnd.openxmlformats-officedocument.wordprocessingml.document'),(4055,'journals/1/articles/1492/submission/1492-4-4601-2-2-20201127.docx','application/vnd.openxmlformats-officedocument.wordprocessingml.document'),(4056,'journals/1/articles/1492/submission/1492-4-4601-3-2-20201127.docx','application/vnd.openxmlformats-officedocument.wordprocessingml.document'),(4057,'journals/1/articles/1444/submission/review/revision/1444-1-4602-1-15-20201130.docx','application/vnd.openxmlformats-officedocument.wordprocessingml.document'),(4058,'journals/1/articles/1444/submission/review/revision/1444-12-4606-1-15-20201130.docx','application/vnd.openxmlformats-officedocument.wordprocessingml.document'),(4059,'journals/1/articles/1037/submission/final/1037-1-4608-1-6-20201201.docx','application/octet-stream'),(4060,'journals/1/articles/1037/submission/productionReady/1037-1-4609-1-11-20201201.docx','application/octet-stream'),(4061,'journals/1/articles/1504/submission/1504-1-4610-1-2-20201203.docx','application/vnd.openxmlformats-officedocument.wordprocessingml.document'),(4062,'journals/1/articles/1504/submission/1504-1-4610-2-2-20201203.xlsx','application/vnd.openxmlformats-officedocument.spreadsheetml.sheet'),(4063,'journals/1/articles/1504/submission/1504-1-4610-3-2-20201204.docx','application/vnd.openxmlformats-officedocument.wordprocessingml.document'),(4064,'journals/1/articles/1397/submission/review/1397-1-4612-1-4-20200802.docx','application/vnd.openxmlformats-officedocument.wordprocessingml.document'),(4065,'journals/1/articles/1279/submission/review/revision/1279-12-4613-1-15-20201208.docx','application/vnd.openxmlformats-officedocument.wordprocessingml.document'),(4066,'journals/1/articles/1279/submission/review/revision/1279-12-4615-1-15-20201208.docx','application/vnd.openxmlformats-officedocument.wordprocessingml.document'),(4067,'journals/1/articles/1279/submission/final/1279-12-4616-1-6-20200901.docx','application/vnd.openxmlformats-officedocument.wordprocessingml.document'),(4068,'journals/1/articles/1279/submission/final/1279-12-4617-1-6-20201208.docx','application/vnd.openxmlformats-officedocument.wordprocessingml.document'),(4069,'journals/1/articles/1431/submission/review/revision/1431-1-4618-1-15-20201209.docx','application/vnd.openxmlformats-officedocument.wordprocessingml.document'),(4070,'journals/1/articles/1505/submission/1505-4-4623-1-2-20201210.docx','application/vnd.openxmlformats-officedocument.wordprocessingml.document'),(4071,'journals/1/articles/1505/submission/1505-12-4627-1-2-20201210.docx','application/octet-stream'),(4072,'journals/1/articles/1423/submission/query/1423-1-4628-1-18-20201211.doc','application/msword'),(4073,'journals/1/articles/1503/submission/1503-1-4629-1-2-20201214.docx','application/vnd.openxmlformats-officedocument.wordprocessingml.document'),(4074,'journals/1/articles/1503/submission/1503-1-4629-2-2-20201214.docx','application/vnd.openxmlformats-officedocument.wordprocessingml.document'),(4075,'journals/1/articles/1508/submission/1508-1-4631-1-2-20201214.docx','application/vnd.openxmlformats-officedocument.wordprocessingml.document'),(4076,'journals/1/articles/1508/submission/1508-12-4632-1-2-20201214.docx','application/vnd.openxmlformats-officedocument.wordprocessingml.document'),(4077,'journals/1/articles/882/submission/review/attachment/882--4633-1-5-20201215.docm','application/vnd.openxmlformats-officedocument.wordprocessingml.document'),(4078,'journals/1/articles/1269/submission/review/1269-1-4634-1-4-20200324.docx','application/vnd.openxmlformats-officedocument.wordprocessingml.document'),(4079,'journals/1/articles/1269/submission/review/1269-12-4635-1-4-20200324.docx','application/vnd.openxmlformats-officedocument.wordprocessingml.document'),(4080,'journals/1/articles/1310/submission/review/1310-12-4636-1-4-20200617.doc','application/msword'),(4081,'journals/1/articles/1509/submission/1509-1-4637-1-2-20201216.doc','application/msword'),(4082,'journals/1/articles/1510/submission/1510-1-4638-1-2-20201216.docx','application/vnd.openxmlformats-officedocument.wordprocessingml.document'),(4083,'journals/1/articles/1511/submission/1511-1-4639-1-2-20201217.docx','application/vnd.openxmlformats-officedocument.wordprocessingml.document'),(4084,'journals/1/articles/1421/submission/review/revision/1421-1-4640-1-15-20201217.docx','application/vnd.openxmlformats-officedocument.wordprocessingml.document'),(4085,'journals/1/articles/1421/submission/review/revision/1421-12-4641-1-15-20201217.docx','application/vnd.openxmlformats-officedocument.wordprocessingml.document'),(4086,'journals/1/articles/1421/submission/review/revision/1421-12-4642-1-15-20201217.docx','application/vnd.openxmlformats-officedocument.wordprocessingml.document'),(4087,'journals/1/articles/1512/submission/1512-1-4645-1-2-20201221.docx','application/vnd.openxmlformats-officedocument.wordprocessingml.document'),(4088,'journals/1/articles/1117/submission/review/revision/1117-1-4648-1-15-20201221.pdf','application/pdf'),(4089,'journals/1/articles/1513/submission/1513-1-4649-1-2-20201222.docx','application/vnd.openxmlformats-officedocument.wordprocessingml.document'),(4090,'journals/1/articles/1154/submission/proof/1154-1-4650-1-10-20201222.pdf','application/pdf'),(4091,'journals/1/articles/1279/submission/proof/1279-1-4651-1-10-20201222.pdf','application/pdf'),(4092,'journals/1/articles/1030/submission/proof/1030-1-4652-1-10-20201222.pdf','application/pdf'),(4093,'journals/1/articles/1030/submission/proof/1030-1-4652-2-10-20201222.pdf','application/pdf'),(4094,'journals/1/articles/1117/submission/proof/1117-1-4654-1-10-20201223.pdf','application/pdf'),(4095,'journals/1/articles/930/submission/proof/930-1-4655-1-10-20201223.pdf','application/pdf'),(4096,'journals/1/articles/1037/submission/proof/1037-1-4656-1-10-20201223.pdf','application/pdf'),(4097,'journals/1/articles/1450/submission/proof/1450-1-4657-1-10-20201223.pdf','application/pdf'),(4098,'journals/1/articles/1437/submission/proof/1437-1-4658-1-10-20201223.pdf','application/pdf'),(4099,'journals/1/articles/1421/submission/proof/1421-1-4659-1-10-20201223.pdf','application/pdf'),(4100,'journals/1/articles/1421/submission/proof/1421-1-4659-2-10-20201223.pdf','application/pdf'),(4101,'journals/1/articles/863/submission/proof/863-1-4660-1-10-20201223.pdf','application/pdf'),(4102,'journals/1/articles/863/submission/proof/863-1-4660-2-10-20201223.pdf','application/pdf'),(4103,'journals/1/articles/992/submission/proof/992-1-4661-1-10-20201223.pdf','application/pdf'),(4104,'journals/1/articles/1514/submission/1514-1-4665-1-2-20201226.docx','application/vnd.openxmlformats-officedocument.wordprocessingml.document'),(4105,'journals/1/articles/1514/submission/1514-12-4666-1-2-20201226.docx','application/vnd.openxmlformats-officedocument.wordprocessingml.document'),(4106,'journals/1/articles/1514/submission/1514-12-4667-1-2-20201226.pdf','application/pdf'),(4107,'journals/1/articles/1514/submission/1514-12-4667-2-2-20201226.pdf','application/pdf'),(4108,'journals/1/articles/960/submission/query/960-12-4670-1-18-20201226.docx','application/vnd.openxmlformats-officedocument.wordprocessingml.document'),(4109,'journals/1/articles/1154/submission/review/attachment/1154--4671-1-5-20201226.doc','application/msword'),(4110,'journals/1/articles/1515/submission/1515-12-4678-1-2-20201229.docx','application/vnd.openxmlformats-officedocument.wordprocessingml.document'),(4111,'journals/1/articles/1515/submission/1515-1-4679-1-2-20201229.docx','application/vnd.openxmlformats-officedocument.wordprocessingml.document'),(4112,'journals/1/articles/1515/submission/1515-1-4679-2-2-20201229.docx','application/vnd.openxmlformats-officedocument.wordprocessingml.document'),(4113,'journals/1/articles/1229/submission/review/revision/1229-1-4681-1-15-20201230.doc','application/msword'),(4114,'journals/1/articles/1516/submission/1516-1-4683-1-2-20210104.docx','application/vnd.openxmlformats-officedocument.wordprocessingml.document'),(4115,'journals/1/articles/1516/submission/1516-12-4684-1-2-20210104.docx','application/vnd.openxmlformats-officedocument.wordprocessingml.document'),(4116,'journals/1/articles/1516/submission/1516-12-4685-1-2-20210104.docx','application/vnd.openxmlformats-officedocument.wordprocessingml.document'),(4117,'journals/1/articles/1516/submission/1516-12-4685-2-2-20210104.docx','application/vnd.openxmlformats-officedocument.wordprocessingml.document'),(4118,'journals/1/articles/1516/submission/1516-12-4685-3-2-20210104.docx','application/vnd.openxmlformats-officedocument.wordprocessingml.document'),(4119,'journals/1/articles/1516/submission/1516-12-4685-4-2-20210104.docx','application/vnd.openxmlformats-officedocument.wordprocessingml.document'),(4120,'journals/1/articles/1516/submission/1516-12-4688-1-2-20210104.docx','application/vnd.openxmlformats-officedocument.wordprocessingml.document'),(4121,'journals/1/articles/1518/submission/1518-1-4694-1-2-20210104.pdf','application/pdf'),(4122,'journals/1/articles/1518/submission/1518-12-4695-1-2-20210105.xlsx','application/vnd.openxmlformats-officedocument.spreadsheetml.sheet'),(4123,'journals/1/articles/1520/submission/1520-1-4697-1-2-20210105.docx','application/vnd.openxmlformats-officedocument.wordprocessingml.document'),(4124,'journals/1/articles/1521/submission/1521-1-4699-1-2-20210107.docx','application/vnd.openxmlformats-officedocument.wordprocessingml.document'),(4125,'journals/1/articles/1522/submission/1522-1-4700-1-2-20210107.docx','application/vnd.openxmlformats-officedocument.wordprocessingml.document'),(4126,'journals/1/articles/1523/submission/1523-1-4701-1-2-20210110.docx','application/vnd.openxmlformats-officedocument.wordprocessingml.document'),(4127,'journals/1/articles/1524/submission/1524-1-4702-1-2-20210111.docx','application/vnd.openxmlformats-officedocument.wordprocessingml.document'),(4128,'journals/1/articles/1524/submission/1524-1-4702-2-2-20210111.docx','application/vnd.openxmlformats-officedocument.wordprocessingml.document'),(4129,'journals/1/articles/1526/submission/1526-1-4704-1-2-20210111.docx','application/vnd.openxmlformats-officedocument.wordprocessingml.document'),(4130,'journals/1/articles/1527/submission/1527-1-4706-1-2-20210112.docx','application/vnd.openxmlformats-officedocument.wordprocessingml.document'),(4131,'journals/1/articles/1528/submission/1528-1-4707-1-2-20210112.doc','application/msword'),(4132,'journals/1/articles/1529/submission/1529-1-4709-1-2-20210113.docx','application/vnd.openxmlformats-officedocument.wordprocessingml.document'),(4133,'journals/1/articles/1530/submission/1530-1-4710-1-2-20210113.docx','application/vnd.openxmlformats-officedocument.wordprocessingml.document'),(4134,'journals/1/articles/1531/submission/1531-1-4712-1-2-20210114.docx','application/vnd.openxmlformats-officedocument.wordprocessingml.document'),(4135,'journals/1/articles/1532/submission/1532-1-4713-1-2-20210115.docx','application/vnd.openxmlformats-officedocument.wordprocessingml.document'),(4136,'journals/1/articles/1534/submission/1534-1-4716-1-2-20210118.docx','application/vnd.openxmlformats-officedocument.wordprocessingml.document'),(4137,'journals/1/articles/1533/submission/1533-1-4717-1-2-20210118.docx','application/vnd.openxmlformats-officedocument.wordprocessingml.document'),(4138,'journals/1/articles/1535/submission/1535-2-4719-1-2-20210118.zip','application/zip'),(4139,'journals/1/articles/1536/submission/1536-1-4720-1-2-20210118.docx','application/vnd.openxmlformats-officedocument.wordprocessingml.document'),(4140,'journals/1/articles/1460/submission/review/1460-1-4721-1-4-20201012.docx','application/vnd.openxmlformats-officedocument.wordprocessingml.document'),(4141,'journals/1/articles/1453/submission/review/1453-1-4722-1-4-20200930.docx','application/vnd.openxmlformats-officedocument.wordprocessingml.document'),(4142,'journals/1/articles/1537/submission/1537-1-4723-1-2-20210119.docx','application/vnd.openxmlformats-officedocument.wordprocessingml.document'),(4143,'journals/1/articles/1538/submission/1538-1-4724-1-2-20210120.docx','application/vnd.openxmlformats-officedocument.wordprocessingml.document'),(4144,'journals/1/articles/1538/submission/1538-1-4724-2-2-20210120.docx','application/vnd.openxmlformats-officedocument.wordprocessingml.document'),(4145,'journals/1/articles/1540/submission/1540-1-4727-1-2-20210122.docx','application/vnd.openxmlformats-officedocument.wordprocessingml.document'),(4146,'journals/1/articles/1541/submission/1541-1-4728-1-2-20210123.docx','application/vnd.openxmlformats-officedocument.wordprocessingml.document'),(4147,'journals/1/articles/1542/submission/1542-1-4729-1-2-20210123.docx','application/vnd.openxmlformats-officedocument.wordprocessingml.document'),(4148,'journals/1/articles/1543/submission/1543-1-4730-1-2-20210124.docx','application/vnd.openxmlformats-officedocument.wordprocessingml.document'),(4149,'journals/1/articles/1543/submission/1543-1-4730-2-2-20210124.docx','application/vnd.openxmlformats-officedocument.wordprocessingml.document'),(4150,'journals/1/articles/1544/submission/1544-1-4731-1-2-20210124.docx','application/vnd.openxmlformats-officedocument.wordprocessingml.document'),(4151,'journals/1/articles/1546/submission/1546-1-4733-1-2-20210125.docx','application/vnd.openxmlformats-officedocument.wordprocessingml.document'),(4152,'journals/1/articles/1547/submission/1547-1-4734-1-2-20210125.doc','application/msword'),(4153,'journals/1/articles/1547/submission/1547-12-4735-1-2-20210125.pdf','application/pdf'),(4154,'journals/1/articles/1547/submission/1547-12-4735-2-2-20210125.pdf','application/pdf'),(4155,'journals/1/articles/1229/submission/final/1229-1-4737-1-6-20201230.doc','application/msword'),(4156,'journals/1/articles/1548/submission/1548-1-4738-1-2-20210126.docx','application/vnd.openxmlformats-officedocument.wordprocessingml.document'),(4157,'journals/1/articles/1549/submission/1549-1-4739-1-2-20210127.docx','application/vnd.openxmlformats-officedocument.wordprocessingml.document'),(4158,'journals/1/articles/1549/submission/1549-12-4740-1-2-20210127.pdf','application/pdf'),(4159,'journals/1/articles/1550/submission/1550-1-4741-1-2-20210127.docx','application/vnd.openxmlformats-officedocument.wordprocessingml.document'),(4160,'journals/1/articles/1551/submission/1551-1-4742-1-2-20210127.docx','application/vnd.openxmlformats-officedocument.wordprocessingml.document'),(4161,'journals/1/articles/1551/submission/1551-1-4742-2-2-20210127.docx','application/vnd.openxmlformats-officedocument.wordprocessingml.document'),(4162,'journals/1/articles/1554/submission/1554-1-4744-1-2-20210202.docx','application/vnd.openxmlformats-officedocument.wordprocessingml.document'),(4163,'journals/1/articles/960/submission/review/attachment/960--4745-1-5-20210203.docx','application/vnd.openxmlformats-officedocument.wordprocessingml.document'),(4164,'journals/1/articles/1555/submission/1555-12-4747-1-2-20210203.docx','application/vnd.openxmlformats-officedocument.wordprocessingml.document'),(4165,'journals/1/articles/1555/submission/1555-12-4747-2-2-20210203.docx','application/vnd.openxmlformats-officedocument.wordprocessingml.document'),(4166,'journals/1/articles/1555/submission/1555-1-4750-1-2-20210203.docx','application/vnd.openxmlformats-officedocument.wordprocessingml.document'),(4167,'journals/1/articles/988/submission/review/revision/988-1-4751-1-15-20210205.docx','application/vnd.openxmlformats-officedocument.wordprocessingml.document'),(4168,'journals/1/articles/988/submission/review/revision/988-12-4753-1-15-20210205.docx','application/vnd.openxmlformats-officedocument.wordprocessingml.document'),(4169,'journals/1/articles/1556/submission/1556-1-4754-1-2-20210209.docx','application/vnd.openxmlformats-officedocument.wordprocessingml.document'),(4170,'journals/1/articles/1556/submission/1556-8-4755-1-2-20210209.docx','application/vnd.openxmlformats-officedocument.wordprocessingml.document'),(4171,'journals/1/articles/1557/submission/1557-1-4757-1-2-20210209.docx','application/vnd.openxmlformats-officedocument.wordprocessingml.document'),(4172,'journals/1/articles/1558/submission/1558-1-4758-1-2-20210210.docx','application/vnd.openxmlformats-officedocument.wordprocessingml.document'),(4173,'journals/1/articles/1560/submission/1560-1-4759-1-2-20210212.docx','application/vnd.openxmlformats-officedocument.wordprocessingml.document'),(4174,'journals/1/articles/1561/submission/1561-1-4760-1-2-20210215.docx','application/vnd.openxmlformats-officedocument.wordprocessingml.document'),(4175,'journals/1/articles/1561/submission/1561-1-4760-2-2-20210215.docx','application/vnd.openxmlformats-officedocument.wordprocessingml.document'),(4176,'journals/1/articles/1537/submission/review/1537-1-4762-1-4-20210119.docx','application/vnd.openxmlformats-officedocument.wordprocessingml.document'),(4177,'journals/1/articles/1312/submission/review/revision/1312-1-4763-1-15-20210218.docx','application/vnd.openxmlformats-officedocument.wordprocessingml.document'),(4178,'journals/1/articles/1312/submission/review/revision/1312-1-4764-1-15-20210218.docx','application/vnd.openxmlformats-officedocument.wordprocessingml.document'),(4179,'journals/1/articles/1312/submission/review/revision/1312-12-4765-1-15-20210218.docx','application/vnd.openxmlformats-officedocument.wordprocessingml.document'),(4180,'journals/1/articles/1444/submission/review/1444-1-4766-1-4-20201130.docx','application/vnd.openxmlformats-officedocument.wordprocessingml.document'),(4181,'journals/1/articles/1444/submission/review/1444-12-4767-1-4-20201130.docx','application/vnd.openxmlformats-officedocument.wordprocessingml.document'),(4182,'journals/1/articles/1441/submission/review/1441-1-4768-1-4-20200918.docx','application/vnd.openxmlformats-officedocument.wordprocessingml.document'),(4183,'journals/1/articles/1312/submission/final/1312-1-4769-1-6-20210218.docx','application/vnd.openxmlformats-officedocument.wordprocessingml.document'),(4184,'journals/1/articles/1312/submission/final/1312-1-4770-1-6-20210218.docx','application/vnd.openxmlformats-officedocument.wordprocessingml.document'),(4185,'journals/1/articles/1312/submission/final/1312-12-4771-1-6-20210218.docx','application/vnd.openxmlformats-officedocument.wordprocessingml.document'),(4186,'journals/1/articles/1562/submission/1562-1-4772-1-2-20210219.docx','application/vnd.openxmlformats-officedocument.wordprocessingml.document'),(4187,'journals/1/articles/1563/submission/1563-1-4773-1-2-20210219.docx','application/vnd.openxmlformats-officedocument.wordprocessingml.document'),(4188,'journals/1/articles/1371/submission/review/1371-1-4774-1-4-20200710.docx','application/vnd.openxmlformats-officedocument.wordprocessingml.document'),(4189,'journals/1/articles/1434/submission/review/1434-1-4775-1-4-20200908.docx','application/vnd.openxmlformats-officedocument.wordprocessingml.document'),(4190,'journals/1/articles/1403/submission/review/1403-1-4776-1-4-20200810.docx','application/vnd.openxmlformats-officedocument.wordprocessingml.document'),(4191,'journals/1/articles/1514/submission/review/1514-1-4777-1-4-20201226.docx','application/vnd.openxmlformats-officedocument.wordprocessingml.document'),(4192,'journals/1/articles/1514/submission/review/1514-12-4778-1-4-20201226.docx','application/vnd.openxmlformats-officedocument.wordprocessingml.document'),(4193,'journals/1/articles/1514/submission/review/1514-12-4779-1-4-20201226.pdf','application/pdf'),(4194,'journals/1/articles/1564/submission/1564-1-4780-1-2-20210223.docx','application/vnd.openxmlformats-officedocument.wordprocessingml.document'),(4195,'journals/1/articles/1564/submission/1564-1-4780-2-2-20210223.docx','application/vnd.openxmlformats-officedocument.wordprocessingml.document'),(4196,'journals/1/articles/1521/submission/review/1521-1-4781-1-4-20210107.docx','application/vnd.openxmlformats-officedocument.wordprocessingml.document'),(4197,'journals/1/articles/1529/submission/review/1529-1-4782-1-4-20210113.docx','application/vnd.openxmlformats-officedocument.wordprocessingml.document'),(4198,'journals/1/articles/1534/submission/review/1534-1-4783-1-4-20210118.docx','application/vnd.openxmlformats-officedocument.wordprocessingml.document'),(4199,'journals/1/articles/1549/submission/review/1549-1-4784-1-4-20210127.docx','application/vnd.openxmlformats-officedocument.wordprocessingml.document'),(4200,'journals/1/articles/1565/submission/1565-1-4785-1-2-20210223.doc','application/msword'),(4201,'journals/1/articles/1441/submission/review/attachment/1441--4786-1-5-20210223.docx','application/vnd.openxmlformats-officedocument.wordprocessingml.document'),(4202,'journals/1/articles/1556/submission/review/1556-1-4787-1-4-20210209.docx','application/vnd.openxmlformats-officedocument.wordprocessingml.document'),(4203,'journals/1/articles/1556/submission/review/1556-8-4788-1-4-20210209.docx','application/vnd.openxmlformats-officedocument.wordprocessingml.document'),(4204,'journals/1/articles/1562/submission/review/1562-1-4789-1-4-20210219.docx','application/vnd.openxmlformats-officedocument.wordprocessingml.document'),(4205,'journals/1/articles/1342/submission/review/revision/1342-1-4790-1-15-20210224.doc','application/msword'),(4206,'journals/1/articles/882/submission/review/attachment/882--4791-1-5-20210225.docx','application/vnd.openxmlformats-officedocument.wordprocessingml.document'),(4207,'journals/1/articles/1330/submission/review/revision/1330-1-4793-1-15-20210225.docx','application/vnd.openxmlformats-officedocument.wordprocessingml.document'),(4208,'journals/1/articles/964/submission/final/964-1-4794-1-6-20210226.doc','application/msword'),(4209,'journals/1/articles/1395/submission/review/revision/1395-12-4795-1-15-20210226.docx','application/vnd.openxmlformats-officedocument.wordprocessingml.document'),(4210,'journals/1/articles/1395/submission/review/revision/1395-12-4795-2-15-20210325.docx','application/vnd.openxmlformats-officedocument.wordprocessingml.document'),(4211,'journals/1/articles/964/submission/query/964-1-4796-1-18-20210226.doc','application/msword'),(4212,'journals/1/articles/1566/submission/1566-1-4797-1-2-20210227.docx','application/vnd.openxmlformats-officedocument.wordprocessingml.document'),(4213,'journals/1/articles/1566/submission/1566-1-4797-2-2-20210227.docx','application/vnd.openxmlformats-officedocument.wordprocessingml.document'),(4214,'journals/1/articles/1533/submission/review/1533-1-4800-1-4-20210118.docx','application/vnd.openxmlformats-officedocument.wordprocessingml.document'),(4215,'journals/1/articles/1497/submission/review/1497-1-4801-1-4-20201120.docx','application/vnd.openxmlformats-officedocument.wordprocessingml.document'),(4216,'journals/1/articles/1489/submission/review/1489-1-4802-1-4-20201117.docx','application/vnd.openxmlformats-officedocument.wordprocessingml.document'),(4217,'journals/1/articles/1248/submission/review/1248-1-4803-1-4-20200929.docx','application/vnd.openxmlformats-officedocument.wordprocessingml.document'),(4218,'journals/1/articles/1248/submission/review/1248-12-4804-1-4-20200929.docx','application/vnd.openxmlformats-officedocument.wordprocessingml.document'),(4219,'journals/1/articles/1569/submission/1569-12-4806-1-2-20210301.docx','application/vnd.openxmlformats-officedocument.wordprocessingml.document'),(4220,'journals/1/articles/1567/submission/1567-1-4807-1-2-20210301.docx','application/vnd.openxmlformats-officedocument.wordprocessingml.document'),(4221,'journals/1/articles/1569/submission/1569-1-4808-1-2-20210301.docx','application/vnd.openxmlformats-officedocument.wordprocessingml.document'),(4222,'journals/1/articles/1533/submission/review/attachment/1533--4809-1-5-20210302.docx','application/vnd.openxmlformats-officedocument.wordprocessingml.document'),(4223,'journals/1/articles/1568/submission/1568-1-4810-1-2-20210303.docx','application/vnd.openxmlformats-officedocument.wordprocessingml.document'),(4224,'journals/1/articles/1568/submission/1568-12-4811-1-2-20210303.docx','application/vnd.openxmlformats-officedocument.wordprocessingml.document'),(4225,'journals/1/articles/1229/submission/productionReady/1229-1-4812-1-11-20201230.doc','application/msword'),(4226,'journals/1/articles/1569/submission/review/1569-1-4813-1-4-20210301.docx','application/vnd.openxmlformats-officedocument.wordprocessingml.document'),(4227,'journals/1/articles/1570/submission/1570-1-4814-1-2-20210306.docx','application/vnd.openxmlformats-officedocument.wordprocessingml.document'),(4228,'journals/1/articles/1571/submission/1571-1-4815-1-2-20210307.docx','application/vnd.openxmlformats-officedocument.wordprocessingml.document'),(4229,'journals/1/articles/1360/submission/review/revision/1360-1-4819-1-15-20210309.doc','application/msword'),(4230,'journals/1/articles/1360/submission/review/revision/1360-12-4820-1-15-20210309.docx','application/vnd.openxmlformats-officedocument.wordprocessingml.document'),(4231,'journals/1/articles/1572/submission/1572-1-4822-1-2-20210311.docx','application/vnd.openxmlformats-officedocument.wordprocessingml.document'),(4232,'journals/1/articles/1453/submission/review/revision/1453-1-4823-1-15-20210312.docx','application/vnd.openxmlformats-officedocument.wordprocessingml.document'),(4233,'journals/1/articles/1307/submission/review/attachment/1307--4824-1-5-20210312.pdf','application/pdf'),(4234,'journals/1/articles/1342/submission/final/1342-1-4825-1-6-20210312.doc','application/msword'),(4235,'journals/1/articles/1574/submission/1574-1-4828-1-2-20210314.docx','application/vnd.openxmlformats-officedocument.wordprocessingml.document'),(4236,'journals/1/articles/1575/submission/1575-1-4829-1-2-20210314.docx','application/vnd.openxmlformats-officedocument.wordprocessingml.document'),(4237,'journals/1/articles/1576/submission/1576-1-4831-1-2-20210314.doc','application/msword'),(4238,'journals/1/articles/1576/submission/1576-12-4832-1-2-20210314.docx','application/vnd.openxmlformats-officedocument.wordprocessingml.document'),(4239,'journals/1/articles/1451/submission/review/1451-1-4833-1-4-20200929.docx','application/vnd.openxmlformats-officedocument.wordprocessingml.document'),(4240,'journals/1/articles/1529/submission/review/attachment/1529--4834-1-5-20210316.docx','application/vnd.openxmlformats-officedocument.wordprocessingml.document'),(4241,'journals/1/articles/1515/submission/review/1515-12-4835-1-4-20201229.docx','application/vnd.openxmlformats-officedocument.wordprocessingml.document'),(4242,'journals/1/articles/1515/submission/review/1515-1-4836-1-4-20201229.docx','application/vnd.openxmlformats-officedocument.wordprocessingml.document'),(4243,'journals/1/articles/1312/submission/query/1312-1-4837-1-18-20210318.docx','application/vnd.openxmlformats-officedocument.wordprocessingml.document'),(4244,'journals/1/articles/1569/submission/review/attachment/1569--4838-1-5-20210319.docx','application/vnd.openxmlformats-officedocument.wordprocessingml.document'),(4245,'journals/1/articles/1574/submission/review/1574-1-4839-1-4-20210314.docx','application/vnd.openxmlformats-officedocument.wordprocessingml.document'),(4246,'journals/1/articles/967/submission/review/967-1-4840-1-4-20190803.doc','application/msword'),(4247,'journals/1/articles/967/submission/review/967-12-4841-1-4-20190803.docx','application/vnd.openxmlformats-officedocument.wordprocessingml.document'),(4248,'journals/1/articles/1577/submission/1577-1-4842-1-2-20210320.doc','application/msword'),(4249,'journals/1/articles/1371/submission/review/attachment/1371--4843-1-5-20210321.docx','application/vnd.openxmlformats-officedocument.wordprocessingml.document'),(4250,'journals/1/articles/882/submission/review/revision/882-1-4844-1-15-20210322.docx','application/vnd.openxmlformats-officedocument.wordprocessingml.document'),(4251,'journals/1/articles/1579/submission/1579-1-4845-1-2-20210323.docx','application/vnd.openxmlformats-officedocument.wordprocessingml.document'),(4252,'journals/1/articles/1453/submission/review/1453-1-4847-1-4-20210312.docx','application/vnd.openxmlformats-officedocument.wordprocessingml.document'),(4253,'journals/1/articles/1556/submission/review/attachment/1556--4848-1-5-20210323.docx','application/vnd.openxmlformats-officedocument.wordprocessingml.document'),(4254,'journals/1/articles/1571/submission/review/1571-1-4849-1-4-20210307.docx','application/vnd.openxmlformats-officedocument.wordprocessingml.document'),(4255,'journals/1/articles/1395/submission/review/revision/1395-12-4851-1-15-20210325.docx','application/vnd.openxmlformats-officedocument.wordprocessingml.document'),(4256,'journals/1/articles/1444/submission/query/1444-1-4852-1-18-20210325.docx','application/vnd.openxmlformats-officedocument.wordprocessingml.document'),(4257,'journals/1/articles/1587/submission/1587-1-4862-1-2-20210329.docx','application/vnd.openxmlformats-officedocument.wordprocessingml.document'),(4258,'journals/1/articles/1587/submission/1587-12-4863-1-2-20210329.docx','application/vnd.openxmlformats-officedocument.wordprocessingml.document'),(4259,'journals/1/articles/1587/submission/1587-12-4864-1-2-20210329.docx','application/vnd.openxmlformats-officedocument.wordprocessingml.document'),(4260,'journals/1/articles/1501/submission/review/1501-1-4865-1-4-20210329.docx','application/vnd.openxmlformats-officedocument.wordprocessingml.document'),(4261,'journals/1/articles/1395/submission/review/1395-12-4867-1-4-20210330.docx','application/vnd.openxmlformats-officedocument.wordprocessingml.document'),(4262,'journals/1/articles/1395/submission/final/1395-12-4868-1-6-20210325.docx','application/vnd.openxmlformats-officedocument.wordprocessingml.document'),(4263,'journals/1/articles/1395/submission/final/1395-12-4869-1-6-20210325.docx','application/vnd.openxmlformats-officedocument.wordprocessingml.document'),(4264,'journals/1/articles/1395/submission/final/1395-12-4870-1-6-20210330.docx','application/vnd.openxmlformats-officedocument.wordprocessingml.document'),(4265,'journals/1/articles/1512/submission/review/1512-1-4871-1-4-20201221.docx','application/vnd.openxmlformats-officedocument.wordprocessingml.document'),(4266,'journals/1/articles/1423/submission/review/1423-1-4872-1-4-20200821.doc','application/msword'),(4267,'journals/1/articles/1509/submission/review/1509-1-4873-1-4-20201216.doc','application/msword'),(4268,'journals/1/articles/1563/submission/review/1563-1-4874-1-4-20210219.docx','application/vnd.openxmlformats-officedocument.wordprocessingml.document'),(4269,'journals/1/articles/1588/submission/1588-1-4875-1-2-20210331.docx','application/vnd.openxmlformats-officedocument.wordprocessingml.document'),(4270,'journals/1/articles/1588/submission/1588-12-4876-1-2-20210331.docx','application/vnd.openxmlformats-officedocument.wordprocessingml.document'),(4271,'journals/1/articles/1489/submission/review/attachment/1489--4877-1-5-20210402.docx','application/vnd.openxmlformats-officedocument.wordprocessingml.document'),(4272,'journals/1/articles/1439/submission/review/revision/1439-1-4878-1-15-20210403.docx','application/vnd.openxmlformats-officedocument.wordprocessingml.document'),(4273,'journals/1/articles/1439/submission/review/revision/1439-12-4879-1-15-20210403.docx','application/vnd.openxmlformats-officedocument.wordprocessingml.document'),(4274,'journals/1/articles/1569/submission/review/attachment/1569--4880-1-5-20210404.docx','application/vnd.openxmlformats-officedocument.wordprocessingml.document'),(4275,'journals/1/articles/1590/submission/1590-1-4881-1-2-20210405.docx','application/vnd.openxmlformats-officedocument.wordprocessingml.document'),(4276,'journals/1/articles/1591/submission/1591-1-4882-1-2-20210406.docx','application/vnd.openxmlformats-officedocument.wordprocessingml.document'),(4277,'journals/1/articles/1592/submission/1592-1-4883-1-2-20210406.docx','application/vnd.openxmlformats-officedocument.wordprocessingml.document'),(4278,'journals/1/articles/1592/submission/1592-12-4884-1-2-20210406.docx','application/vnd.openxmlformats-officedocument.wordprocessingml.document'),(4279,'journals/1/articles/1593/submission/1593-1-4885-1-2-20210407.docx','application/vnd.openxmlformats-officedocument.wordprocessingml.document'),(4280,'journals/1/articles/1595/submission/1595-1-4887-1-2-20210407.docx','application/vnd.openxmlformats-officedocument.wordprocessingml.document'),(4281,'journals/1/articles/1595/submission/1595-1-4887-2-2-20210407.docx','application/vnd.openxmlformats-officedocument.wordprocessingml.document'),(4282,'journals/1/articles/1597/submission/1597-1-4889-1-2-20210408.docx','application/vnd.openxmlformats-officedocument.wordprocessingml.document'),(4283,'journals/1/articles/1598/submission/1598-1-4890-1-2-20210408.docx','application/vnd.openxmlformats-officedocument.wordprocessingml.document'),(4284,'journals/1/articles/1598/submission/1598-12-4892-1-2-20210408.docx','application/vnd.openxmlformats-officedocument.wordprocessingml.document'),(4285,'journals/1/articles/1598/submission/1598-12-4893-1-2-20210408.docx','application/vnd.openxmlformats-officedocument.wordprocessingml.document'),(4286,'journals/1/articles/1598/submission/1598-12-4895-1-2-20210408.docx','application/vnd.openxmlformats-officedocument.wordprocessingml.document'),(4287,'journals/1/articles/1599/submission/1599-1-4896-1-2-20210409.docx','application/vnd.openxmlformats-officedocument.wordprocessingml.document'),(4288,'journals/1/articles/1534/submission/review/attachment/1534--4897-1-5-20210409.docx','application/vnd.openxmlformats-officedocument.wordprocessingml.document'),(4289,'journals/1/articles/1600/submission/1600-1-4898-1-2-20210412.docx','application/vnd.openxmlformats-officedocument.wordprocessingml.document'),(4290,'journals/1/articles/1600/submission/1600-12-4899-1-2-20210412.pdf','application/pdf'),(4291,'journals/1/articles/1600/submission/1600-12-4900-1-2-20210412.docx','application/vnd.openxmlformats-officedocument.wordprocessingml.document'),(4292,'journals/1/articles/1601/submission/1601-1-4902-1-2-20210413.docx','application/vnd.openxmlformats-officedocument.wordprocessingml.document'),(4293,'journals/1/articles/1601/submission/1601-1-4902-2-2-20210413.docx','application/vnd.openxmlformats-officedocument.wordprocessingml.document'),(4294,'journals/1/articles/1601/submission/1601-1-4902-3-2-20210413.docx','application/vnd.openxmlformats-officedocument.wordprocessingml.document'),(4295,'journals/1/articles/1601/submission/1601-12-4906-1-2-20210413.docx','application/vnd.openxmlformats-officedocument.wordprocessingml.document'),(4296,'journals/1/articles/1601/submission/1601-12-4908-1-2-20210413.docx','application/vnd.openxmlformats-officedocument.wordprocessingml.document'),(4297,'journals/1/articles/1602/submission/1602-1-4909-1-2-20210413.docx','application/vnd.openxmlformats-officedocument.wordprocessingml.document'),(4298,'journals/1/articles/1453/submission/review/attachment/1453--4910-1-5-20210417.docx','application/vnd.openxmlformats-officedocument.wordprocessingml.document'),(4299,'journals/1/articles/1603/submission/1603-12-4912-1-2-20210419.pdf','application/pdf'),(4300,'journals/1/articles/1603/submission/1603-1-4913-1-2-20210419.docx','application/vnd.openxmlformats-officedocument.wordprocessingml.document'),(4301,'journals/1/articles/1604/submission/1604-1-4914-1-2-20210419.doc','application/msword'),(4302,'journals/1/articles/1605/submission/1605-1-4915-1-2-20210420.docx','application/vnd.openxmlformats-officedocument.wordprocessingml.document'),(4303,'journals/1/articles/1444/submission/query/1444-1-4916-1-18-20210421.pdf','application/pdf'),(4304,'journals/1/articles/1444/submission/query/1444-1-4917-1-18-20210421.pdf','application/pdf'),(4305,'journals/1/articles/1444/submission/final/1444-1-4918-1-6-20210421.pdf','application/pdf'),(4306,'journals/1/articles/1444/submission/productionReady/1444-1-4919-1-11-20210421.pdf','application/pdf'),(4307,'journals/1/articles/1453/submission/query/1453-1-4920-1-18-20210422.docx','application/vnd.openxmlformats-officedocument.wordprocessingml.document'),(4308,'journals/1/articles/1606/submission/1606-12-4922-1-2-20210422.docx','application/vnd.openxmlformats-officedocument.wordprocessingml.document'),(4309,'journals/1/articles/1606/submission/1606-12-4923-1-2-20210422.docx','application/vnd.openxmlformats-officedocument.wordprocessingml.document'),(4310,'journals/1/articles/1512/submission/review/attachment/1512--4926-1-5-20210422.pdf','application/pdf'),(4311,'journals/1/articles/1512/submission/review/attachment/1512--4927-1-5-20210422.pdf','application/pdf'),(4312,'journals/1/articles/1606/submission/1606-1-4928-1-2-20210423.docx','application/vnd.openxmlformats-officedocument.wordprocessingml.document'),(4313,'journals/1/articles/1607/submission/1607-1-4929-1-2-20210423.docx','application/vnd.openxmlformats-officedocument.wordprocessingml.document'),(4314,'journals/1/articles/1607/submission/1607-1-4929-2-2-20210423.docx','application/vnd.openxmlformats-officedocument.wordprocessingml.document'),(4315,'journals/1/articles/1607/submission/1607-12-4930-1-2-20210423.docx','application/vnd.openxmlformats-officedocument.wordprocessingml.document'),(4316,'journals/1/articles/1607/submission/1607-12-4931-1-2-20210423.rar','application/x-rar'),(4317,'journals/1/articles/1561/submission/review/1561-1-4932-1-4-20210215.docx','application/vnd.openxmlformats-officedocument.wordprocessingml.document'),(4318,'journals/1/articles/1439/submission/final/1439-1-4933-1-6-20210403.docx','application/vnd.openxmlformats-officedocument.wordprocessingml.document'),(4319,'journals/1/articles/1234/submission/review/1234-4-4934-1-4-20191212.docx','application/vnd.openxmlformats-officedocument.wordprocessingml.document'),(4320,'journals/1/articles/1210/submission/review/1210-1-4935-1-4-20190927.docx','application/vnd.openxmlformats-officedocument.wordprocessingml.document'),(4321,'journals/1/articles/1534/submission/review/revision/1534-1-4937-1-15-20210426.docx','application/vnd.openxmlformats-officedocument.wordprocessingml.document'),(4322,'journals/1/articles/1534/submission/query/1534-12-4938-1-18-20210426.docx','application/vnd.openxmlformats-officedocument.wordprocessingml.document'),(4323,'journals/1/articles/1608/submission/1608-1-4939-1-2-20210426.docx','application/vnd.openxmlformats-officedocument.wordprocessingml.document'),(4324,'journals/1/articles/1608/submission/1608-1-4941-1-2-20210426.docx','application/vnd.openxmlformats-officedocument.wordprocessingml.document'),(4325,'journals/1/articles/1608/submission/1608-12-4942-1-2-20210426.docx','application/vnd.openxmlformats-officedocument.wordprocessingml.document'),(4326,'journals/1/articles/1276/submission/review/revision/1276-12-4943-1-15-20210426.docx','application/vnd.openxmlformats-officedocument.wordprocessingml.document'),(4327,'journals/1/articles/1276/submission/review/revision/1276-12-4944-1-15-20210426.docx','application/vnd.openxmlformats-officedocument.wordprocessingml.document'),(4328,'journals/1/articles/1276/submission/review/revision/1276-12-4945-1-15-20210426.docx','application/vnd.openxmlformats-officedocument.wordprocessingml.document'),(4329,'journals/1/articles/1609/submission/1609-1-4947-1-2-20210426.docx','application/vnd.openxmlformats-officedocument.wordprocessingml.document'),(4330,'journals/1/articles/1234/submission/review/attachment/1234--4948-1-5-20210427.docx','application/vnd.openxmlformats-officedocument.wordprocessingml.document'),(4331,'journals/1/articles/1610/submission/1610-1-4954-1-2-20210427.docx','application/vnd.openxmlformats-officedocument.wordprocessingml.document'),(4332,'journals/1/articles/1444/submission/proof/1444-1-4955-1-10-20210427.pdf','application/pdf'),(4333,'journals/1/articles/1439/submission/query/1439-1-4957-1-18-20210428.pdf','application/pdf'),(4334,'journals/1/articles/1312/submission/query/1312-1-4958-1-18-20210428.pdf','application/pdf'),(4335,'journals/1/articles/964/submission/query/964-1-4959-1-18-20210428.pdf','application/pdf'),(4336,'journals/1/articles/964/submission/query/964-1-4960-1-18-20210428.pdf','application/pdf'),(4337,'journals/1/articles/1342/submission/query/1342-1-4961-1-18-20210428.pdf','application/pdf'),(4338,'journals/1/articles/964/submission/query/964-1-4962-1-18-20210428.pdf','application/pdf'),(4339,'journals/1/articles/1229/submission/query/1229-1-4963-1-18-20210428.pdf','application/pdf'),(4340,'journals/1/articles/1395/submission/query/1395-1-4964-1-18-20210428.pdf','application/pdf'),(4341,'journals/1/articles/964/submission/query/964-1-4965-1-18-20210428.pdf','application/pdf'),(4342,'journals/1/articles/964/submission/query/964-1-4966-1-18-20210429.pdf','application/pdf'),(4343,'journals/1/articles/964/submission/query/964-1-4967-1-18-20210429.pdf','application/pdf'),(4344,'journals/1/articles/1229/submission/query/1229-12-4968-1-18-20210429.pdf','application/pdf'),(4345,'journals/1/articles/964/submission/query/964-1-4969-1-18-20210429.docx','application/vnd.openxmlformats-officedocument.wordprocessingml.document'),(4346,'journals/1/articles/1229/submission/query/1229-1-4970-1-18-20210429.docx','application/vnd.openxmlformats-officedocument.wordprocessingml.document'),(4347,'journals/1/articles/1342/submission/query/1342-1-4971-1-18-20210429.docx','application/vnd.openxmlformats-officedocument.wordprocessingml.document'),(4348,'journals/1/articles/988/submission/final/988-1-4972-1-6-20210205.docx','application/vnd.openxmlformats-officedocument.wordprocessingml.document'),(4349,'journals/1/articles/988/submission/final/988-12-4973-1-6-20210205.docx','application/vnd.openxmlformats-officedocument.wordprocessingml.document'),(4350,'journals/1/articles/1276/submission/review/revision/1276-12-4974-1-15-20210430.docx','application/vnd.openxmlformats-officedocument.wordprocessingml.document'),(4351,'journals/1/articles/882/submission/review/revision/882-1-4975-1-15-20210430.docx','application/vnd.openxmlformats-officedocument.wordprocessingml.document'),(4352,'journals/1/articles/1276/submission/review/revision/1276-12-4978-1-15-20210430.docx','application/vnd.openxmlformats-officedocument.wordprocessingml.document'),(4353,'journals/1/articles/1276/submission/final/1276-12-4979-1-6-20210430.docx','application/vnd.openxmlformats-officedocument.wordprocessingml.document'),(4354,'journals/1/articles/1613/submission/1613-1-4982-1-2-20210503.docx','application/vnd.openxmlformats-officedocument.wordprocessingml.document'),(4355,'journals/1/articles/1612/submission/1612-1-4983-1-2-20210503.docx','application/vnd.openxmlformats-officedocument.wordprocessingml.document'),(4356,'journals/1/articles/1351/submission/1351-1-4984-1-2-20210503.docx','application/vnd.openxmlformats-officedocument.wordprocessingml.document'),(4357,'journals/1/articles/1614/submission/1614-1-4985-1-2-20210503.docx','application/vnd.openxmlformats-officedocument.wordprocessingml.document'),(4358,'journals/1/articles/1431/submission/review/1431-1-4986-1-4-20201209.docx','application/vnd.openxmlformats-officedocument.wordprocessingml.document'),(4359,'journals/1/articles/882/attachment/882-1-4987-1-13-20210503.docx','application/vnd.openxmlformats-officedocument.wordprocessingml.document'),(4360,'journals/1/articles/882/submission/final/882-1-4988-1-6-20210503.docx','application/vnd.openxmlformats-officedocument.wordprocessingml.document'),(4361,'journals/1/articles/1598/submission/1598-1-4989-1-2-20210503.docx','application/vnd.openxmlformats-officedocument.wordprocessingml.document'),(4362,'journals/1/articles/1598/submission/review/1598-1-4990-1-4-20210503.docx','application/vnd.openxmlformats-officedocument.wordprocessingml.document'),(4363,'journals/1/articles/1395/submission/query/1395-1-4991-1-18-20210503.pdf','application/pdf'),(4364,'journals/1/articles/1615/submission/1615-1-4992-1-2-20210504.docx','application/vnd.openxmlformats-officedocument.wordprocessingml.document'),(4365,'journals/1/articles/1615/submission/1615-1-4992-2-2-20210504.docx','application/vnd.openxmlformats-officedocument.wordprocessingml.document'),(4366,'journals/1/articles/1615/submission/1615-1-4992-3-2-20210504.docx','application/vnd.openxmlformats-officedocument.wordprocessingml.document'),(4367,'journals/1/articles/1615/submission/1615-3-4996-1-2-20210504.docx','application/vnd.openxmlformats-officedocument.wordprocessingml.document'),(4368,'journals/1/articles/1615/submission/1615-4-4997-1-2-20210504.docx','application/vnd.openxmlformats-officedocument.wordprocessingml.document'),(4369,'journals/1/articles/1615/submission/1615-8-4998-1-2-20210504.docx','application/vnd.openxmlformats-officedocument.wordprocessingml.document'),(4370,'journals/1/articles/1206/submission/review/revision/1206-1-4999-1-15-20210505.docx','application/vnd.openxmlformats-officedocument.wordprocessingml.document'),(4371,'journals/1/articles/1206/submission/review/revision/1206-1-4999-2-15-20210505.docx','application/vnd.openxmlformats-officedocument.wordprocessingml.document'),(4372,'journals/1/articles/964/submission/copyedit/964-1-5000-1-9-20210428.pdf','application/pdf'),(4373,'journals/1/articles/964/submission/copyedit/964-12-5001-1-9-20210505.docx','application/vnd.openxmlformats-officedocument.wordprocessingml.document'),(4374,'journals/1/articles/964/submission/productionReady/964-12-5003-1-11-20210505.docx','application/vnd.openxmlformats-officedocument.wordprocessingml.document'),(4375,'journals/1/articles/1616/submission/1616-1-5004-1-2-20210505.docx','application/vnd.openxmlformats-officedocument.wordprocessingml.document'),(4376,'journals/1/articles/1229/submission/copyedit/1229-1-5005-1-9-20210505.docx','application/vnd.openxmlformats-officedocument.wordprocessingml.document'),(4377,'journals/1/articles/964/submission/proof/964-1-5006-1-10-20210505.pdf','application/pdf'),(4378,'journals/1/articles/1206/submission/final/1206-1-5007-1-6-20210505.docx','application/vnd.openxmlformats-officedocument.wordprocessingml.document'),(4379,'journals/1/articles/934/submission/review/attachment/934--5008-1-5-20210506.docx','application/vnd.openxmlformats-officedocument.wordprocessingml.document'),(4380,'journals/1/articles/934/submission/review/934-1-5009-1-4-20210506.docx','application/vnd.openxmlformats-officedocument.wordprocessingml.document'),(4381,'journals/1/articles/1395/submission/copyedit/1395-1-5010-1-9-20210506.docx','application/vnd.openxmlformats-officedocument.wordprocessingml.document'),(4382,'journals/1/articles/1395/submission/productionReady/1395-1-5011-1-11-20210506.docx','application/vnd.openxmlformats-officedocument.wordprocessingml.document'),(4383,'journals/1/articles/1395/submission/productionReady/1395-1-5012-1-11-20210506.docx','application/vnd.openxmlformats-officedocument.wordprocessingml.document'),(4384,'journals/1/articles/988/submission/query/988-1-5013-1-18-20210506.pdf','application/pdf'),(4385,'journals/1/articles/988/submission/query/988-1-5014-1-18-20210506.docx','application/vnd.openxmlformats-officedocument.wordprocessingml.document'),(4386,'journals/1/articles/1460/submission/query/1460-1-5015-1-18-20210508.docx','application/vnd.openxmlformats-officedocument.wordprocessingml.document'),(4387,'journals/1/articles/882/submission/query/882-1-5017-1-18-20210508.pdf','application/pdf'),(4388,'journals/1/articles/882/submission/query/882-1-5018-1-18-20210508.pdf','application/pdf'),(4389,'journals/1/articles/1617/submission/1617-1-5019-1-2-20210509.docx','application/vnd.openxmlformats-officedocument.wordprocessingml.document'),(4390,'journals/1/articles/882/submission/query/882-1-5021-1-18-20210510.pdf','application/pdf'),(4391,'journals/1/articles/882/submission/copyedit/882-1-5022-1-9-20210510.docx','application/vnd.openxmlformats-officedocument.wordprocessingml.document'),(4392,'journals/1/articles/882/submission/productionReady/882-1-5023-1-11-20210510.docx','application/vnd.openxmlformats-officedocument.wordprocessingml.document'),(4393,'journals/1/articles/882/submission/productionReady/882-1-5024-1-11-20210510.docx','application/vnd.openxmlformats-officedocument.wordprocessingml.document'),(4394,'journals/1/articles/1618/submission/1618-1-5025-1-2-20210511.docx','application/vnd.openxmlformats-officedocument.wordprocessingml.document'),(4395,'journals/1/articles/1276/submission/query/1276-1-5026-1-18-20210511.pdf','application/pdf'),(4396,'journals/1/articles/1276/submission/query/1276-1-5027-1-18-20210511.pdf','application/pdf'),(4397,'journals/1/articles/1206/submission/query/1206-1-5028-1-18-20210511.pdf','application/pdf'),(4398,'journals/1/articles/1342/submission/copyedit/1342-1-5029-1-9-20210511.docx','application/vnd.openxmlformats-officedocument.wordprocessingml.document'),(4399,'journals/1/articles/1342/submission/productionReady/1342-1-5030-1-11-20210511.docx','application/vnd.openxmlformats-officedocument.wordprocessingml.document'),(4400,'journals/1/articles/1620/submission/1620-1-5031-1-2-20210512.docx','application/vnd.openxmlformats-officedocument.wordprocessingml.document'),(4401,'journals/1/articles/1620/submission/1620-12-5032-1-2-20210512.docx','application/vnd.openxmlformats-officedocument.wordprocessingml.document'),(4402,'journals/1/articles/1206/submission/query/1206-1-5035-1-18-20210512.pdf','application/pdf'),(4403,'journals/1/articles/1206/submission/query/1206-12-5036-1-18-20210512.png','image/png'),(4404,'journals/1/articles/1206/submission/query/1206-12-5037-1-18-20210512.png','image/png'),(4405,'journals/1/articles/1621/submission/1621-1-5039-1-2-20210512.docx','application/vnd.openxmlformats-officedocument.wordprocessingml.document'),(4406,'journals/1/articles/1622/submission/1622-1-5040-1-2-20210513.docx','application/vnd.openxmlformats-officedocument.wordprocessingml.document'),(4407,'journals/1/articles/1623/submission/1623-8-5041-1-2-20210513.docx','application/vnd.openxmlformats-officedocument.wordprocessingml.document'),(4408,'journals/1/articles/1624/submission/1624-1-5042-1-2-20210513.docx','application/vnd.openxmlformats-officedocument.wordprocessingml.document'),(4409,'journals/1/articles/1625/submission/1625-1-5043-1-2-20210515.docx','application/vnd.openxmlformats-officedocument.wordprocessingml.document'),(4410,'journals/1/articles/1625/submission/1625-12-5044-1-2-20210515.docx','application/vnd.openxmlformats-officedocument.wordprocessingml.document'),(4411,'journals/1/articles/1453/submission/productionReady/1453-1-5045-1-11-20210517.docx','application/vnd.openxmlformats-officedocument.wordprocessingml.document'),(4412,'journals/1/articles/1439/submission/copyedit/1439-1-5046-1-9-20210517.docx','application/vnd.openxmlformats-officedocument.wordprocessingml.document'),(4413,'journals/1/articles/1439/submission/productionReady/1439-1-5047-1-11-20210517.docx','application/vnd.openxmlformats-officedocument.wordprocessingml.document'),(4414,'journals/1/articles/1276/submission/copyedit/1276-1-5048-1-9-20210517.docx','application/vnd.openxmlformats-officedocument.wordprocessingml.document'),(4415,'journals/1/articles/1276/submission/productionReady/1276-1-5049-1-11-20210517.docx','application/vnd.openxmlformats-officedocument.wordprocessingml.document'),(4416,'journals/1/articles/1626/submission/1626-1-5050-1-2-20210517.docx','application/vnd.openxmlformats-officedocument.wordprocessingml.document'),(4417,'journals/1/articles/1626/submission/1626-12-5051-1-2-20210517.docx','application/vnd.openxmlformats-officedocument.wordprocessingml.document'),(4418,'journals/1/articles/1626/submission/1626-12-5051-2-2-20210517.docx','application/vnd.openxmlformats-officedocument.wordprocessingml.document'),(4419,'journals/1/articles/1626/submission/1626-12-5052-1-2-20210517.pdf','application/pdf'),(4420,'journals/1/articles/1626/submission/1626-12-5053-1-2-20210517.docx','application/vnd.openxmlformats-officedocument.wordprocessingml.document'),(4421,'journals/1/articles/1312/submission/copyedit/1312-1-5054-1-9-20210517.docx','application/vnd.openxmlformats-officedocument.wordprocessingml.document'),(4422,'journals/1/articles/1312/submission/productionReady/1312-1-5055-1-11-20210517.docx','application/vnd.openxmlformats-officedocument.wordprocessingml.document'),(4424,'journals/1/articles/1229/submission/proof/1229-1-5057-1-10-20210517.pdf','application/pdf'),(4425,'journals/1/articles/1276/submission/proof/1276-1-5058-1-10-20210517.pdf','application/pdf'),(4426,'journals/1/articles/1342/submission/proof/1342-1-5059-1-10-20210517.pdf','application/pdf'),(4427,'journals/1/articles/1395/submission/proof/1395-1-5060-1-10-20210517.pdf','application/pdf'),(4428,'journals/1/articles/1439/submission/proof/1439-1-5061-1-10-20210517.pdf','application/pdf'),(4429,'journals/1/articles/1206/submission/copyedit/1206-1-5062-1-9-20210517.docx','application/vnd.openxmlformats-officedocument.wordprocessingml.document'),(4430,'journals/1/articles/1206/submission/productionReady/1206-1-5063-1-11-20210517.docx','application/vnd.openxmlformats-officedocument.wordprocessingml.document'),(4431,'journals/1/articles/934/submission/query/934-1-5064-1-18-20210517.docx','application/vnd.openxmlformats-officedocument.wordprocessingml.document'),(4432,'journals/1/articles/934/submission/query/934-12-5065-1-18-20210517.docx','application/vnd.openxmlformats-officedocument.wordprocessingml.document'),(4433,'journals/1/articles/988/submission/copyedit/988-1-5066-1-9-20210517.docx','application/vnd.openxmlformats-officedocument.wordprocessingml.document'),(4434,'journals/1/articles/988/submission/productionReady/988-1-5067-1-11-20210517.docx','application/vnd.openxmlformats-officedocument.wordprocessingml.document'),(4435,'journals/1/articles/988/submission/proof/988-1-5069-1-10-20210517.pdf','application/pdf'),(4436,'journals/1/articles/1206/submission/proof/1206-1-5070-1-10-20210517.pdf','application/pdf'),(4437,'journals/1/articles/1312/submission/proof/1312-1-5071-1-10-20210517.pdf','application/pdf'),(4438,'journals/1/articles/1453/submission/proof/1453-1-5072-1-10-20210517.pdf','application/pdf'),(4440,'journals/1/articles/882/60ae9cc72a66e.pdf','application/pdf');

--
-- Table structure for table `filter_groups`
--

CREATE TABLE `filter_groups` (
  `filter_group_id` bigint(20) NOT NULL AUTO_INCREMENT,
  `symbolic` varchar(255) DEFAULT NULL,
  `display_name` varchar(255) DEFAULT NULL,
  `description` varchar(255) DEFAULT NULL,
  `input_type` varchar(255) DEFAULT NULL,
  `output_type` varchar(255) DEFAULT NULL,
  PRIMARY KEY (`filter_group_id`),
  UNIQUE KEY `filter_groups_symbolic` (`symbolic`)
) ENGINE=MyISAM AUTO_INCREMENT=50 DEFAULT CHARSET=utf8;

--
-- Dumping data for table `filter_groups`
--

INSERT INTO `filter_groups` VALUES (1,'mods34=>mods34-xml','plugins.metadata.mods34.mods34XmlOutput.displayName','plugins.metadata.mods34.mods34XmlOutput.description','metadata::plugins.metadata.mods34.schema.Mods34Schema(*)','xml::schema(lib/pkp/plugins/metadata/mods34/filter/mods34.xsd)'),(4,'article=>dc11','plugins.metadata.dc11.articleAdapter.displayName','plugins.metadata.dc11.articleAdapter.description','class::classes.submission.Submission','metadata::plugins.metadata.dc11.schema.Dc11Schema(ARTICLE)'),(28,'native-xml=>SubmissionFile','plugins.importexport.native.displayName','plugins.importexport.native.description','xml::schema(plugins/importexport/native/native.xsd)','class::lib.pkp.classes.submission.SubmissionFile'),(27,'SupplementaryFile=>native-xml','plugins.importexport.native.displayName','plugins.importexport.native.description','class::lib.pkp.classes.submission.SupplementaryFile','xml::schema(plugins/importexport/native/native.xsd)'),(25,'SubmissionFile=>native-xml','plugins.importexport.native.displayName','plugins.importexport.native.description','class::lib.pkp.classes.submission.SubmissionFile','xml::schema(plugins/importexport/native/native.xsd)'),(26,'SubmissionArtworkFile=>native-xml','plugins.importexport.native.displayName','plugins.importexport.native.description','class::lib.pkp.classes.submission.SubmissionArtworkFile','xml::schema(plugins/importexport/native/native.xsd)'),(24,'native-xml=>author','plugins.importexport.native.displayName','plugins.importexport.native.description','xml::schema(plugins/importexport/native/native.xsd)','class::classes.article.Author[]'),(23,'author=>native-xml','plugins.importexport.native.displayName','plugins.importexport.native.description','class::classes.article.Author[]','xml::schema(plugins/importexport/native/native.xsd)'),(22,'native-xml=>issuegalley','plugins.importexport.native.displayName','plugins.importexport.native.description','xml::schema(plugins/importexport/native/native.xsd)','class::classes.issue.IssueGalley[]'),(21,'issuegalley=>native-xml','plugins.importexport.native.displayName','plugins.importexport.native.description','class::classes.issue.IssueGalley[]','xml::schema(plugins/importexport/native/native.xsd)'),(20,'native-xml=>issue','plugins.importexport.native.displayName','plugins.importexport.native.description','xml::schema(plugins/importexport/native/native.xsd)','class::classes.issue.Issue[]'),(18,'native-xml=>article','plugins.importexport.native.displayName','plugins.importexport.native.description','xml::schema(plugins/importexport/native/native.xsd)','class::classes.submission.Submission[]'),(19,'issue=>native-xml','plugins.importexport.native.displayName','plugins.importexport.native.description','class::classes.issue.Issue[]','xml::schema(plugins/importexport/native/native.xsd)'),(17,'article=>native-xml','plugins.importexport.native.displayName','plugins.importexport.native.description','class::classes.submission.Submission[]','xml::schema(plugins/importexport/native/native.xsd)'),(29,'native-xml=>SubmissionArtworkFile','plugins.importexport.native.displayName','plugins.importexport.native.description','xml::schema(plugins/importexport/native/native.xsd)','class::lib.pkp.classes.submission.SubmissionArtworkFile'),(30,'native-xml=>SupplementaryFile','plugins.importexport.native.displayName','plugins.importexport.native.description','xml::schema(plugins/importexport/native/native.xsd)','class::lib.pkp.classes.submission.SupplementaryFile'),(31,'article-galley=>native-xml','plugins.importexport.native.displayName','plugins.importexport.native.description','class::classes.article.ArticleGalley','xml::schema(plugins/importexport/native/native.xsd)'),(32,'native-xml=>ArticleGalley','plugins.importexport.native.displayName','plugins.importexport.native.description','xml::schema(plugins/importexport/native/native.xsd)','class::classes.article.ArticleGalley[]'),(33,'user=>user-xml','plugins.importexport.users.displayName','plugins.importexport.users.description','class::lib.pkp.classes.user.User[]','xml::schema(lib/pkp/plugins/importexport/users/pkp-users.xsd)'),(34,'user-xml=>user','plugins.importexport.users.displayName','plugins.importexport.users.description','xml::schema(lib/pkp/plugins/importexport/users/pkp-users.xsd)','class::classes.users.User[]'),(35,'usergroup=>user-xml','plugins.importexport.users.displayName','plugins.importexport.users.description','class::lib.pkp.classes.security.UserGroup[]','xml::schema(lib/pkp/plugins/importexport/users/pkp-users.xsd)'),(36,'user-xml=>usergroup','plugins.importexport.native.displayName','plugins.importexport.native.description','xml::schema(lib/pkp/plugins/importexport/users/pkp-users.xsd)','class::lib.pkp.classes.security.UserGroup[]'),(37,'article=>doaj-xml','plugins.importexport.doaj.displayName','plugins.importexport.doaj.description','class::classes.submission.Submission[]','xml::schema(plugins/importexport/doaj/doajArticles.xsd)'),(38,'article=>doaj-json','plugins.importexport.doaj.displayName','plugins.importexport.doaj.description','class::classes.submission.Submission','primitive::string'),(39,'issue=>crossref-xml','plugins.importexport.crossref.displayName','plugins.importexport.crossref.description','class::classes.issue.Issue[]','xml::schema(https://www.crossref.org/schemas/crossref4.3.6.xsd)'),(40,'article=>crossref-xml','plugins.importexport.crossref.displayName','plugins.importexport.crossref.description','class::classes.submission.Submission[]','xml::schema(https://www.crossref.org/schemas/crossref4.3.6.xsd)'),(41,'issue=>datacite-xml','plugins.importexport.datacite.displayName','plugins.importexport.datacite.description','class::classes.issue.Issue','xml::schema(http://schema.datacite.org/meta/kernel-4/metadata.xsd)'),(42,'article=>datacite-xml','plugins.importexport.datacite.displayName','plugins.importexport.datacite.description','class::classes.submission.Submission','xml::schema(http://schema.datacite.org/meta/kernel-4/metadata.xsd)'),(43,'galley=>datacite-xml','plugins.importexport.datacite.displayName','plugins.importexport.datacite.description','class::classes.article.ArticleGalley','xml::schema(http://schema.datacite.org/meta/kernel-4/metadata.xsd)'),(44,'article=>pubmed-xml','plugins.importexport.pubmed.displayName','plugins.importexport.pubmed.description','class::classes.submission.Submission[]','xml::dtd'),(48,'publication=>native-xml','plugins.importexport.native.displayName','plugins.importexport.native.description','class::classes.publication.Publication','xml::schema(plugins/importexport/native/native.xsd)'),(49,'native-xml=>Publication','plugins.importexport.native.displayName','plugins.importexport.native.description','xml::schema(plugins/importexport/native/native.xsd)','class::classes.publication.Publication');

--
-- Table structure for table `filter_settings`
--

CREATE TABLE `filter_settings` (
  `filter_id` bigint(20) NOT NULL,
  `locale` varchar(14) NOT NULL DEFAULT '',
  `setting_name` varchar(255) NOT NULL,
  `setting_value` text,
  `setting_type` varchar(6) NOT NULL,
  UNIQUE KEY `filter_settings_pkey` (`filter_id`,`locale`,`setting_name`),
  KEY `filter_settings_id` (`filter_id`)
) ENGINE=MyISAM DEFAULT CHARSET=utf8;

--
-- Dumping data for table `filter_settings`
--

INSERT INTO `filter_settings` VALUES (8,'','citationOutputFilterName','lib.pkp.plugins.metadata.nlm30.filter.Nlm30CitationSchemaNlm30XmlFilter','string'),(8,'','metadataSchemaName','lib.pkp.plugins.metadata.nlm30.schema.Nlm30CitationSchema','string'),(9,'','settingsMapping','{\"apiKey\":[\"seq1_apiKey\",\"seq2_apiKey\"],\"isOptional\":[\"seq1_isOptional\",\"seq2_isOptional\"]}','object'),(10,'','citationOutputFilterName','lib.pkp.plugins.metadata.nlm30.filter.Nlm30CitationSchemaNlm30XmlFilter','string'),(10,'','metadataSchemaName','lib.pkp.plugins.metadata.nlm30.schema.Nlm30CitationSchema','string'),(11,'','xsl','lib/pkp/plugins/metadata/nlm30/filter/nlm30-to-23-ref-list.xsl','string'),(11,'','xslType','2','int'),(12,'','settingsMapping','{\"apiKey\":[\"seq1_apiKey\",\"seq2_apiKey\"],\"isOptional\":[\"seq1_isOptional\",\"seq2_isOptional\"]}','object'),(13,'','phpVersionMin','5.0.0','string'),(14,'','phpVersionMin','5.0.0','string'),(15,'','phpVersionMin','5.0.0','string'),(16,'','phpVersionMin','5.0.0','string'),(17,'','phpVersionMin','5.0.0','string'),(19,'','ordering','2','int'),(19,'','citationOutputFilterName','lib.pkp.plugins.citationOutput.apa.filter.Nlm30CitationSchemaApaFilter','string'),(19,'','metadataSchemaName','lib.pkp.plugins.metadata.nlm30.schema.Nlm30CitationSchema','string'),(21,'','ordering','1','int'),(21,'','citationOutputFilterName','lib.pkp.plugins.citationOutput.vancouver.filter.Nlm30CitationSchemaVancouverFilter','string'),(21,'','metadataSchemaName','lib.pkp.plugins.metadata.nlm30.schema.Nlm30CitationSchema','string'),(23,'','ordering','2','int'),(23,'','citationOutputFilterName','lib.pkp.plugins.citationOutput.abnt.filter.Nlm30CitationSchemaAbntFilter','string'),(23,'','metadataSchemaName','lib.pkp.plugins.metadata.nlm30.schema.Nlm30CitationSchema','string'),(25,'','ordering','2','int'),(25,'','citationOutputFilterName','lib.pkp.plugins.citationOutput.mla.filter.Nlm30CitationSchemaMlaFilter','string'),(25,'','metadataSchemaName','lib.pkp.plugins.metadata.nlm30.schema.Nlm30CitationSchema','string'),(26,'','phpVersionMin','5.0.0','string'),(27,'','phpVersionMin','5.0.0','string'),(28,'','phpVersionMin','5.0.0','string'),(29,'','phpVersionMin','5.0.0','string');

--
-- Table structure for table `filters`
--

CREATE TABLE `filters` (
  `filter_id` bigint(20) NOT NULL AUTO_INCREMENT,
  `filter_group_id` bigint(20) NOT NULL DEFAULT '0',
  `context_id` bigint(20) NOT NULL DEFAULT '0',
  `display_name` varchar(255) DEFAULT NULL,
  `class_name` varchar(255) DEFAULT NULL,
  `is_template` tinyint(4) NOT NULL DEFAULT '0',
  `parent_filter_id` bigint(20) NOT NULL DEFAULT '0',
  `seq` bigint(20) NOT NULL DEFAULT '0',
  PRIMARY KEY (`filter_id`)
) ENGINE=MyISAM AUTO_INCREMENT=63 DEFAULT CHARSET=utf8;

--
-- Dumping data for table `filters`
--

INSERT INTO `filters` VALUES (1,1,0,'MODS 3.4','lib.pkp.plugins.metadata.mods34.filter.Mods34DescriptionXmlFilter',0,0,0),(4,4,0,'Extract metadata from a(n) Article','plugins.metadata.dc11.filter.Dc11SchemaArticleAdapter',0,0,0),(5,5,0,'Extract metadata from a(n) Citation','lib.pkp.plugins.metadata.nlm30.filter.Nlm30CitationSchemaCitationAdapter',0,0,0),(6,6,0,'Inject metadata into a(n) Citation','lib.pkp.plugins.metadata.nlm30.filter.Nlm30CitationSchemaCitationAdapter',0,0,0),(7,10,0,'NLM 3.0 XML Citation Output','lib.pkp.plugins.metadata.nlm30.filter.Nlm30CitationSchemaNlm30XmlFilter',0,0,0),(8,11,0,'NLM Journal Publishing V3.0 ref-list','lib.pkp.plugins.metadata.nlm30.filter.PKPSubmissionNlm30XmlFilter',0,0,0),(9,12,0,'NLM Journal Publishing V2.3 ref-list','lib.pkp.classes.filter.GenericSequencerFilter',0,0,0),(10,11,0,'NLM 2.3: NLM 3.0','lib.pkp.plugins.metadata.nlm30.filter.PKPSubmissionNlm30XmlFilter',0,9,1),(11,13,0,'NLM 2.3: NLM 3.0 to 2.3','lib.pkp.classes.xslt.XSLTransformationFilter',0,9,2),(12,8,0,'ISBNdb','lib.pkp.classes.filter.GenericSequencerFilter',1,0,0),(13,15,0,'ISBNdb (from NLM)','lib.pkp.plugins.citationLookup.isbndb.filter.IsbndbNlm30CitationSchemaIsbnFilter',0,12,1),(14,16,0,'ISBNdb','lib.pkp.plugins.citationLookup.isbndb.filter.IsbndbIsbnNlm30CitationSchemaFilter',0,12,2),(15,8,0,'PubMed','lib.pkp.plugins.citationLookup.pubmed.filter.PubmedNlm30CitationSchemaFilter',1,0,0),(16,8,0,'WorldCat','lib.pkp.plugins.citationLookup.worldcat.filter.WorldcatNlm30CitationSchemaFilter',1,0,0),(17,8,0,'CrossRef','lib.pkp.plugins.citationLookup.crossref.filter.CrossrefNlm30CitationSchemaFilter',1,0,0),(18,9,0,'APA Citation Output','lib.pkp.plugins.citationOutput.apa.filter.Nlm30CitationSchemaApaFilter',0,0,0),(19,14,0,'APA Reference List','lib.pkp.classes.citation.PlainTextReferencesListFilter',0,0,0),(20,9,0,'Vancouver Citation Output','lib.pkp.plugins.citationOutput.vancouver.filter.Nlm30CitationSchemaVancouverFilter',0,0,0),(21,14,0,'Vancouver Reference List','lib.pkp.classes.citation.PlainTextReferencesListFilter',0,0,0),(22,9,0,'ABNT Citation Output','lib.pkp.plugins.citationOutput.abnt.filter.Nlm30CitationSchemaAbntFilter',0,0,0),(23,14,0,'ABNT Reference List','lib.pkp.classes.citation.PlainTextReferencesListFilter',0,0,0),(24,9,0,'MLA Citation Output','lib.pkp.plugins.citationOutput.mla.filter.Nlm30CitationSchemaMlaFilter',0,0,0),(25,14,0,'MLA Reference List','lib.pkp.classes.citation.PlainTextReferencesListFilter',0,0,0),(26,7,0,'ParaCite','lib.pkp.plugins.citationParser.paracite.filter.ParaciteRawCitationNlm30CitationSchemaFilter',1,0,0),(27,7,0,'RegEx','lib.pkp.plugins.citationParser.regex.filter.RegexRawCitationNlm30CitationSchemaFilter',1,0,0),(28,7,0,'FreeCite','lib.pkp.plugins.citationParser.freecite.filter.FreeciteRawCitationNlm30CitationSchemaFilter',1,0,0),(29,7,0,'ParsCit','lib.pkp.plugins.citationParser.parscit.filter.ParscitRawCitationNlm30CitationSchemaFilter',1,0,0),(30,17,0,'Native XML submission export','plugins.importexport.native.filter.ArticleNativeXmlFilter',0,0,0),(31,18,0,'Native XML submission import','plugins.importexport.native.filter.NativeXmlArticleFilter',0,0,0),(32,19,0,'Native XML issue export','plugins.importexport.native.filter.IssueNativeXmlFilter',0,0,0),(33,20,0,'Native XML issue import','plugins.importexport.native.filter.NativeXmlIssueFilter',0,0,0),(34,21,0,'Native XML issue galley export','plugins.importexport.native.filter.IssueGalleyNativeXmlFilter',0,0,0),(35,22,0,'Native XML issue galley import','plugins.importexport.native.filter.NativeXmlIssueGalleyFilter',0,0,0),(36,23,0,'Native XML author export','plugins.importexport.native.filter.AuthorNativeXmlFilter',0,0,0),(37,24,0,'Native XML author import','plugins.importexport.native.filter.NativeXmlAuthorFilter',0,0,0),(38,28,0,'Native XML submission file import','plugins.importexport.native.filter.NativeXmlArticleFileFilter',0,0,0),(39,29,0,'Native XML submission file import','plugins.importexport.native.filter.NativeXmlArtworkFileFilter',0,0,0),(40,30,0,'Native XML submission file import','plugins.importexport.native.filter.NativeXmlSupplementaryFileFilter',0,0,0),(41,25,0,'Native XML submission file export','lib.pkp.plugins.importexport.native.filter.SubmissionFileNativeXmlFilter',0,0,0),(42,26,0,'Native XML submission file export','plugins.importexport.native.filter.ArtworkFileNativeXmlFilter',0,0,0),(43,27,0,'Native XML submission file export','plugins.importexport.native.filter.SupplementaryFileNativeXmlFilter',0,0,0),(44,31,0,'Native XML representation export','plugins.importexport.native.filter.ArticleGalleyNativeXmlFilter',0,0,0),(45,32,0,'Native XML representation import','plugins.importexport.native.filter.NativeXmlArticleGalleyFilter',0,0,0),(46,33,0,'User XML user export','lib.pkp.plugins.importexport.users.filter.PKPUserUserXmlFilter',0,0,0),(47,34,0,'User XML user import','lib.pkp.plugins.importexport.users.filter.UserXmlPKPUserFilter',0,0,0),(48,35,0,'Native XML user group export','lib.pkp.plugins.importexport.users.filter.UserGroupNativeXmlFilter',0,0,0),(49,36,0,'Native XML user group import','lib.pkp.plugins.importexport.users.filter.NativeXmlUserGroupFilter',0,0,0),(50,37,0,'DOAJ XML export','plugins.importexport.doaj.filter.DOAJXmlFilter',0,0,0),(51,38,0,'DOAJ JSON export','plugins.importexport.doaj.filter.DOAJJsonFilter',0,0,0),(52,39,0,'Crossref XML issue export','plugins.importexport.crossref.filter.IssueCrossrefXmlFilter',0,0,0),(53,40,0,'Crossref XML issue export','plugins.importexport.crossref.filter.ArticleCrossrefXmlFilter',0,0,0),(54,41,0,'DataCite XML export','plugins.importexport.datacite.filter.DataciteXmlFilter',0,0,0),(55,42,0,'DataCite XML export','plugins.importexport.datacite.filter.DataciteXmlFilter',0,0,0),(56,43,0,'DataCite XML export','plugins.importexport.datacite.filter.DataciteXmlFilter',0,0,0),(57,44,0,'ArticlePubMedXmlFilter','plugins.importexport.pubmed.filter.ArticlePubMedXmlFilter',0,0,0),(61,48,0,'Native XML Publication export','plugins.importexport.native.filter.PublicationNativeXmlFilter',0,0,0),(62,49,0,'Native XML publication import','plugins.importexport.native.filter.NativeXmlPublicationFilter',0,0,0);

--
-- Table structure for table `genre_settings`
--

CREATE TABLE `genre_settings` (
  `genre_id` bigint(20) NOT NULL,
  `locale` varchar(14) NOT NULL DEFAULT '',
  `setting_name` varchar(255) NOT NULL,
  `setting_value` text,
  `setting_type` varchar(6) NOT NULL,
  UNIQUE KEY `genre_settings_pkey` (`genre_id`,`locale`,`setting_name`),
  KEY `genre_settings_genre_id` (`genre_id`)
) ENGINE=InnoDB DEFAULT CHARSET=utf8;

--
-- Dumping data for table `genre_settings`
--

INSERT INTO `genre_settings` VALUES (1,'en_US','name','Article Text','string'),(1,'es_AR','name','##default.genres.article##','string'),(1,'es_ES','name','Texto del artículo','string'),(1,'pt_BR','name','Texto do artigo','string'),(2,'en_US','name','Research Instrument','string'),(2,'es_AR','name','##default.genres.researchInstrument##','string'),(2,'es_ES','name','Instrumento de investigación','string'),(2,'pt_BR','name','Instrumento de pesquisa','string'),(3,'en_US','name','Research Materials','string'),(3,'es_AR','name','##default.genres.researchMaterials##','string'),(3,'es_ES','name','Materiales de investigación','string'),(3,'pt_BR','name','Materiais de pesquisa','string'),(4,'en_US','name','Research Results','string'),(4,'es_AR','name','##default.genres.researchResults##','string'),(4,'es_ES','name','Resultados de la investigación','string'),(4,'pt_BR','name','Resultados de pesquisa','string'),(5,'en_US','name','Transcripts','string'),(5,'es_AR','name','##default.genres.transcripts##','string'),(5,'es_ES','name','Transcripciones','string'),(5,'pt_BR','name','Transcrições','string'),(6,'en_US','name','Data Analysis','string'),(6,'es_AR','name','##default.genres.dataAnalysis##','string'),(6,'es_ES','name','Análisis de datos','string'),(6,'pt_BR','name','Análise de dados','string'),(7,'en_US','name','Data Set','string'),(7,'es_AR','name','##default.genres.dataSet##','string'),(7,'es_ES','name','Conjunto de datos','string'),(7,'pt_BR','name','Conjunto de dados','string'),(8,'en_US','name','Source Texts','string'),(8,'es_AR','name','##default.genres.sourceTexts##','string'),(8,'es_ES','name','Textos fuente','string'),(8,'pt_BR','name','Textos fonte','string'),(9,'en_US','name','Multimedia','string'),(9,'es_AR','name','##default.genres.multimedia##','string'),(9,'es_ES','name','Multimedia','string'),(9,'pt_BR','name','Multimedia','string'),(10,'en_US','name','Image','string'),(10,'es_AR','name','##default.genres.image##','string'),(10,'es_ES','name','Imagen','string'),(10,'pt_BR','name','Imagem','string'),(11,'en_US','name','HTML Stylesheet','string'),(11,'es_AR','name','##default.genres.styleSheet##','string'),(11,'es_ES','name','Hoja de estilo HTML','string'),(11,'fr_FR','name','','string'),(11,'pt_BR','name','Folha de Estilos','string'),(12,'en_US','name','Other','string'),(12,'es_AR','name','##default.genres.other##','string'),(12,'es_ES','name','Otro','string'),(12,'pt_BR','name','Outros','string'),(13,'en_US','name','Article Text','string'),(14,'en_US','name','Research Instrument','string'),(15,'en_US','name','Research Materials','string'),(16,'en_US','name','Research Results','string'),(17,'en_US','name','Transcripts','string'),(18,'en_US','name','Data Analysis','string'),(19,'en_US','name','Data Set','string'),(20,'en_US','name','Source Texts','string'),(21,'en_US','name','Multimedia','string'),(22,'en_US','name','Image','string'),(23,'en_US','name','HTML Stylesheet','string'),(24,'en_US','name','Other','string');

--
-- Table structure for table `genres`
--

CREATE TABLE `genres` (
  `genre_id` bigint(20) NOT NULL AUTO_INCREMENT,
  `context_id` bigint(20) NOT NULL,
  `seq` bigint(20) NOT NULL,
  `enabled` tinyint(4) NOT NULL DEFAULT '1',
  `category` bigint(20) NOT NULL DEFAULT '1',
  `dependent` tinyint(4) NOT NULL DEFAULT '0',
  `supplementary` smallint(6) NOT NULL DEFAULT '0',
  `entry_key` varchar(30) DEFAULT NULL,
  PRIMARY KEY (`genre_id`)
) ENGINE=InnoDB AUTO_INCREMENT=25 DEFAULT CHARSET=utf8;

--
-- Dumping data for table `genres`
--

INSERT INTO `genres` VALUES (1,1,0,1,1,0,0,'SUBMISSION'),(2,1,1,1,3,0,1,'RESEARCHINSTRUMENT'),(3,1,2,1,3,0,1,'RESEARCHMATERIALS'),(4,1,3,1,3,0,1,'RESEARCHRESULTS'),(5,1,4,1,3,0,1,'TRANSCRIPTS'),(6,1,5,1,3,0,1,'DATAANALYSIS'),(7,1,6,1,3,0,1,'DATASET'),(8,1,7,1,3,0,1,'SOURCETEXTS'),(9,1,8,1,1,1,1,'MULTIMEDIA'),(10,1,9,1,2,1,0,'IMAGE'),(11,1,10,1,1,1,0,'STYLE'),(12,1,11,1,3,0,1,'OTHER'),(13,2,0,1,1,0,0,'SUBMISSION'),(14,2,1,1,3,0,1,'RESEARCHINSTRUMENT'),(15,2,2,1,3,0,1,'RESEARCHMATERIALS'),(16,2,3,1,3,0,1,'RESEARCHRESULTS'),(17,2,4,1,3,0,1,'TRANSCRIPTS'),(18,2,5,1,3,0,1,'DATAANALYSIS'),(19,2,6,1,3,0,1,'DATASET'),(20,2,7,1,3,0,1,'SOURCETEXTS'),(21,2,8,1,1,1,1,'MULTIMEDIA'),(22,2,9,1,2,1,0,'IMAGE'),(23,2,10,1,1,1,0,'STYLE'),(24,2,11,1,3,0,1,'OTHER');

--
-- Table structure for table `group_memberships`
--

CREATE TABLE `group_memberships` (
  `user_id` bigint(20) NOT NULL,
  `group_id` bigint(20) NOT NULL,
  `about_displayed` tinyint(4) NOT NULL DEFAULT '1',
  `seq` double NOT NULL DEFAULT '0',
  UNIQUE KEY `group_memberships_pkey` (`user_id`,`group_id`)
) ENGINE=MyISAM DEFAULT CHARSET=utf8;

--
-- Dumping data for table `group_memberships`
--

INSERT INTO `group_memberships` VALUES (2,1,1,0);

--
-- Table structure for table `group_settings`
--

CREATE TABLE `group_settings` (
  `group_id` bigint(20) NOT NULL,
  `locale` varchar(5) NOT NULL DEFAULT '',
  `setting_name` varchar(255) NOT NULL,
  `setting_value` text,
  `setting_type` varchar(6) NOT NULL,
  UNIQUE KEY `group_settings_pkey` (`group_id`,`locale`,`setting_name`),
  KEY `group_settings_group_id` (`group_id`)
) ENGINE=MyISAM DEFAULT CHARSET=utf8;

--
-- Dumping data for table `group_settings`
--

INSERT INTO `group_settings` VALUES (1,'en_US','title','Editorial Board','string'),(3,'en_US','title','Reviewer','string');

--
-- Table structure for table `groups`
--

CREATE TABLE `groups` (
  `group_id` bigint(20) NOT NULL AUTO_INCREMENT,
  `assoc_type` smallint(6) DEFAULT NULL,
  `publish_email` smallint(6) DEFAULT NULL,
  `assoc_id` bigint(20) DEFAULT NULL,
  `context` bigint(20) DEFAULT NULL,
  `about_displayed` tinyint(4) NOT NULL DEFAULT '0',
  `seq` double NOT NULL DEFAULT '0',
  PRIMARY KEY (`group_id`),
  KEY `groups_assoc` (`assoc_type`,`assoc_id`)
) ENGINE=MyISAM AUTO_INCREMENT=4 DEFAULT CHARSET=utf8;

--
-- Dumping data for table `groups`
--

INSERT INTO `groups` VALUES (1,256,1,1,2,1,1),(3,256,1,1,2,1,2);

--
-- Table structure for table `institutional_subscription_ip`
--

CREATE TABLE `institutional_subscription_ip` (
  `institutional_subscription_ip_id` bigint(20) NOT NULL AUTO_INCREMENT,
  `subscription_id` bigint(20) NOT NULL,
  `ip_string` varchar(40) NOT NULL,
  `ip_start` bigint(20) NOT NULL,
  `ip_end` bigint(20) DEFAULT NULL,
  PRIMARY KEY (`institutional_subscription_ip_id`),
  KEY `institutional_subscription_ip_subscription_id` (`subscription_id`),
  KEY `institutional_subscription_ip_start` (`ip_start`),
  KEY `institutional_subscription_ip_end` (`ip_end`)
) ENGINE=MyISAM DEFAULT CHARSET=utf8;

--
-- Dumping data for table `institutional_subscription_ip`
--


--
-- Table structure for table `institutional_subscriptions`
--

CREATE TABLE `institutional_subscriptions` (
  `institutional_subscription_id` bigint(20) NOT NULL AUTO_INCREMENT,
  `subscription_id` bigint(20) NOT NULL,
  `institution_name` varchar(255) NOT NULL,
  `mailing_address` varchar(255) DEFAULT NULL,
  `domain` varchar(255) DEFAULT NULL,
  PRIMARY KEY (`institutional_subscription_id`),
  KEY `institutional_subscriptions_subscription_id` (`subscription_id`),
  KEY `institutional_subscriptions_domain` (`domain`)
) ENGINE=MyISAM DEFAULT CHARSET=utf8;

--
-- Dumping data for table `institutional_subscriptions`
--


--
-- Table structure for table `issue_files`
--

CREATE TABLE `issue_files` (
  `file_id` bigint(20) NOT NULL AUTO_INCREMENT,
  `issue_id` bigint(20) NOT NULL,
  `file_name` varchar(90) NOT NULL,
  `file_type` varchar(255) NOT NULL,
  `file_size` bigint(20) NOT NULL,
  `content_type` bigint(20) NOT NULL,
  `original_file_name` varchar(127) DEFAULT NULL,
  `date_uploaded` datetime NOT NULL,
  `date_modified` datetime NOT NULL,
  PRIMARY KEY (`file_id`),
  KEY `issue_files_issue_id` (`issue_id`)
) ENGINE=MyISAM AUTO_INCREMENT=3 DEFAULT CHARSET=utf8;

--
-- Dumping data for table `issue_files`
--

INSERT INTO `issue_files` VALUES (1,19,'19-1-PB.pdf','application/pdf',106222,1,'RIP03601.pdf','2017-04-10 11:43:57','2017-04-10 11:43:57'),(2,100,'100-2-PB.pdf','application/pdf',366314,1,'Edit1Urbaez.pdf','2019-07-08 05:05:45','2019-07-08 05:06:00');

--
-- Table structure for table `issue_galley_settings`
--

CREATE TABLE `issue_galley_settings` (
  `galley_id` bigint(20) NOT NULL,
  `locale` varchar(14) NOT NULL DEFAULT '',
  `setting_name` varchar(255) NOT NULL,
  `setting_value` text,
  `setting_type` varchar(6) NOT NULL,
  UNIQUE KEY `issue_galley_settings_pkey` (`galley_id`,`locale`,`setting_name`),
  KEY `issue_galley_settings_galley_id` (`galley_id`)
) ENGINE=MyISAM DEFAULT CHARSET=utf8;

--
-- Dumping data for table `issue_galley_settings`
--

INSERT INTO `issue_galley_settings` VALUES (1,'','pub-id::publisher-id','pdf_3','string');

--
-- Table structure for table `issue_galleys`
--

CREATE TABLE `issue_galleys` (
  `galley_id` bigint(20) NOT NULL AUTO_INCREMENT,
  `locale` varchar(14) DEFAULT NULL,
  `issue_id` bigint(20) NOT NULL,
  `file_id` bigint(20) NOT NULL,
  `label` varchar(32) DEFAULT NULL,
  `seq` double NOT NULL DEFAULT '0',
  `url_path` varchar(64) DEFAULT NULL,
  PRIMARY KEY (`galley_id`),
  KEY `issue_galleys_issue_id` (`issue_id`),
  KEY `issue_galleys_url_path` (`url_path`)
) ENGINE=MyISAM AUTO_INCREMENT=3 DEFAULT CHARSET=utf8;

--
-- Dumping data for table `issue_galleys`
--

INSERT INTO `issue_galleys` VALUES (1,'en_US',19,1,'PDF',0,'pdf_3');

--
-- Table structure for table `issue_settings`
--

CREATE TABLE `issue_settings` (
  `issue_id` bigint(20) NOT NULL,
  `locale` varchar(14) NOT NULL DEFAULT '',
  `setting_name` varchar(255) NOT NULL,
  `setting_value` text,
  `setting_type` varchar(6) NOT NULL,
  UNIQUE KEY `issue_settings_pkey` (`issue_id`,`locale`,`setting_name`),
  KEY `issue_settings_issue_id` (`issue_id`),
  KEY `issue_settings_name_value` (`setting_name`(50),`setting_value`(150))
) ENGINE=MyISAM DEFAULT CHARSET=utf8;

--
-- Dumping data for table `issue_settings`
--

INSERT INTO `issue_settings` VALUES (1,'en_US','title','Interamerican Journal of Psychology','string'),(1,'en_US','coverPageDescription','','string'),(1,'en_US','showCoverPage','0','int'),(1,'en_US','hideCoverPageArchives','0','int'),(1,'en_US','hideCoverPageCover','0','int'),(1,'en_US','description','','string'),(1,'','pub-id::publisher-id','IJP/RIP','string'),(2,'en_US','title','Interamerican Journal of Psychology','string'),(2,'en_US','coverPageDescription','','string'),(2,'en_US','showCoverPage','0','int'),(2,'en_US','hideCoverPageArchives','0','int'),(2,'en_US','hideCoverPageCover','0','int'),(2,'en_US','description','','string'),(3,'en_US','title','Interamerican Journal of Psychology','string'),(3,'en_US','coverPageDescription','','string'),(3,'en_US','showCoverPage','0','int'),(3,'en_US','hideCoverPageArchives','0','int'),(3,'en_US','hideCoverPageCover','0','int'),(3,'en_US','description','','string'),(4,'en_US','title','Interamerican Journal of Psychology','string'),(4,'en_US','coverPageDescription','','string'),(4,'en_US','showCoverPage','0','int'),(4,'en_US','hideCoverPageArchives','0','int'),(4,'en_US','hideCoverPageCover','0','int'),(4,'en_US','description','','string'),(5,'en_US','title','Interamerican Journal of Psychology','string'),(5,'en_US','showCoverPage','1','int'),(5,'en_US','originalFileName','IJP.jpg','string'),(5,'en_US','coverImage','cover_issue_5_en_US.jpg','string'),(5,'en_US','width','2428','int'),(5,'en_US','height','3232','int'),(6,'en_US','title','Interamerican Journal of Psychology','string'),(6,'en_US','showCoverPage','1','int'),(6,'en_US','originalFileName','45.2.jpg','string'),(6,'en_US','coverImage','cover_issue_6_en_US.jpg','string'),(6,'en_US','width','2480','int'),(6,'en_US','height','3276','int'),(7,'en_US','title','Interamerican Journal of Psychology','string'),(7,'en_US','showCoverPage','1','int'),(7,'en_US','originalFileName','Screen Shot 2013-01-04 at 9.41.40 AM.png','string'),(7,'en_US','coverImage','cover_issue_7_en_US.png','string'),(7,'en_US','width','618','int'),(7,'en_US','height','802','int'),(8,'en_US','title','Interamerican Journal of Psychology','string'),(8,'','pub-id::publisher-id','Interamerican Journal of Psychology','string'),(8,'en_US','showCoverPage','1','int'),(8,'en_US','originalFileName','Picture 1.png','string'),(8,'en_US','coverImage','cover_issue_8_en_US.png','string'),(8,'en_US','width','500','int'),(8,'en_US','height','670','int'),(9,'en_US','title','Interamerican Journal of Psychology','string'),(9,'en_US','showCoverPage','1','int'),(9,'en_US','originalFileName','V47n1 copy_Page_1.jpg','string'),(9,'en_US','coverImage','cover_issue_9_en_US.jpg','string'),(9,'en_US','width','1774','int'),(9,'en_US','height','2146','int'),(10,'en_US','title','Interamerican Journal of Psychology','string'),(10,'en_US','showCoverPage','1','int'),(10,'en_US','originalFileName','Journal_Cover_V47n2_Page_1.jpg','string'),(10,'en_US','coverImage','cover_issue_10_en_US.jpg','string'),(10,'en_US','width','1765','int'),(10,'en_US','height','2137','int'),(11,'en_US','title','Interamerican Journal of Psychology','string'),(11,'en_US','showCoverPage','1','int'),(11,'en_US','originalFileName','47.3cover.jpg','string'),(11,'en_US','coverImage','cover_issue_11_en_US.jpg','string'),(11,'en_US','width','487','int'),(11,'en_US','height','575','int'),(12,'en_US','title','Interamerican Journal of Psychology','string'),(12,'','pub-id::publisher-id','IJP_RIP','string'),(13,'en_US','title','Interamerican Journal of Psychology','string'),(13,'','pub-id::publisher-id','IJP','string'),(14,'en_US','title','Interamerican Journal of Psychology','string'),(15,'en_US','title','Interamerican Journal of Psychology','string'),(15,'en_US','showCoverPage','1','int'),(15,'en_US','originalFileName','46n3_Page_1.jpg','string'),(15,'en_US','coverImage','cover_issue_15_en_US.jpg','string'),(15,'en_US','width','1767','int'),(15,'en_US','height','2185','int'),(16,'en_US','title','Interamerican Journal of Psychology','string'),(16,'en_US','showCoverPage','1','int'),(16,'en_US','originalFileName','IJP_V46n2_Page_1.jpg','string'),(16,'en_US','coverImage','cover_issue_16_en_US.jpg','string'),(16,'en_US','width','1810','int'),(16,'en_US','height','2153','int'),(17,'en_US','title','Interamerican Journal of Psychology/Revista Interamericana de Psicologia','string'),(17,'en_US','coverPageDescription','','string'),(17,'en_US','showCoverPage','0','int'),(17,'en_US','hideCoverPageArchives','0','int'),(17,'en_US','hideCoverPageCover','0','int'),(17,'en_US','description','','string'),(17,'','excludeDoi','0','int'),(18,'en_US','title','Interamerican Journal of Psychology/Revista Interamericana de Psicologia','string'),(18,'en_US','coverPageDescription','','string'),(18,'en_US','showCoverPage','0','int'),(18,'en_US','hideCoverPageArchives','0','int'),(18,'en_US','hideCoverPageCover','0','int'),(18,'en_US','description','','string'),(18,'','excludeDoi','0','int'),(18,'en_US','coverImageAltText','','string'),(19,'en_US','title','Interamerican Journal of Psychology/Revista Interamericana de Psicologia','string'),(19,'en_US','coverPageDescription','','string'),(19,'en_US','showCoverPage','0','int'),(19,'en_US','hideCoverPageArchives','0','int'),(19,'en_US','hideCoverPageCover','0','int'),(19,'en_US','description','','string'),(19,'','excludeDoi','0','int'),(20,'en_US','title','Interamerican Journal of Psychology/Revista Interamericana de Psicologia','string'),(20,'en_US','coverPageDescription','','string'),(20,'en_US','showCoverPage','0','int'),(20,'en_US','hideCoverPageArchives','0','int'),(20,'en_US','hideCoverPageCover','0','int'),(20,'en_US','description','','string'),(20,'','excludeDoi','0','int'),(21,'en_US','title','Interamerican Journal of Psychology/Revista Interamericana de Psicologia','string'),(21,'en_US','coverPageDescription','','string'),(21,'en_US','showCoverPage','0','int'),(21,'en_US','hideCoverPageArchives','0','int'),(21,'en_US','hideCoverPageCover','0','int'),(21,'en_US','description','','string'),(21,'','excludeDoi','0','int'),(22,'en_US','title','Interamerican Journal of Psychology/Revista Interamericana de Psicologia','string'),(22,'en_US','coverPageDescription','','string'),(22,'en_US','showCoverPage','0','int'),(22,'en_US','hideCoverPageArchives','0','int'),(22,'en_US','hideCoverPageCover','0','int'),(22,'en_US','description','','string'),(22,'','excludeDoi','0','int'),(23,'en_US','title','Interamerican Journal of Psychology/Revista Interamericana de Psicologia','string'),(23,'en_US','coverPageDescription','','string'),(23,'en_US','showCoverPage','0','int'),(23,'en_US','hideCoverPageArchives','0','int'),(23,'en_US','hideCoverPageCover','0','int'),(23,'en_US','description','','string'),(23,'','excludeDoi','0','int'),(24,'en_US','title','Interamerican Journal of Psychology/Revista Interamericana de Psicologia','string'),(24,'en_US','coverPageDescription','','string'),(24,'en_US','showCoverPage','0','int'),(24,'en_US','hideCoverPageArchives','0','int'),(24,'en_US','hideCoverPageCover','0','int'),(24,'en_US','description','','string'),(24,'','excludeDoi','0','int'),(25,'en_US','title','Interamerican Journal of Psychology/Revista Interamericana de Psicología','string'),(25,'en_US','coverPageDescription','','string'),(25,'en_US','showCoverPage','0','int'),(25,'en_US','hideCoverPageArchives','0','int'),(25,'en_US','hideCoverPageCover','0','int'),(25,'en_US','description','','string'),(25,'','excludeDoi','0','int'),(26,'en_US','title','Interamerican Journal of Psychology/Revista Interamericana de Psicología','string'),(26,'en_US','coverPageDescription','','string'),(26,'en_US','showCoverPage','0','int'),(26,'en_US','hideCoverPageArchives','0','int'),(26,'en_US','hideCoverPageCover','0','int'),(26,'en_US','description','','string'),(26,'','excludeDoi','0','int'),(27,'en_US','title','Interamerican Journal of Psychology/Revista Interamericana de Psicología','string'),(27,'en_US','coverPageDescription','','string'),(27,'en_US','showCoverPage','0','int'),(27,'en_US','hideCoverPageArchives','0','int'),(27,'en_US','hideCoverPageCover','0','int'),(27,'en_US','description','','string'),(27,'','excludeDoi','0','int'),(28,'en_US','title','Interamerican Journal of Psychology/Revista Interamericana de Psicología','string'),(28,'en_US','coverPageDescription','','string'),(28,'en_US','showCoverPage','0','int'),(28,'en_US','hideCoverPageArchives','0','int'),(28,'en_US','hideCoverPageCover','0','int'),(28,'en_US','description','','string'),(28,'','excludeDoi','0','int'),(29,'en_US','title','Interamerican Journal of Psychology/Revista Interamericana de Psicología','string'),(29,'en_US','coverPageDescription','','string'),(29,'en_US','showCoverPage','0','int'),(29,'en_US','hideCoverPageArchives','0','int'),(29,'en_US','hideCoverPageCover','0','int'),(29,'en_US','description','','string'),(29,'','excludeDoi','0','int'),(30,'en_US','title','Interamerican Journal of Psychology/Revista Interamericana de Psicología','string'),(30,'en_US','coverPageDescription','','string'),(30,'en_US','showCoverPage','0','int'),(30,'en_US','hideCoverPageArchives','0','int'),(30,'en_US','hideCoverPageCover','0','int'),(30,'en_US','description','','string'),(30,'','excludeDoi','0','int'),(31,'en_US','title','Interamerican Journal of Psychology/Revista Interamericana de Psicología','string'),(31,'en_US','coverPageDescription','','string'),(31,'en_US','showCoverPage','0','int'),(31,'en_US','hideCoverPageArchives','0','int'),(31,'en_US','hideCoverPageCover','0','int'),(31,'en_US','description','','string'),(31,'','excludeDoi','0','int'),(32,'en_US','title','Interamerican Journal of Psychology/Revista Interamericana de Psicología','string'),(32,'en_US','coverPageDescription','','string'),(32,'en_US','showCoverPage','0','int'),(32,'en_US','hideCoverPageArchives','0','int'),(32,'en_US','hideCoverPageCover','0','int'),(32,'en_US','description','','string'),(32,'','excludeDoi','0','int'),(33,'en_US','title','Interamerican Journal of Psychology/Revista Interamericana de Psicología','string'),(33,'en_US','coverPageDescription','','string'),(33,'en_US','showCoverPage','0','int'),(33,'en_US','hideCoverPageArchives','0','int'),(33,'en_US','hideCoverPageCover','0','int'),(33,'en_US','description','','string'),(33,'','excludeDoi','0','int'),(34,'en_US','title','Interamerican Journal of Psychology/Revista Interamericana de Psicología','string'),(34,'en_US','coverPageDescription','','string'),(34,'en_US','showCoverPage','0','int'),(34,'en_US','hideCoverPageArchives','0','int'),(34,'en_US','hideCoverPageCover','0','int'),(34,'en_US','description','','string'),(34,'','excludeDoi','0','int'),(35,'en_US','title','Interamerican Journal of Psychology/Revista Interamericana de Psicología','string'),(35,'en_US','coverPageDescription','','string'),(35,'en_US','showCoverPage','0','int'),(35,'en_US','hideCoverPageArchives','0','int'),(35,'en_US','hideCoverPageCover','0','int'),(35,'en_US','description','','string'),(35,'','excludeDoi','0','int'),(37,'en_US','title','Interamerican Journal of Psychology/Revista Interamericana de Psicología','string'),(37,'en_US','coverPageDescription','','string'),(37,'en_US','showCoverPage','0','int'),(37,'en_US','hideCoverPageArchives','0','int'),(37,'en_US','hideCoverPageCover','0','int'),(37,'en_US','description','','string'),(37,'','excludeDoi','0','int'),(38,'en_US','title','Interamerican Journal of Psychology/Revista Interamericana de Psicología','string'),(38,'en_US','coverPageDescription','','string'),(38,'en_US','showCoverPage','0','int'),(38,'en_US','hideCoverPageArchives','0','int'),(38,'en_US','hideCoverPageCover','0','int'),(38,'en_US','description','','string'),(38,'','excludeDoi','0','int'),(39,'en_US','title','Interamerican Journal of Psychology/Revista Interamericana de Psicología','string'),(39,'en_US','coverPageDescription','','string'),(39,'en_US','showCoverPage','0','int'),(39,'en_US','hideCoverPageArchives','0','int'),(39,'en_US','hideCoverPageCover','0','int'),(39,'en_US','description','','string'),(39,'','excludeDoi','0','int'),(40,'en_US','title','Interamerican Journal of Psychology/Revista Interamericana de Psicología','string'),(40,'en_US','coverPageDescription','','string'),(40,'en_US','showCoverPage','0','int'),(40,'en_US','hideCoverPageArchives','0','int'),(40,'en_US','hideCoverPageCover','0','int'),(40,'en_US','description','','string'),(40,'','excludeDoi','0','int'),(41,'en_US','title','Interamerican Journal of Psychology/Revista Interamericana de Psicología','string'),(41,'en_US','coverPageDescription','','string'),(41,'en_US','showCoverPage','0','int'),(41,'en_US','hideCoverPageArchives','0','int'),(41,'en_US','hideCoverPageCover','0','int'),(41,'en_US','description','','string'),(41,'','excludeDoi','0','int'),(39,'en_US','coverImageAltText','','string'),(41,'en_US','coverImageAltText','','string'),(40,'en_US','coverImageAltText','','string'),(42,'en_US','title','Interamerican Journal of Psychology/Revista Interamericana de Psicología','string'),(42,'en_US','coverPageDescription','','string'),(42,'en_US','showCoverPage','0','int'),(42,'en_US','hideCoverPageArchives','0','int'),(42,'en_US','hideCoverPageCover','0','int'),(42,'en_US','description','','string'),(42,'','excludeDoi','0','int'),(43,'en_US','title','Interamerican Journal of Psychology/Revista Interamericana de Psicología','string'),(43,'en_US','coverPageDescription','','string'),(43,'en_US','showCoverPage','0','int'),(43,'en_US','hideCoverPageArchives','0','int'),(43,'en_US','hideCoverPageCover','0','int'),(43,'en_US','description','','string'),(43,'','excludeDoi','0','int'),(44,'en_US','title','Interamerican Journal of Psychology/Revista Interamericana de Psicología','string'),(44,'en_US','coverPageDescription','','string'),(44,'en_US','showCoverPage','0','int'),(44,'en_US','hideCoverPageArchives','0','int'),(44,'en_US','hideCoverPageCover','0','int'),(44,'en_US','description','','string'),(44,'','excludeDoi','0','int'),(44,'en_US','coverImageAltText','','string'),(45,'en_US','title','Interamerican Journal of Psychology/Revista Interamericana de Psicología','string'),(45,'en_US','coverPageDescription','','string'),(45,'en_US','showCoverPage','0','int'),(45,'en_US','hideCoverPageArchives','0','int'),(45,'en_US','hideCoverPageCover','0','int'),(45,'en_US','description','','string'),(45,'','excludeDoi','0','int'),(46,'en_US','title','Interamerican Journal of Psychology/Revista Interamericana de Psicología','string'),(46,'en_US','coverPageDescription','','string'),(46,'en_US','showCoverPage','0','int'),(46,'en_US','hideCoverPageArchives','0','int'),(46,'en_US','hideCoverPageCover','0','int'),(46,'en_US','description','','string'),(46,'','excludeDoi','0','int'),(47,'en_US','title','Interamerican Journal of Psychology/Revista Interamericana de Psicología','string'),(47,'en_US','coverPageDescription','','string'),(47,'en_US','showCoverPage','0','int'),(47,'en_US','hideCoverPageArchives','0','int'),(47,'en_US','hideCoverPageCover','0','int'),(47,'en_US','description','','string'),(47,'','excludeDoi','0','int'),(48,'en_US','title','Interamerican Journal of Psychology/Revista Interamericana de Psicología','string'),(48,'en_US','coverPageDescription','','string'),(48,'en_US','showCoverPage','0','int'),(48,'en_US','hideCoverPageArchives','0','int'),(48,'en_US','hideCoverPageCover','0','int'),(48,'en_US','description','','string'),(48,'','excludeDoi','0','int'),(49,'en_US','title','Interamerican Journal of Psychology/Revista Interamericana de Psicología','string'),(49,'en_US','coverPageDescription','','string'),(49,'en_US','showCoverPage','0','int'),(49,'en_US','hideCoverPageArchives','0','int'),(49,'en_US','hideCoverPageCover','0','int'),(49,'en_US','description','','string'),(49,'','excludeDoi','0','int'),(50,'en_US','title','Interamerican Journal of Psychology/Revista Interamericana de Psicología','string'),(50,'en_US','coverPageDescription','','string'),(50,'en_US','showCoverPage','0','int'),(50,'en_US','hideCoverPageArchives','0','int'),(50,'en_US','hideCoverPageCover','0','int'),(50,'en_US','description','','string'),(50,'','excludeDoi','0','int'),(51,'en_US','title','Interamerican Journal of Psychology/Revista Interamericana de Psicología','string'),(51,'en_US','coverPageDescription','','string'),(51,'en_US','showCoverPage','0','int'),(51,'en_US','hideCoverPageArchives','0','int'),(51,'en_US','hideCoverPageCover','0','int'),(51,'en_US','description','','string'),(51,'','excludeDoi','0','int'),(52,'en_US','title','Interamerican Journal of Psychology/Revista Interamericana de Psicología','string'),(52,'en_US','coverPageDescription','','string'),(52,'en_US','showCoverPage','0','int'),(52,'en_US','hideCoverPageArchives','0','int'),(52,'en_US','hideCoverPageCover','0','int'),(52,'en_US','description','','string'),(52,'','excludeDoi','0','int'),(53,'en_US','title','Interamerican Journal of Psychology/Revista Interamericana de Psicología','string'),(53,'en_US','coverPageDescription','','string'),(53,'en_US','showCoverPage','0','int'),(53,'en_US','hideCoverPageArchives','0','int'),(53,'en_US','hideCoverPageCover','0','int'),(53,'en_US','description','','string'),(53,'','excludeDoi','0','int'),(54,'en_US','title','Interamerican Journal of Psychology/Revista Interamericana de Psicología','string'),(54,'en_US','coverPageDescription','','string'),(54,'en_US','showCoverPage','0','int'),(54,'en_US','hideCoverPageArchives','0','int'),(54,'en_US','hideCoverPageCover','0','int'),(54,'en_US','description','','string'),(54,'','excludeDoi','0','int'),(55,'en_US','title','Interamerican Journal of Psychology/Revista Interamericana de Psicología','string'),(55,'en_US','coverPageDescription','','string'),(55,'en_US','showCoverPage','0','int'),(55,'en_US','hideCoverPageArchives','0','int'),(55,'en_US','hideCoverPageCover','0','int'),(55,'en_US','description','','string'),(55,'','excludeDoi','0','int'),(56,'en_US','title','Interamerican Journal of Psychology/Revista Interamericana de Psicología','string'),(56,'en_US','coverPageDescription','','string'),(56,'en_US','showCoverPage','0','int'),(56,'en_US','hideCoverPageArchives','0','int'),(56,'en_US','hideCoverPageCover','0','int'),(56,'en_US','description','','string'),(56,'','excludeDoi','0','int'),(57,'en_US','title','Interamerican Journal of Psychology/Revista Interamericana de Psicología','string'),(57,'en_US','coverPageDescription','','string'),(57,'en_US','showCoverPage','0','int'),(57,'en_US','hideCoverPageArchives','0','int'),(57,'en_US','hideCoverPageCover','0','int'),(57,'en_US','description','','string'),(57,'','excludeDoi','0','int'),(58,'en_US','title','Interamerican Journal of Psychology/Revista Interamericana de Psicología','string'),(58,'en_US','coverPageDescription','','string'),(58,'en_US','showCoverPage','0','int'),(58,'en_US','hideCoverPageArchives','0','int'),(58,'en_US','hideCoverPageCover','0','int'),(58,'en_US','description','','string'),(58,'','excludeDoi','0','int'),(59,'en_US','title','Interamerican Journal of Psychology/Revista Interamericana de Psicología','string'),(59,'en_US','coverPageDescription','','string'),(59,'en_US','showCoverPage','0','int'),(59,'en_US','hideCoverPageArchives','0','int'),(59,'en_US','hideCoverPageCover','0','int'),(59,'en_US','description','','string'),(59,'','excludeDoi','0','int'),(60,'en_US','title','Interamerican Journal of Psychology/Revista Interamericana de Psicología','string'),(60,'en_US','coverPageDescription','','string'),(60,'en_US','showCoverPage','0','int'),(60,'en_US','hideCoverPageArchives','0','int'),(60,'en_US','hideCoverPageCover','0','int'),(60,'en_US','description','','string'),(60,'','excludeDoi','0','int'),(61,'en_US','title','Interamerican Journal of Psychology/Revista Interamericana de Psicología','string'),(61,'en_US','coverPageDescription','','string'),(61,'en_US','showCoverPage','0','int'),(61,'en_US','hideCoverPageArchives','0','int'),(61,'en_US','hideCoverPageCover','0','int'),(61,'en_US','description','','string'),(61,'','excludeDoi','0','int'),(62,'en_US','title','Interamerican Journal of Psychology/Revista Interamericana de Psicología','string'),(62,'en_US','coverPageDescription','','string'),(62,'en_US','showCoverPage','0','int'),(62,'en_US','hideCoverPageArchives','0','int'),(62,'en_US','hideCoverPageCover','0','int'),(62,'en_US','description','','string'),(62,'','excludeDoi','0','int'),(63,'en_US','title','Interamerican Journal of Psychology/Revista Interamericana de Psicología','string'),(63,'en_US','coverPageDescription','','string'),(63,'en_US','showCoverPage','0','int'),(63,'en_US','hideCoverPageArchives','0','int'),(63,'en_US','hideCoverPageCover','0','int'),(63,'en_US','description','','string'),(63,'','excludeDoi','0','int'),(64,'en_US','title','Interamerican Journal of Psychology/Revista Interamericana de Psicología','string'),(64,'en_US','coverPageDescription','','string'),(64,'en_US','showCoverPage','0','int'),(64,'en_US','hideCoverPageArchives','0','int'),(64,'en_US','hideCoverPageCover','0','int'),(64,'en_US','description','','string'),(64,'','excludeDoi','0','int'),(64,'en_US','coverImageAltText','','string'),(65,'en_US','title','Interamerican Journal of Psychology/Revista Interamericana de Psicología','string'),(65,'en_US','coverPageDescription','','string'),(65,'en_US','showCoverPage','0','int'),(65,'en_US','hideCoverPageArchives','0','int'),(65,'en_US','hideCoverPageCover','0','int'),(65,'en_US','description','','string'),(65,'','excludeDoi','0','int'),(66,'en_US','title','Interamerican Journal of Psychology/Revista Interamericana de Psicología','string'),(66,'en_US','coverPageDescription','','string'),(66,'en_US','showCoverPage','0','int'),(66,'en_US','hideCoverPageArchives','0','int'),(66,'en_US','hideCoverPageCover','0','int'),(66,'en_US','description','','string'),(66,'','excludeDoi','0','int'),(67,'en_US','title','Interamerican Journal of Psychology/Revista Interamericana de Psicología','string'),(67,'en_US','coverPageDescription','','string'),(67,'en_US','showCoverPage','0','int'),(67,'en_US','hideCoverPageArchives','0','int'),(67,'en_US','hideCoverPageCover','0','int'),(67,'en_US','description','','string'),(67,'','excludeDoi','0','int'),(68,'en_US','title','Interamerican Journal of Psychology/Revista Interamericana de Psicología','string'),(68,'en_US','coverPageDescription','','string'),(68,'en_US','showCoverPage','0','int'),(68,'en_US','hideCoverPageArchives','0','int'),(68,'en_US','hideCoverPageCover','0','int'),(68,'en_US','description','','string'),(68,'','excludeDoi','0','int'),(69,'en_US','title','Interamerican Journal of Psychology/Revista Interamericana de Psicología','string'),(69,'en_US','coverPageDescription','','string'),(69,'en_US','showCoverPage','0','int'),(69,'en_US','hideCoverPageArchives','0','int'),(69,'en_US','hideCoverPageCover','0','int'),(69,'en_US','description','','string'),(69,'','excludeDoi','0','int'),(70,'en_US','title','Interamerican Journal of Psychology/Revista Interamericana de Psicología','string'),(70,'en_US','coverPageDescription','','string'),(70,'en_US','showCoverPage','0','int'),(70,'en_US','hideCoverPageArchives','0','int'),(70,'en_US','hideCoverPageCover','0','int'),(70,'en_US','description','','string'),(70,'','excludeDoi','0','int'),(71,'en_US','title','Interamerican Journal of Psychology/Revista Interamericana de Psicología','string'),(71,'en_US','coverPageDescription','','string'),(71,'en_US','showCoverPage','0','int'),(71,'en_US','hideCoverPageArchives','0','int'),(71,'en_US','hideCoverPageCover','0','int'),(71,'en_US','description','','string'),(71,'','excludeDoi','0','int'),(72,'en_US','title','Interamerican Journal of Psychology/Revista Interamericana de Psicología','string'),(72,'en_US','coverPageDescription','','string'),(72,'en_US','showCoverPage','0','int'),(72,'en_US','hideCoverPageArchives','0','int'),(72,'en_US','hideCoverPageCover','0','int'),(72,'en_US','description','','string'),(72,'','excludeDoi','0','int'),(73,'en_US','title','Interamerican Journal of Psychology/Revista Interamericana de Psicología','string'),(73,'en_US','coverPageDescription','','string'),(73,'en_US','showCoverPage','0','int'),(73,'en_US','hideCoverPageArchives','0','int'),(73,'en_US','hideCoverPageCover','0','int'),(73,'en_US','description','','string'),(73,'','excludeDoi','0','int'),(74,'en_US','title','Interamerican Journal of Psychology/Revista Interamericana de Psicología','string'),(74,'en_US','coverPageDescription','','string'),(74,'en_US','showCoverPage','0','int'),(74,'en_US','hideCoverPageArchives','0','int'),(74,'en_US','hideCoverPageCover','0','int'),(74,'en_US','description','','string'),(74,'','excludeDoi','0','int'),(75,'en_US','title','Interamerican Journal of Psychology/Revista Interamericana de Psicología','string'),(75,'en_US','coverPageDescription','','string'),(75,'en_US','showCoverPage','0','int'),(75,'en_US','hideCoverPageArchives','0','int'),(75,'en_US','hideCoverPageCover','0','int'),(75,'en_US','description','','string'),(75,'','excludeDoi','0','int'),(76,'en_US','title','Interamerican Journal of Psychology/Revista Interamericana de Psicología','string'),(76,'en_US','coverPageDescription','','string'),(76,'en_US','showCoverPage','0','int'),(76,'en_US','hideCoverPageArchives','0','int'),(76,'en_US','hideCoverPageCover','0','int'),(76,'en_US','description','','string'),(76,'','excludeDoi','0','int'),(77,'en_US','title','Interamerican Journal of Psychology/Revista Interamericana de Psicología','string'),(77,'en_US','coverPageDescription','','string'),(77,'en_US','showCoverPage','0','int'),(77,'en_US','hideCoverPageArchives','0','int'),(77,'en_US','hideCoverPageCover','0','int'),(77,'en_US','description','','string'),(77,'','excludeDoi','0','int'),(78,'en_US','title','Interamerican Journal of Psychology/Revista Interamericana de Psicología','string'),(78,'en_US','coverPageDescription','','string'),(78,'en_US','showCoverPage','0','int'),(78,'en_US','hideCoverPageArchives','0','int'),(78,'en_US','hideCoverPageCover','0','int'),(78,'en_US','description','','string'),(78,'','excludeDoi','0','int'),(79,'en_US','title','Interamerican Journal of Psychology/Revista Interamericana de Psicología','string'),(79,'en_US','coverPageDescription','','string'),(79,'en_US','showCoverPage','0','int'),(79,'en_US','hideCoverPageArchives','0','int'),(79,'en_US','hideCoverPageCover','0','int'),(79,'en_US','description','','string'),(79,'','excludeDoi','0','int'),(80,'en_US','title','Interamerican Journal of Psychology/Revista Interamericana de Psicología','string'),(80,'en_US','coverPageDescription','','string'),(80,'en_US','showCoverPage','0','int'),(80,'en_US','hideCoverPageArchives','0','int'),(80,'en_US','hideCoverPageCover','0','int'),(80,'en_US','description','','string'),(80,'','excludeDoi','0','int'),(81,'en_US','title','Interamerican Journal of Psychology/Revista Interamericana de Psicología','string'),(81,'en_US','coverPageDescription','','string'),(81,'en_US','showCoverPage','0','int'),(81,'en_US','hideCoverPageArchives','0','int'),(81,'en_US','hideCoverPageCover','0','int'),(81,'en_US','description','','string'),(81,'','excludeDoi','0','int'),(82,'en_US','title','Interamerican Journal of Psychology/Revista Interamericana de Psicología','string'),(82,'en_US','coverPageDescription','','string'),(82,'en_US','showCoverPage','0','int'),(82,'en_US','hideCoverPageArchives','0','int'),(82,'en_US','hideCoverPageCover','0','int'),(82,'en_US','description','','string'),(82,'','excludeDoi','0','int'),(83,'en_US','title','Interamerican Journal of Psychology/Revista Interamericana de Psicología','string'),(83,'en_US','coverPageDescription','','string'),(83,'en_US','showCoverPage','0','int'),(83,'en_US','hideCoverPageArchives','0','int'),(83,'en_US','hideCoverPageCover','0','int'),(83,'en_US','description','','string'),(83,'','excludeDoi','0','int'),(84,'en_US','title','Interamerican Journal of Psychology/Revista Interamericana de Psicología','string'),(84,'en_US','coverPageDescription','','string'),(84,'en_US','showCoverPage','0','int'),(84,'en_US','hideCoverPageArchives','0','int'),(84,'en_US','hideCoverPageCover','0','int'),(84,'en_US','description','','string'),(84,'','excludeDoi','0','int'),(85,'en_US','title','Interamerican Journal of Psychology/Revista Interamericana de Psicología','string'),(85,'en_US','coverPageDescription','','string'),(85,'en_US','showCoverPage','0','int'),(85,'en_US','hideCoverPageArchives','0','int'),(85,'en_US','hideCoverPageCover','0','int'),(85,'en_US','description','','string'),(85,'','excludeDoi','0','int'),(86,'en_US','title','Interamerican Journal of Psychology/Revista Interamericana de Psicología','string'),(86,'en_US','coverPageDescription','','string'),(86,'en_US','showCoverPage','0','int'),(86,'en_US','hideCoverPageArchives','0','int'),(86,'en_US','hideCoverPageCover','0','int'),(86,'en_US','description','','string'),(86,'','excludeDoi','0','int'),(87,'en_US','title','Interamerican Journal of Psychology/Revista Interamericana de Psicología','string'),(87,'en_US','coverPageDescription','','string'),(87,'en_US','showCoverPage','0','int'),(87,'en_US','hideCoverPageArchives','0','int'),(87,'en_US','hideCoverPageCover','0','int'),(87,'en_US','description','','string'),(87,'','excludeDoi','0','int'),(84,'en_US','coverImageAltText','','string'),(86,'en_US','coverImageAltText','','string'),(87,'en_US','coverImageAltText','','string'),(88,'en_US','title','Interamerican Journal of Psychology/Revista Interamericana de Psicología','string'),(88,'en_US','coverPageDescription','','string'),(88,'en_US','showCoverPage','0','int'),(88,'en_US','hideCoverPageArchives','0','int'),(88,'en_US','hideCoverPageCover','0','int'),(88,'en_US','description','','string'),(88,'','excludeDoi','0','int'),(89,'en_US','title','Interamerican Journal of Psychology/Revista Interamericana de Psicología','string'),(89,'en_US','coverPageDescription','','string'),(89,'en_US','showCoverPage','0','int'),(89,'en_US','hideCoverPageArchives','0','int'),(89,'en_US','hideCoverPageCover','0','int'),(89,'en_US','description','','string'),(89,'','excludeDoi','0','int'),(90,'en_US','title','Interamerican Journal of Psychology/Revista Interamericana de Psicología','string'),(90,'en_US','coverPageDescription','','string'),(90,'en_US','showCoverPage','0','int'),(90,'en_US','hideCoverPageArchives','0','int'),(90,'en_US','hideCoverPageCover','0','int'),(90,'en_US','description','','string'),(90,'','excludeDoi','0','int'),(90,'en_US','coverImageAltText','','string'),(91,'en_US','title','Interamerican Journal of Psychology/Revista Interamericana de Psicología','string'),(91,'en_US','coverPageDescription','','string'),(91,'en_US','showCoverPage','0','int'),(91,'en_US','hideCoverPageArchives','0','int'),(91,'en_US','hideCoverPageCover','0','int'),(91,'en_US','description','','string'),(91,'','excludeDoi','0','int'),(92,'en_US','title','Interamerican Journal of Psychology/Revista Interamericana de Psicología','string'),(92,'en_US','coverPageDescription','','string'),(92,'en_US','showCoverPage','0','int'),(92,'en_US','hideCoverPageArchives','0','int'),(92,'en_US','hideCoverPageCover','0','int'),(92,'en_US','description','','string'),(92,'','excludeDoi','0','int'),(93,'en_US','title','Interamerican Journal of Psychology/Revista Interamericana de Psicología','string'),(93,'en_US','coverPageDescription','','string'),(93,'en_US','showCoverPage','0','int'),(93,'en_US','hideCoverPageArchives','0','int'),(93,'en_US','hideCoverPageCover','0','int'),(93,'en_US','description','','string'),(93,'','excludeDoi','0','int'),(94,'en_US','title','Interamerican Journal of Psychology/Revista Interamericana de Psicología','string'),(94,'en_US','coverPageDescription','','string'),(94,'en_US','showCoverPage','0','int'),(94,'en_US','hideCoverPageArchives','0','int'),(94,'en_US','hideCoverPageCover','0','int'),(94,'en_US','description','','string'),(94,'','excludeDoi','0','int'),(95,'en_US','title','Interamerican Journal of Psychology/Revista Interamericana de Psicología','string'),(95,'en_US','coverPageDescription','','string'),(95,'en_US','showCoverPage','0','int'),(95,'en_US','hideCoverPageArchives','0','int'),(95,'en_US','hideCoverPageCover','0','int'),(95,'en_US','description','','string'),(95,'','excludeDoi','0','int'),(96,'en_US','title','Interamerican Journal of Psychology/Revista Interamericana de Psicologia','string'),(96,'en_US','coverPageDescription','','string'),(96,'en_US','showCoverPage','0','int'),(96,'en_US','hideCoverPageArchives','0','int'),(96,'en_US','hideCoverPageCover','0','int'),(96,'en_US','description','','string'),(96,'','excludeDoi','0','int'),(97,'en_US','title','Interamerican Journal of Psychology/Revista Interamericana de Psicologia','string'),(97,'en_US','coverPageDescription','','string'),(97,'en_US','showCoverPage','0','int'),(97,'en_US','hideCoverPageArchives','0','int'),(97,'en_US','hideCoverPageCover','0','int'),(97,'en_US','description','','string'),(97,'','excludeDoi','0','int'),(98,'en_US','title','Interamerican Journal of Psychology/Revista Interamericana de Psicología','string'),(98,'en_US','coverPageDescription','','string'),(98,'en_US','showCoverPage','0','int'),(98,'en_US','hideCoverPageArchives','0','int'),(98,'en_US','hideCoverPageCover','0','int'),(98,'en_US','description','','string'),(98,'','excludeDoi','0','int'),(98,'en_US','coverImageAltText','','string'),(99,'en_US','title','Interamerican Journal of Psychology/Revista Interamericana de Psicologia','string'),(99,'en_US','coverPageDescription','','string'),(99,'en_US','showCoverPage','0','int'),(99,'en_US','hideCoverPageArchives','0','int'),(99,'en_US','hideCoverPageCover','0','int'),(99,'en_US','description','','string'),(99,'','excludeDoi','0','int'),(100,'en_US','title','Interamerican Journal of Psychology/Revista Interamericana de Psicologia','string'),(100,'es_ES','title','Revista Interamericana de Psicologia','string'),(100,'en_US','description','','string'),(100,'es_ES','description','','string'),(101,'en_US','title','Interamerican Journal of Psychology/Revista Interamericana de Psicologia','string'),(101,'es_ES','title','','string'),(101,'en_US','description','','string'),(101,'es_ES','description','','string'),(102,'en_US','title','Interamerican Journal of Psychology/Revista Interamericana de Psicología','string'),(102,'es_ES','title','','string'),(102,'pt_BR','title','','string'),(102,'fr_FR','title','','string'),(102,'en_US','description','','string'),(102,'es_ES','description','','string'),(102,'pt_BR','description','','string'),(102,'fr_FR','description','','string'),(103,'en_US','title','Interamerican Journal of Psychology/Revista Interamericana de Psicología','string'),(103,'es_ES','title','','string'),(103,'pt_BR','title','','string'),(103,'fr_FR','title','','string'),(103,'en_US','description','','string'),(103,'es_ES','description','','string'),(103,'pt_BR','description','','string'),(103,'fr_FR','description','','string'),(102,'en_US','coverImage','cover_issue_102_en_US.jpg','string'),(104,'es_ES','title','Revista Interamericana de Psicología/Interamerican Journal of Psychology','string'),(104,'en_US','title','Interamerican Journal of Psychology/Revista Interamericana de Psicología','string'),(104,'pt_BR','title','Interamerican Journal of Psychology/Revista Interamericana de Psicología','string'),(104,'fr_FR','title','Interamerican Journal of Psychology/Revista Interamericana de Psicología','string'),(104,'es_ES','description','','string'),(104,'en_US','description','','string'),(104,'pt_BR','description','','string'),(104,'fr_FR','description','','string'),(104,'es_ES','coverImage','cover_issue_104_es_ES.png','string'),(105,'es_ES','title','Revista Interamericana de Psicología/Interamerican Journal of Psychology','string'),(105,'en_US','title','Revista Interamericana de Psicología/Interamerican Journal of Psychology','string'),(105,'pt_BR','title','Revista Interamericana de Psicología/Interamerican Journal of Psychology','string'),(105,'fr_FR','title','Revista Interamericana de Psicología/Interamerican Journal of Psychology','string'),(105,'es_ES','description','','string'),(105,'en_US','description','','string'),(105,'pt_BR','description','','string'),(105,'fr_FR','description','','string'),(105,'es_ES','coverImage','cover_issue_105_es_ES.png','string'),(106,'en_US','title','Revista Interamericana de Psicología/Interamerican Journal of Psychology','string'),(106,'es_ES','title','Revista Interamericana de Psicología/Interamerican Journal of Psychology','string'),(106,'pt_BR','title','Revista Interamericana de Psicología/Interamerican Journal of Psychology','string'),(106,'fr_FR','title','Revista Interamericana de Psicología/Interamerican Journal of Psychology','string'),(106,'en_US','description','','string'),(106,'es_ES','description','','string'),(106,'pt_BR','description','','string'),(106,'fr_FR','description','','string'),(106,'es_ES','coverImage','cover_issue_106_es_ES.png','string'),(107,'es_ES','title','Revista Interamericana de Psicología/Interamerican Journal of Psychology','string'),(107,'en_US','title','Revista Interamericana de Psicología/Interamerican Journal of Psychology','string'),(107,'pt_BR','title','Revista Interamericana de Psicología/Interamerican Journal of Psychology','string'),(107,'fr_FR','title','Revista Interamericana de Psicología/Interamerican Journal of Psychology','string'),(107,'es_ES','description','','string'),(107,'en_US','description','','string'),(107,'pt_BR','description','','string'),(107,'fr_FR','description','','string'),(107,'es_ES','coverImage','cover_issue_107_es_ES.jpg','string');

--
-- Table structure for table `issues`
--

CREATE TABLE `issues` (
  `issue_id` bigint(20) NOT NULL AUTO_INCREMENT,
  `journal_id` bigint(20) NOT NULL,
  `volume` smallint(6) DEFAULT NULL,
  `number` varchar(40) DEFAULT NULL,
  `year` smallint(6) DEFAULT NULL,
  `published` tinyint(4) NOT NULL DEFAULT '0',
  `current` tinyint(4) NOT NULL DEFAULT '0',
  `date_published` datetime DEFAULT NULL,
  `date_notified` datetime DEFAULT NULL,
  `last_modified` datetime DEFAULT NULL,
  `access_status` tinyint(4) NOT NULL DEFAULT '1',
  `open_access_date` datetime DEFAULT NULL,
  `show_volume` tinyint(4) NOT NULL DEFAULT '0',
  `show_number` tinyint(4) NOT NULL DEFAULT '0',
  `show_year` tinyint(4) NOT NULL DEFAULT '0',
  `show_title` tinyint(4) NOT NULL DEFAULT '0',
  `style_file_name` varchar(90) DEFAULT NULL,
  `original_style_file_name` varchar(255) DEFAULT NULL,
  `url_path` varchar(64) DEFAULT NULL,
  PRIMARY KEY (`issue_id`),
  KEY `issues_journal_id` (`journal_id`),
  KEY `issues_url_path` (`url_path`)
) ENGINE=MyISAM AUTO_INCREMENT=108 DEFAULT CHARSET=utf8;

--
-- Dumping data for table `issues`
--

INSERT INTO `issues` VALUES (1,1,49,'1',2015,1,0,'2016-03-27 18:36:02','2016-03-27 18:40:15','2016-03-27 18:40:15',1,NULL,1,1,1,1,NULL,NULL,'IJP/RIP'),(2,1,49,'2',2015,1,0,'2016-06-08 10:30:55','2016-06-07 23:57:13','2016-06-08 10:30:55',1,NULL,1,1,1,1,NULL,NULL,NULL),(3,1,49,'3',2015,1,0,'2016-06-09 13:55:07','2016-06-14 14:19:17','2016-06-14 14:19:17',1,NULL,1,1,1,1,NULL,NULL,NULL),(4,1,50,'1',2016,1,0,'2016-06-13 13:53:56','2016-06-14 14:20:45','2016-06-14 14:20:45',1,NULL,1,1,1,1,NULL,NULL,NULL),(5,1,45,'1',2011,1,0,'2012-02-29 00:00:00',NULL,'2016-07-06 10:41:53',1,NULL,1,1,1,1,NULL,NULL,NULL),(6,1,45,'2',2011,1,0,'2012-08-01 00:00:00',NULL,'2016-07-06 14:19:43',1,NULL,1,1,1,1,NULL,NULL,NULL),(7,1,45,'3',2011,1,0,'2013-01-04 00:00:00',NULL,'2016-07-06 14:20:18',1,NULL,1,1,1,1,NULL,NULL,NULL),(8,1,46,'1',2012,1,0,'2013-01-04 00:00:00',NULL,'2016-07-06 14:21:46',1,NULL,1,1,1,1,NULL,NULL,'Interamerican Journal of Psychology'),(9,1,47,'1',2013,1,0,'2013-06-07 00:00:00',NULL,'2016-07-06 14:23:42',1,NULL,1,1,1,1,NULL,NULL,NULL),(10,1,47,'2',2013,1,0,'2014-03-10 00:00:00',NULL,'2016-07-06 14:24:26',1,NULL,1,1,1,1,NULL,NULL,NULL),(11,1,47,'3',2013,1,0,'2014-10-10 00:00:00',NULL,'2016-07-06 14:25:51',1,NULL,1,1,1,1,NULL,NULL,NULL),(12,1,48,'1',2014,1,0,'2015-05-18 00:00:00',NULL,'2016-07-06 14:27:43',1,NULL,1,1,1,1,NULL,NULL,'IJP_RIP'),(13,1,48,'2',2014,1,0,'2015-05-21 00:00:00',NULL,'2016-07-06 14:28:11',1,NULL,1,1,1,1,NULL,NULL,'IJP'),(14,1,48,'3',2014,1,0,'2015-05-22 00:00:00',NULL,'2016-07-06 14:31:01',1,NULL,1,1,1,1,NULL,NULL,NULL),(15,1,46,'3',2012,1,0,'2013-04-10 00:00:00',NULL,'2016-09-01 11:55:40',1,NULL,1,1,1,1,NULL,NULL,NULL),(16,1,46,'2',2012,1,0,'2013-02-08 00:00:00',NULL,'2016-09-01 12:16:23',1,NULL,1,1,1,1,NULL,NULL,NULL),(17,1,50,'2',2016,1,0,'2016-09-10 16:58:17',NULL,'2016-09-10 16:58:17',1,NULL,1,1,1,1,NULL,NULL,NULL),(18,1,50,'3',2016,1,0,'2017-04-06 22:15:26','2017-04-06 22:17:06','2017-04-19 12:15:17',1,NULL,1,1,1,1,NULL,NULL,NULL),(19,1,36,'1 & 2',2002,1,0,'2017-04-15 21:50:30',NULL,'2017-04-15 21:50:30',1,NULL,1,1,1,1,NULL,NULL,NULL),(20,1,1,'1',1967,1,0,'2017-04-15 21:51:02','2017-04-15 21:59:42','2017-04-15 21:59:42',1,NULL,1,1,1,1,NULL,NULL,NULL),(21,1,1,'2',1967,1,0,'2017-04-15 21:50:47',NULL,'2017-04-15 21:50:47',1,NULL,1,1,1,1,NULL,NULL,NULL),(22,1,1,'3',1967,1,0,'2017-04-17 00:18:10',NULL,'2017-04-17 00:18:10',1,NULL,1,1,1,1,NULL,NULL,NULL),(23,1,1,'4',1967,1,0,'2017-04-17 18:15:45',NULL,'2017-04-17 18:15:45',1,NULL,1,1,1,1,NULL,NULL,NULL),(24,1,2,'1',1968,1,0,'2017-04-19 12:14:12',NULL,'2017-04-19 12:14:12',1,NULL,1,1,1,1,NULL,NULL,NULL),(25,1,51,'1',2017,1,0,'2017-07-05 01:53:42',NULL,'2017-08-17 13:27:58',1,NULL,1,1,1,1,NULL,NULL,NULL),(26,1,2,'2',1968,1,0,'2017-07-10 11:36:07',NULL,'2017-07-10 11:36:07',1,NULL,1,1,1,1,NULL,NULL,NULL),(27,1,2,'3',1968,1,0,'2017-07-10 13:20:31',NULL,'2017-07-10 13:20:31',1,NULL,1,1,1,1,NULL,NULL,NULL),(28,1,2,'4',1968,1,0,'2017-07-11 10:46:39',NULL,'2017-07-11 10:46:39',1,NULL,1,1,1,1,NULL,NULL,NULL),(29,1,3,'1',1969,1,0,'2017-07-11 11:37:34',NULL,'2017-07-11 11:37:34',1,NULL,1,1,1,1,NULL,NULL,NULL),(30,1,3,'2',1969,1,0,'2017-07-15 12:24:26',NULL,'2017-07-15 12:24:26',1,NULL,1,1,1,1,NULL,NULL,NULL),(31,1,3,'3',1969,1,0,'2017-07-15 12:24:49',NULL,'2017-07-15 12:24:49',1,NULL,1,1,1,1,NULL,NULL,NULL),(32,1,3,'4',1969,1,0,'2017-07-15 12:25:05',NULL,'2017-07-15 12:25:05',1,NULL,1,1,1,1,NULL,NULL,NULL),(33,1,4,'1',1970,1,0,'2017-07-17 04:13:19',NULL,'2017-07-17 04:13:19',1,NULL,1,1,1,1,NULL,NULL,NULL),(34,1,4,'2',1970,1,0,'2017-07-17 04:13:35',NULL,'2017-07-17 04:13:35',1,NULL,1,1,1,1,NULL,NULL,NULL),(35,1,4,'3 & 4',1970,1,0,'2017-07-17 04:13:55',NULL,'2017-07-17 04:13:55',1,NULL,1,1,1,1,NULL,NULL,NULL),(37,1,5,'1 & 2',1971,1,0,'2017-07-17 04:14:11',NULL,'2017-07-17 04:14:11',1,NULL,1,1,1,1,NULL,NULL,NULL),(38,1,5,'3 & 4',1971,1,0,'2017-07-17 04:14:30',NULL,'2017-07-17 04:14:30',1,NULL,1,1,1,1,NULL,NULL,NULL),(39,1,6,'1 & 2',1972,1,0,'2017-07-18 00:00:00',NULL,'2017-07-18 15:21:38',1,NULL,1,1,1,1,NULL,NULL,NULL),(40,1,6,'3 & 4',1972,1,0,'2017-07-18 00:00:00',NULL,'2017-07-18 15:24:10',1,NULL,1,1,1,1,NULL,NULL,NULL),(41,1,7,'1 & 2',1973,1,0,'2017-07-18 15:53:10',NULL,'2017-07-18 15:53:10',1,NULL,1,1,1,1,NULL,NULL,NULL),(42,1,7,'3 & 4',1973,1,0,'2017-07-18 15:53:32',NULL,'2017-07-18 15:53:32',1,NULL,1,1,1,1,NULL,NULL,NULL),(43,1,8,'1 & 2',1974,1,0,'2017-07-20 09:21:40',NULL,'2017-07-20 09:21:40',1,NULL,1,1,1,1,NULL,NULL,NULL),(44,1,8,'3 & 4',1974,1,0,'2017-07-20 09:21:57',NULL,'2017-07-20 09:21:57',1,NULL,1,1,1,1,NULL,NULL,NULL),(45,1,9,'1 & 2',1975,1,0,'2017-07-20 11:55:00',NULL,'2017-07-20 11:55:00',1,NULL,1,1,1,1,NULL,NULL,NULL),(46,1,9,'3 & 4',1975,1,0,'2017-07-20 11:55:23',NULL,'2017-07-20 11:55:23',1,NULL,1,1,1,1,NULL,NULL,NULL),(47,1,10,'1 & 2',1976,1,0,'2017-07-20 12:51:01',NULL,'2017-07-20 12:51:01',1,NULL,1,1,1,1,NULL,NULL,NULL),(48,1,10,'3 & 4',1976,1,0,'2017-07-20 12:55:10',NULL,'2017-07-20 12:55:10',1,NULL,1,1,1,1,NULL,NULL,NULL),(49,1,11,'1',1977,1,0,'2017-07-20 13:50:16',NULL,'2017-07-20 13:50:16',1,NULL,1,1,1,1,NULL,NULL,NULL),(50,1,11,'2',1977,1,0,'2017-07-20 13:50:34',NULL,'2017-07-20 13:50:34',1,NULL,1,1,1,1,NULL,NULL,NULL),(51,1,12,'1',1978,1,0,'2017-07-20 13:50:47',NULL,'2017-07-20 13:50:47',1,NULL,1,1,1,1,NULL,NULL,NULL),(52,1,12,'2',1978,1,0,'2017-07-20 13:49:42',NULL,'2017-07-20 13:49:42',1,NULL,1,1,1,1,NULL,NULL,NULL),(53,1,13,'1 & 2',1979,1,0,'2017-07-20 14:16:53',NULL,'2017-07-20 14:16:53',1,NULL,1,1,1,1,NULL,NULL,NULL),(54,1,14,'1',1980,1,0,'2017-07-20 14:17:12',NULL,'2017-07-20 14:17:12',1,NULL,1,1,1,1,NULL,NULL,NULL),(55,1,14,'2',1980,1,0,'2017-07-20 14:18:39',NULL,'2017-07-20 14:18:39',1,NULL,1,1,1,1,NULL,NULL,NULL),(56,1,15,'1',1981,1,0,'2017-07-20 14:17:56',NULL,'2017-07-20 14:17:56',1,NULL,1,1,1,1,NULL,NULL,NULL),(57,1,15,'2',1981,1,0,'2017-07-20 14:18:22',NULL,'2017-07-20 14:18:22',1,NULL,1,1,1,1,NULL,NULL,NULL),(58,1,16,'1',1982,1,0,'2017-07-20 14:18:56',NULL,'2017-07-20 14:18:56',1,NULL,1,1,1,1,NULL,NULL,NULL),(59,1,16,'2',1982,1,0,'2017-07-20 14:19:09',NULL,'2017-07-20 14:19:09',1,NULL,1,1,1,1,NULL,NULL,NULL),(60,1,17,'1 & 2',1983,1,0,'2017-07-20 17:17:36',NULL,'2017-07-20 17:17:36',1,NULL,1,1,1,1,NULL,NULL,NULL),(61,1,18,'1 & 2',1984,1,0,'2017-07-20 17:17:52',NULL,'2017-07-20 17:17:52',1,NULL,1,1,1,1,NULL,NULL,NULL),(62,1,19,'1 & 2',1985,1,0,'2017-07-20 17:18:07',NULL,'2017-07-20 17:18:07',1,NULL,1,1,1,1,NULL,NULL,NULL),(63,1,20,'1 & 2',1986,1,0,'2017-07-20 17:18:23',NULL,'2017-07-20 17:18:23',1,NULL,1,1,1,1,NULL,NULL,NULL),(64,1,21,'1 & 2',1987,1,0,'2017-07-20 17:18:38',NULL,'2017-07-20 17:18:38',1,NULL,1,1,1,1,NULL,NULL,NULL),(65,1,22,'1 & 2',1988,1,0,'2017-07-20 17:28:32',NULL,'2017-07-20 17:28:32',1,NULL,1,1,1,1,NULL,NULL,NULL),(66,1,23,'1 & 2',1989,1,0,'2017-07-20 17:29:00',NULL,'2017-07-20 17:29:00',1,NULL,1,1,1,1,NULL,NULL,NULL),(67,1,24,'1',1990,1,0,'2017-07-20 17:29:23',NULL,'2017-07-20 17:29:23',1,NULL,1,1,1,1,NULL,NULL,NULL),(68,1,24,'2',1990,1,0,'2017-07-20 17:29:37',NULL,'2017-07-20 17:29:37',1,NULL,1,1,1,1,NULL,NULL,NULL),(69,1,25,'1',1991,1,0,'2017-07-20 17:29:49',NULL,'2017-07-20 17:29:49',1,NULL,1,1,1,1,NULL,NULL,NULL),(70,1,25,'2',1991,1,0,'2017-07-20 17:30:01',NULL,'2017-07-20 17:30:01',1,NULL,1,1,1,1,NULL,NULL,NULL),(71,1,26,'1',1992,1,0,'2017-07-20 17:47:59',NULL,'2017-07-20 17:47:59',1,NULL,1,1,1,1,NULL,NULL,NULL),(72,1,26,'2',1992,1,0,'2017-07-20 17:48:11',NULL,'2017-07-20 17:48:11',1,NULL,1,1,1,1,NULL,NULL,NULL),(73,1,27,'1',1993,1,0,'2017-07-20 17:48:26',NULL,'2017-07-20 17:48:26',1,NULL,1,1,1,1,NULL,NULL,NULL),(74,1,27,'2',1993,1,0,'2017-07-20 17:48:40',NULL,'2017-07-20 17:48:40',1,NULL,1,1,1,1,NULL,NULL,NULL),(75,1,28,'1',1994,1,0,'2017-07-20 17:55:59',NULL,'2017-07-20 17:55:59',1,NULL,1,1,1,1,NULL,NULL,NULL),(76,1,28,'2',1994,1,0,'2017-07-20 17:56:11',NULL,'2017-07-20 17:56:11',1,NULL,1,1,1,1,NULL,NULL,NULL),(77,1,29,'1',1995,1,0,'2017-07-20 17:56:23',NULL,'2017-07-20 17:56:23',1,NULL,1,1,1,1,NULL,NULL,NULL),(78,1,29,'2',1995,1,0,'2017-07-20 17:56:36',NULL,'2017-07-20 17:56:36',1,NULL,1,1,1,1,NULL,NULL,NULL),(79,1,30,'1',1996,1,0,'2017-07-20 18:08:09',NULL,'2017-07-20 18:08:09',1,NULL,1,1,1,1,NULL,NULL,NULL),(80,1,30,'2',1996,1,0,'2017-07-20 18:08:30',NULL,'2017-07-20 18:08:30',1,NULL,1,1,1,1,NULL,NULL,NULL),(81,1,31,'1',1997,1,0,'2017-07-20 18:08:46',NULL,'2017-07-20 18:08:46',1,NULL,1,1,1,1,NULL,NULL,NULL),(82,1,31,'2',1997,1,0,'2017-07-20 18:08:57',NULL,'2017-07-20 18:08:57',1,NULL,1,1,1,1,NULL,NULL,NULL),(83,1,32,'1',1998,1,0,'2017-07-20 18:31:51',NULL,'2017-07-20 18:31:51',1,NULL,1,1,1,1,NULL,NULL,NULL),(84,1,32,'2',1998,1,0,'2017-07-20 18:32:02',NULL,'2017-07-20 18:32:02',1,NULL,1,1,1,1,NULL,NULL,NULL),(85,1,33,'1',1999,1,0,'2017-07-20 18:32:16',NULL,'2017-07-20 18:32:16',1,NULL,1,1,1,1,NULL,NULL,NULL),(86,1,33,'2',1999,1,0,'2017-07-20 18:34:56',NULL,'2017-07-20 18:34:56',1,NULL,1,1,1,1,NULL,NULL,NULL),(87,1,34,'1',2000,1,0,'2017-07-20 18:35:19',NULL,'2017-07-20 18:35:19',1,NULL,1,1,1,1,NULL,NULL,NULL),(88,1,34,'2',2000,1,0,'2017-07-20 18:35:36',NULL,'2017-07-20 18:35:36',1,NULL,1,1,1,1,NULL,NULL,NULL),(89,1,35,'1',2001,1,0,'2017-07-20 18:35:47',NULL,'2017-07-20 18:35:47',1,NULL,1,1,1,1,NULL,NULL,NULL),(90,1,35,'2',2001,1,0,'2017-07-20 18:35:58',NULL,'2017-07-20 18:35:58',1,NULL,1,1,1,1,NULL,NULL,NULL),(91,1,37,'1',2003,1,0,'2017-07-30 20:16:24',NULL,'2017-07-30 20:16:24',1,NULL,1,1,1,1,NULL,NULL,NULL),(92,1,37,'2',2003,1,0,'2017-07-30 22:05:23',NULL,'2017-07-30 22:05:23',1,NULL,1,1,1,1,NULL,NULL,NULL),(93,1,38,'1',2004,1,0,'2017-08-17 13:27:23',NULL,'2017-08-17 13:27:23',1,NULL,1,1,1,1,NULL,NULL,NULL),(94,1,38,'2',2004,0,0,NULL,NULL,NULL,1,NULL,1,1,1,1,NULL,NULL,NULL),(95,1,39,'1',2005,0,0,NULL,NULL,NULL,1,NULL,1,1,1,1,NULL,NULL,NULL),(96,1,51,'2',2017,1,0,'2017-12-22 14:13:59',NULL,'2017-12-22 14:13:59',1,NULL,1,1,1,1,NULL,NULL,NULL),(97,1,51,'3',2017,1,0,'2018-05-10 08:43:38','2018-05-11 13:17:08','2018-05-11 13:17:08',1,NULL,1,1,1,1,NULL,NULL,NULL),(98,1,52,'1',2018,1,0,'2018-07-13 15:39:40','2018-07-13 14:31:48','2018-07-13 15:39:40',1,NULL,1,1,1,1,NULL,NULL,NULL),(99,1,52,'2',2018,1,0,'2018-12-21 13:01:42',NULL,'2018-12-21 13:01:42',1,NULL,1,1,1,1,NULL,NULL,NULL),(100,1,52,'3',2018,1,0,'2019-07-23 12:06:21',NULL,'2019-07-23 12:06:21',1,NULL,1,1,1,1,NULL,NULL,NULL),(101,1,53,'1',2019,1,0,'2019-09-06 20:45:19',NULL,'2019-09-06 20:45:19',1,NULL,1,1,1,1,NULL,NULL,NULL),(102,1,53,'2',2019,1,0,'2019-12-17 00:00:00',NULL,'2020-02-20 05:57:13',1,NULL,1,1,1,1,NULL,NULL,NULL),(103,1,53,'3',2019,1,0,'2020-03-10 12:58:44',NULL,'2020-03-10 12:58:44',1,NULL,1,1,1,1,NULL,NULL,NULL),(104,1,54,'1',2020,1,0,'2020-05-17 03:01:16',NULL,'2020-05-17 03:01:17',1,NULL,1,1,1,1,NULL,NULL,''),(105,1,54,'2',2020,1,0,'2020-09-14 00:00:00',NULL,'2020-12-18 10:08:08',1,NULL,1,1,1,1,NULL,NULL,''),(106,1,54,'3',2020,1,0,'2020-12-23 19:29:48',NULL,'2020-12-23 19:29:48',1,NULL,1,1,1,1,NULL,NULL,''),(107,1,55,'1',2021,1,1,'2021-05-17 22:17:26',NULL,'2021-05-17 22:17:26',1,NULL,1,1,1,1,NULL,NULL,'');

--
-- Table structure for table `item_views`
--

CREATE TABLE `item_views` (
  `assoc_type` bigint(20) NOT NULL,
  `assoc_id` bigint(20) NOT NULL,
  `user_id` bigint(20) DEFAULT NULL,
  `date_last_viewed` datetime DEFAULT NULL,
  UNIQUE KEY `item_views_pkey` (`assoc_type`,`assoc_id`,`user_id`)
) ENGINE=InnoDB DEFAULT CHARSET=utf8;

--
-- Dumping data for table `item_views`
--

INSERT INTO `item_views` VALUES (516,46,2,'2019-01-31 14:53:08'),(516,328,2,'2019-02-22 16:56:46'),(516,365,2,'2019-02-22 17:14:55'),(516,364,2,'2019-02-22 18:59:40'),(516,359,2,'2019-02-26 19:46:48'),(516,212,2,'2019-02-26 19:52:43'),(516,248,2,'2019-03-19 15:31:29'),(516,246,2,'2019-03-19 15:33:47'),(516,384,2,'2019-03-19 16:24:31'),(516,349,2,'2019-05-30 16:45:44'),(516,224,2,'2019-03-25 16:01:41'),(516,421,116,'2019-03-29 18:57:28'),(516,436,116,'2019-03-29 18:58:50'),(516,428,1138,'2019-04-12 03:27:26'),(516,425,1138,'2019-04-12 03:32:04'),(516,441,116,'2019-04-19 17:12:17'),(516,444,116,'2019-04-19 17:13:49'),(516,429,1138,'2019-04-22 05:00:43'),(516,442,1138,'2019-04-22 05:03:07'),(516,443,1138,'2019-04-22 05:04:12'),(516,437,1138,'2019-04-22 05:06:31'),(516,439,1138,'2019-04-22 05:07:51'),(516,424,1138,'2019-04-22 05:13:00'),(516,438,116,'2019-04-25 17:33:42'),(516,431,1138,'2019-04-26 18:28:13'),(516,422,116,'2019-05-01 21:01:35'),(516,423,116,'2019-05-01 21:01:53'),(516,427,116,'2019-05-01 21:05:12'),(516,445,116,'2019-05-01 21:07:23'),(516,457,1138,'2019-05-06 23:49:02'),(516,432,1138,'2019-05-13 03:32:17'),(516,455,116,'2019-05-14 13:01:01'),(516,472,116,'2019-05-14 17:59:06'),(516,471,1138,'2019-05-15 17:24:06'),(516,434,1138,'2019-05-15 17:25:02'),(516,458,116,'2019-05-27 10:07:45'),(516,459,116,'2019-05-27 10:08:16'),(516,456,116,'2019-05-27 10:11:46'),(516,430,116,'2019-05-28 10:23:44'),(516,460,116,'2019-05-29 16:25:56'),(516,426,116,'2019-05-29 16:26:58'),(516,244,2,'2019-05-30 15:20:35'),(516,454,2,'2019-05-30 18:59:30'),(516,273,2,'2019-05-30 19:14:23'),(516,284,2,'2019-05-30 19:34:43'),(516,323,2,'2019-06-03 14:40:13'),(516,461,116,'2019-06-07 17:03:07'),(516,130,2,'2019-07-05 15:46:39'),(516,336,2,'2019-07-05 18:22:07'),(516,406,2,'2019-07-08 19:44:19'),(516,278,2,'2019-07-09 13:35:22'),(516,287,2,'2019-07-09 13:44:37'),(516,290,2,'2019-07-09 14:12:16'),(516,489,2,'2019-07-10 12:30:53'),(516,465,2,'2019-07-10 12:48:14'),(516,466,2,'2019-07-10 12:48:46'),(516,463,2,'2019-07-10 12:50:29'),(516,464,2,'2019-07-10 12:50:49'),(516,428,2,'2019-07-10 18:20:06'),(516,429,2,'2019-07-10 18:20:34'),(516,482,2,'2019-07-10 19:37:42'),(516,483,2,'2019-07-10 19:38:08'),(516,494,2,'2019-07-10 20:48:24'),(516,476,2,'2019-07-22 17:51:13'),(516,477,2,'2019-07-22 17:51:46'),(516,492,2,'2019-07-29 18:42:27'),(516,673,2,'2019-07-22 19:02:19'),(516,646,2,'2019-07-22 19:16:51'),(516,669,2,'2019-07-22 21:18:07'),(516,670,2,'2019-07-24 07:21:31'),(516,663,2,'2019-09-21 20:35:10'),(516,581,2,'2019-07-25 19:02:05'),(516,647,2,'2019-07-27 14:50:49'),(516,469,2,'2019-07-27 14:52:55'),(516,563,2,'2019-07-27 14:55:11'),(516,564,2,'2019-07-27 14:55:27'),(516,505,2,'2019-07-27 14:57:47'),(516,621,2,'2019-07-27 15:01:55'),(516,503,2,'2019-07-30 12:56:45'),(516,402,2,'2019-07-30 19:17:14'),(516,295,2,'2019-07-30 19:18:05'),(516,451,2,'2019-07-30 21:29:44'),(516,529,2,'2019-07-30 21:30:27'),(516,498,2,'2019-08-01 17:31:13'),(516,550,2,'2019-08-02 17:12:19'),(516,527,2,'2019-08-05 17:56:02'),(516,669,690,'2019-11-21 19:32:15'),(516,673,690,'2019-12-16 17:20:58'),(516,699,690,'2019-08-20 02:52:21'),(516,660,690,'2019-08-22 22:48:51'),(516,700,690,'2019-10-15 01:06:31'),(516,721,690,'2019-08-31 23:19:32'),(516,652,690,'2019-08-31 23:19:52'),(516,722,690,'2019-09-03 22:56:48'),(516,684,690,'2019-09-03 22:59:22'),(516,702,690,'2019-09-10 01:25:19'),(516,666,690,'2019-09-10 01:29:17'),(516,718,690,'2019-09-11 02:03:02'),(516,655,690,'2019-09-11 02:04:57'),(516,515,2,'2019-09-11 20:20:21'),(516,731,690,'2020-02-11 21:17:29'),(516,662,2,'2019-09-21 20:34:53'),(516,638,690,'2019-09-27 14:09:15'),(516,712,690,'2019-09-25 02:18:46'),(516,734,690,'2019-09-27 14:05:43'),(516,717,690,'2019-10-01 02:54:50'),(516,605,690,'2019-11-21 19:12:39'),(516,724,690,'2019-11-21 19:14:18'),(516,706,690,'2019-11-21 19:35:15'),(516,716,690,'2020-05-07 23:41:55'),(516,644,690,'2020-02-29 14:55:41'),(516,643,690,'2019-12-17 15:08:33'),(516,641,690,'2019-11-21 20:39:51'),(516,733,690,'2019-11-21 20:43:47'),(516,635,690,'2019-11-26 23:47:32'),(516,631,690,'2019-11-26 23:53:29'),(516,621,690,'2019-11-27 00:39:32'),(516,616,690,'2019-11-27 00:50:05'),(516,614,690,'2020-10-05 10:05:18'),(516,696,690,'2019-12-09 12:01:31'),(516,697,690,'2019-12-09 12:02:41'),(516,622,690,'2019-12-12 15:09:34'),(516,623,690,'2019-12-12 15:06:45'),(516,732,690,'2019-12-16 13:56:13'),(516,746,690,'2019-12-16 14:14:20'),(516,692,690,'2019-12-16 17:41:32'),(516,737,690,'2020-02-12 15:36:42'),(516,694,690,'2020-02-29 14:46:46'),(516,738,690,'2020-09-26 00:50:06'),(516,747,690,'2020-01-28 09:17:54'),(516,627,690,'2020-01-28 09:19:33'),(516,735,690,'2020-02-02 23:37:47'),(516,736,690,'2020-02-12 15:29:40'),(516,751,1986,'2020-02-17 04:34:14'),(516,752,1986,'2020-02-17 04:34:54'),(516,376,1986,'2020-02-28 21:37:46'),(516,727,690,'2020-02-29 14:27:48'),(516,130,690,'2020-03-02 11:39:41'),(516,762,690,'2020-03-02 20:16:12'),(516,155,690,'2020-03-03 21:15:05'),(516,545,690,'2020-03-10 18:14:44'),(516,614,1986,'2020-03-12 10:41:54'),(516,755,1986,'2020-03-12 10:52:24'),(516,760,1986,'2020-08-26 02:38:03'),(516,772,690,'2020-04-15 22:53:27'),(516,492,690,'2020-06-21 18:46:24'),(516,491,690,'2020-06-21 18:42:13'),(516,769,1987,'2020-05-12 11:37:29'),(516,792,1987,'2020-05-04 07:12:34'),(516,794,690,'2020-05-04 16:00:01'),(516,793,690,'2020-05-05 11:30:06'),(516,498,690,'2020-05-07 14:51:31'),(516,513,690,'2020-08-29 00:18:31'),(516,514,690,'2020-08-29 00:26:02'),(516,763,1283,'2020-05-09 23:46:13'),(516,777,1283,'2020-05-09 23:49:58'),(516,795,1986,'2020-05-11 12:21:54'),(516,796,1986,'2020-05-11 17:30:56'),(516,790,1987,'2020-05-12 11:36:01'),(516,164,690,'2020-05-13 23:58:36'),(516,797,690,'2020-05-14 20:10:23'),(516,797,1986,'2020-05-15 01:21:24'),(516,764,1986,'2020-05-15 01:33:18'),(516,364,690,'2020-05-25 15:54:52'),(516,685,690,'2020-05-25 16:05:11'),(516,336,690,'2020-05-25 16:07:44'),(516,353,690,'2020-05-27 14:25:20'),(516,798,1986,'2020-05-27 20:09:47'),(516,799,1986,'2020-05-27 20:10:24'),(516,801,1986,'2020-05-30 01:45:54'),(516,207,690,'2020-06-03 14:28:03'),(516,803,1283,'2020-06-03 17:55:41'),(516,789,1987,'2020-06-07 14:33:07'),(516,402,690,'2020-06-08 20:14:05'),(516,349,690,'2020-06-09 13:40:10'),(516,273,690,'2020-06-11 18:01:46'),(516,479,690,'2020-06-11 18:38:48'),(516,287,690,'2020-06-11 18:43:56'),(516,289,690,'2020-06-11 19:17:47'),(516,820,1987,'2020-06-12 11:25:29'),(516,805,142,'2020-06-12 17:27:33'),(516,811,1283,'2020-06-14 19:39:10'),(516,807,142,'2020-06-16 12:04:09'),(516,808,142,'2020-06-16 12:04:26'),(516,782,690,'2020-06-16 18:06:57'),(516,778,690,'2020-08-29 00:59:14'),(516,290,690,'2020-06-18 09:24:01'),(516,469,690,'2020-06-18 11:25:50'),(516,301,690,'2020-06-18 13:03:15'),(516,466,690,'2020-06-21 17:46:16'),(516,465,690,'2020-06-21 17:48:53'),(516,463,690,'2020-06-21 17:59:52'),(516,464,690,'2020-06-21 18:01:59'),(516,495,690,'2021-03-08 22:04:43'),(516,780,690,'2020-06-22 17:43:12'),(516,816,1987,'2020-06-26 16:59:37'),(516,814,1987,'2020-07-04 14:17:44'),(516,813,1987,'2020-07-04 14:16:10'),(516,861,1987,'2020-07-08 11:22:11'),(516,849,1987,'2020-07-13 07:59:18'),(516,855,1987,'2020-07-13 08:04:04'),(516,856,1987,'2020-07-15 10:59:31'),(516,862,1987,'2020-07-20 08:10:39'),(516,828,690,'2020-07-29 11:36:30'),(516,831,690,'2020-07-29 12:11:53'),(516,867,1283,'2020-07-29 14:36:02'),(516,868,1283,'2020-07-29 14:36:52'),(516,869,690,'2020-08-12 21:03:17'),(516,761,690,'2020-08-12 21:16:55'),(516,760,690,'2020-08-12 21:18:04'),(516,848,142,'2020-08-17 15:22:20'),(516,847,142,'2020-08-17 15:21:39'),(516,810,1986,'2020-08-24 19:56:23'),(516,854,1986,'2020-08-26 02:32:53'),(516,851,1986,'2020-08-26 02:31:45'),(516,817,690,'2021-02-25 14:57:46'),(516,824,690,'2020-08-27 14:31:05'),(516,796,690,'2020-08-28 20:22:52'),(516,487,690,'2020-08-28 23:32:40'),(516,781,690,'2020-08-28 23:44:20'),(516,810,690,'2020-08-30 01:55:50'),(516,890,690,'2020-09-02 16:31:14'),(516,900,2359,'2020-11-15 13:18:06'),(516,818,690,'2020-09-15 14:34:28'),(516,875,1987,'2020-09-15 17:10:52'),(516,873,1987,'2020-09-16 07:24:01'),(516,885,1987,'2020-09-16 07:28:21'),(516,523,690,'2020-09-23 20:12:54'),(516,846,690,'2020-09-25 14:15:24'),(516,480,690,'2020-09-25 17:47:20'),(516,550,690,'2020-09-25 18:02:03'),(516,557,690,'2020-09-25 18:51:46'),(516,686,690,'2020-09-25 22:06:17'),(516,562,690,'2020-09-25 22:23:26'),(516,565,690,'2020-09-25 22:31:03'),(516,579,690,'2020-09-25 23:22:32'),(516,745,690,'2020-09-25 23:42:37'),(516,588,690,'2020-09-25 23:54:16'),(516,600,690,'2020-09-26 00:06:25'),(516,674,690,'2020-09-26 00:35:22'),(516,688,690,'2020-09-29 19:23:49'),(516,646,690,'2020-09-29 19:25:30'),(516,647,690,'2020-09-29 19:26:47'),(516,755,690,'2020-09-29 19:46:16'),(516,871,690,'2021-04-29 19:33:38'),(516,823,690,'2020-09-30 21:03:59'),(516,912,690,'2020-09-30 21:56:25'),(516,839,690,'2020-10-08 14:56:47'),(516,832,690,'2021-05-06 07:30:48'),(516,876,1987,'2020-10-23 10:09:44'),(516,921,690,'2020-11-03 18:31:47'),(516,899,2359,'2020-11-15 13:18:20'),(516,909,2359,'2020-11-15 16:38:23'),(516,906,2359,'2021-02-04 09:26:01'),(516,907,2359,'2021-02-04 09:28:58'),(516,931,1987,'2020-11-18 17:45:09'),(516,919,690,'2020-11-23 15:16:36'),(516,937,142,'2020-12-01 20:59:19'),(516,938,142,'2020-12-01 20:59:46'),(516,924,690,'2020-12-18 08:31:49'),(516,939,142,'2020-12-29 11:58:20'),(516,940,142,'2020-12-29 11:58:52'),(516,956,1283,'2021-01-06 16:55:02'),(516,957,1283,'2021-01-06 16:56:43'),(516,935,1987,'2021-03-31 11:52:05'),(516,609,2375,'2021-02-23 19:22:08'),(516,959,2375,'2021-01-21 10:56:54'),(516,954,464,'2021-01-23 10:33:58'),(516,908,2359,'2021-02-04 11:13:31'),(516,945,2359,'2021-02-04 11:15:13'),(516,901,690,'2021-02-04 22:30:05'),(516,960,2375,'2021-02-23 19:19:25'),(516,961,2375,'2021-02-18 08:48:11'),(516,911,690,'2021-02-18 17:05:00'),(516,773,690,'2021-02-18 18:53:47'),(516,952,690,'2021-02-19 14:05:01'),(516,927,690,'2021-02-19 14:08:15'),(516,877,339,'2021-02-22 01:50:46'),(516,878,339,'2021-02-22 02:04:34'),(516,967,2375,'2021-02-23 17:23:14'),(516,962,2375,'2021-02-23 19:20:30'),(516,948,690,'2021-02-25 12:26:59'),(516,949,690,'2021-02-25 12:28:46'),(516,897,690,'2021-02-26 12:31:48'),(516,301,783,'2021-02-26 14:20:01'),(516,923,1987,'2021-02-26 16:32:48'),(516,928,1987,'2021-02-26 16:35:32'),(516,885,690,'2021-03-08 22:04:29'),(516,984,1987,'2021-04-02 08:14:41'),(516,968,690,'2021-03-19 08:36:04'),(516,1009,1987,'2021-03-22 07:27:52'),(516,990,2375,'2021-03-23 18:39:40'),(516,993,1987,'2021-03-31 11:51:37'),(516,985,1987,'2021-04-01 17:48:55'),(516,1046,1987,'2021-04-02 08:09:05'),(516,1023,1987,'2021-04-09 14:28:27'),(516,1018,783,'2021-04-12 20:45:06'),(516,1015,783,'2021-04-12 20:50:06'),(516,971,2375,'2021-04-15 16:22:51'),(516,969,2375,'2021-04-15 16:26:47'),(516,970,2375,'2021-04-15 16:32:18'),(516,1024,2375,'2021-04-17 12:58:20'),(516,1012,690,'2021-04-19 12:02:12'),(516,972,690,'2021-04-19 12:04:35'),(516,988,1987,'2021-04-22 09:01:14'),(516,1058,2359,'2021-04-27 17:55:18'),(516,943,2359,'2021-04-27 17:58:07'),(516,975,690,'2021-04-29 19:01:17'),(516,1010,690,'2021-04-29 19:14:11'),(516,1011,690,'2021-04-29 19:15:01'),(516,976,690,'2021-04-29 19:42:41'),(516,994,1283,'2021-05-02 15:24:16'),(516,995,1283,'2021-05-02 15:26:52'),(516,1001,1283,'2021-05-02 15:27:58'),(516,1005,1283,'2021-05-04 18:10:27'),(516,1051,1987,'2021-05-04 21:13:07'),(516,1057,2359,'2021-05-15 10:04:12'),(516,1062,2359,'2021-05-18 22:30:54'),(516,1048,2361,'2021-05-24 09:55:10'),(516,1056,2359,'2021-05-26 18:52:05');

--
-- Table structure for table `jobs`
--

CREATE TABLE `jobs` (
  `id` bigint(20) unsigned NOT NULL AUTO_INCREMENT,
  `queue` varchar(255) NOT NULL,
  `payload` longtext NOT NULL,
  `attempts` tinyint(3) unsigned NOT NULL,
  `reserved_at` int(10) unsigned DEFAULT NULL,
  `available_at` int(10) unsigned NOT NULL,
  `created_at` int(10) unsigned NOT NULL,
  PRIMARY KEY (`id`),
  KEY `jobs_queue_reserved_at_index` (`queue`,`reserved_at`)
) ENGINE=InnoDB DEFAULT CHARSET=utf8;

--
-- Dumping data for table `jobs`
--


--
-- Table structure for table `journal_settings`
--

CREATE TABLE `journal_settings` (
  `journal_id` bigint(20) NOT NULL,
  `locale` varchar(14) NOT NULL DEFAULT '',
  `setting_name` varchar(255) NOT NULL,
  `setting_value` mediumtext,
  `setting_type` varchar(6) DEFAULT NULL,
  UNIQUE KEY `journal_settings_pkey` (`journal_id`,`locale`,`setting_name`),
  KEY `journal_settings_journal_id` (`journal_id`)
) ENGINE=MyISAM DEFAULT CHARSET=utf8;

--
