-- Table structure for table `filter_groups`
--

CREATE TABLE `filter_groups` (
  `filter_group_id` bigint(20) NOT NULL AUTO_INCREMENT,
  `symbolic` varchar(255) DEFAULT NULL,
  `display_name` varchar(255) DEFAULT NULL,
  `description` varchar(255) DEFAULT NULL,
  `input_type` varchar(255) DEFAULT NULL,
  `output_type` varchar(255) DEFAULT NULL,
  PRIMARY KEY (`filter_group_id`),
  UNIQUE KEY `filter_groups_symbolic` (`symbolic`)
) ENGINE=MyISAM AUTO_INCREMENT=50 DEFAULT CHARSET=utf8;

--
-- Dumping data for table `filter_groups`
--

INSERT INTO `filter_groups` VALUES (1,'mods34=>mods34-xml','plugins.metadata.mods34.mods34XmlOutput.displayName','plugins.metadata.mods34.mods34XmlOutput.description','metadata::plugins.metadata.mods34.schema.Mods34Schema(*)','xml::schema(lib/pkp/plugins/metadata/mods34/filter/mods34.xsd)'),(4,'article=>dc11','plugins.metadata.dc11.articleAdapter.displayName','plugins.metadata.dc11.articleAdapter.description','class::classes.submission.Submission','metadata::plugins.metadata.dc11.schema.Dc11Schema(ARTICLE)'),(28,'native-xml=>SubmissionFile','plugins.importexport.native.displayName','plugins.importexport.native.description','xml::schema(plugins/importexport/native/native.xsd)','class::lib.pkp.classes.submission.SubmissionFile'),(27,'SupplementaryFile=>native-xml','plugins.importexport.native.displayName','plugins.importexport.native.description','class::lib.pkp.classes.submission.SupplementaryFile','xml::schema(plugins/importexport/native/native.xsd)'),(25,'SubmissionFile=>native-xml','plugins.importexport.native.displayName','plugins.importexport.native.description','class::lib.pkp.classes.submission.SubmissionFile','xml::schema(plugins/importexport/native/native.xsd)'),(26,'SubmissionArtworkFile=>native-xml','plugins.importexport.native.displayName','plugins.importexport.native.description','class::lib.pkp.classes.submission.SubmissionArtworkFile','xml::schema(plugins/importexport/native/native.xsd)'),(24,'native-xml=>author','plugins.importexport.native.displayName','plugins.importexport.native.description','xml::schema(plugins/importexport/native/native.xsd)','class::classes.article.Author[]'),(23,'author=>native-xml','plugins.importexport.native.displayName','plugins.importexport.native.description','class::classes.article.Author[]','xml::schema(plugins/importexport/native/native.xsd)'),(22,'native-xml=>issuegalley','plugins.importexport.native.displayName','plugins.importexport.native.description','xml::schema(plugins/importexport/native/native.xsd)','class::classes.issue.IssueGalley[]'),(21,'issuegalley=>native-xml','plugins.importexport.native.displayName','plugins.importexport.native.description','class::classes.issue.IssueGalley[]','xml::schema(plugins/importexport/native/native.xsd)'),(20,'native-xml=>issue','plugins.importexport.native.displayName','plugins.importexport.native.description','xml::schema(plugins/importexport/native/native.xsd)','class::classes.issue.Issue[]'),(18,'native-xml=>article','plugins.importexport.native.displayName','plugins.importexport.native.description','xml::schema(plugins/importexport/native/native.xsd)','class::classes.submission.Submission[]'),(19,'issue=>native-xml','plugins.importexport.native.displayName','plugins.importexport.native.description','class::classes.issue.Issue[]','xml::schema(plugins/importexport/native/native.xsd)'),(17,'article=>native-xml','plugins.importexport.native.displayName','plugins.importexport.native.description','class::classes.submission.Submission[]','xml::schema(plugins/importexport/native/native.xsd)'),(29,'native-xml=>SubmissionArtworkFile','plugins.importexport.native.displayName','plugins.importexport.native.description','xml::schema(plugins/importexport/native/native.xsd)','class::lib.pkp.classes.submission.SubmissionArtworkFile'),(30,'native-xml=>SupplementaryFile','plugins.importexport.native.displayName','plugins.importexport.native.description','xml::schema(plugins/importexport/native/native.xsd)','class::lib.pkp.classes.submission.SupplementaryFile'),(31,'article-galley=>native-xml','plugins.importexport.native.displayName','plugins.importexport.native.description','class::classes.article.ArticleGalley','xml::schema(plugins/importexport/native/native.xsd)'),(32,'native-xml=>ArticleGalley','plugins.importexport.native.displayName','plugins.importexport.native.description','xml::schema(plugins/importexport/native/native.xsd)','class::classes.article.ArticleGalley[]'),(33,'user=>user-xml','plugins.importexport.users.displayName','plugins.importexport.users.description','class::lib.pkp.classes.user.User[]','xml::schema(lib/pkp/plugins/importexport/users/pkp-users.xsd)'),(34,'user-xml=>user','plugins.importexport.users.displayName','plugins.importexport.users.description','xml::schema(lib/pkp/plugins/importexport/users/pkp-users.xsd)','class::classes.users.User[]'),(35,'usergroup=>user-xml','plugins.importexport.users.displayName','plugins.importexport.users.description','class::lib.pkp.classes.security.UserGroup[]','xml::schema(lib/pkp/plugins/importexport/users/pkp-users.xsd)'),(36,'user-xml=>usergroup','plugins.importexport.native.displayName','plugins.importexport.native.description','xml::schema(lib/pkp/plugins/importexport/users/pkp-users.xsd)','class::lib.pkp.classes.security.UserGroup[]'),(37,'article=>doaj-xml','plugins.importexport.doaj.displayName','plugins.importexport.doaj.description','class::classes.submission.Submission[]','xml::schema(plugins/importexport/doaj/doajArticles.xsd)'),(38,'article=>doaj-json','plugins.importexport.doaj.displayName','plugins.importexport.doaj.description','class::classes.submission.Submission','primitive::string'),(39,'issue=>crossref-xml','plugins.importexport.crossref.displayName','plugins.importexport.crossref.description','class::classes.issue.Issue[]','xml::schema(https://www.crossref.org/schemas/crossref4.3.6.xsd)'),(40,'article=>crossref-xml','plugins.importexport.crossref.displayName','plugins.importexport.crossref.description','class::classes.submission.Submission[]','xml::schema(https://www.crossref.org/schemas/crossref4.3.6.xsd)'),(41,'issue=>datacite-xml','plugins.importexport.datacite.displayName','plugins.importexport.datacite.description','class::classes.issue.Issue','xml::schema(http://schema.datacite.org/meta/kernel-4/metadata.xsd)'),(42,'article=>datacite-xml','plugins.importexport.datacite.displayName','plugins.importexport.datacite.description','class::classes.submission.Submission','xml::schema(http://schema.datacite.org/meta/kernel-4/metadata.xsd)'),(43,'galley=>datacite-xml','plugins.importexport.datacite.displayName','plugins.importexport.datacite.description','class::classes.article.ArticleGalley','xml::schema(http://schema.datacite.org/meta/kernel-4/metadata.xsd)'),(44,'article=>pubmed-xml','plugins.importexport.pubmed.displayName','plugins.importexport.pubmed.description','class::classes.submission.Submission[]','xml::dtd'),(48,'publication=>native-xml','plugins.importexport.native.displayName','plugins.importexport.native.description','class::classes.publication.Publication','xml::schema(plugins/importexport/native/native.xsd)'),(49,'native-xml=>Publication','plugins.importexport.native.displayName','plugins.importexport.native.description','xml::schema(plugins/importexport/native/native.xsd)','class::classes.publication.Publication');

--
-- Table structure for table `filter_settings`
--

CREATE TABLE `filter_settings` (
  `filter_id` bigint(20) NOT NULL,
  `locale` varchar(14) NOT NULL DEFAULT '',
  `setting_name` varchar(255) NOT NULL,
  `setting_value` text,
  `setting_type` varchar(6) NOT NULL,
  UNIQUE KEY `filter_settings_pkey` (`filter_id`,`locale`,`setting_name`),
  KEY `filter_settings_id` (`filter_id`)
) ENGINE=MyISAM DEFAULT CHARSET=utf8;

--
-- Dumping data for table `filter_settings`
--

INSERT INTO `filter_settings` VALUES (8,'','citationOutputFilterName','lib.pkp.plugins.metadata.nlm30.filter.Nlm30CitationSchemaNlm30XmlFilter','string'),(8,'','metadataSchemaName','lib.pkp.plugins.metadata.nlm30.schema.Nlm30CitationSchema','string'),(9,'','settingsMapping','{\"apiKey\":[\"seq1_apiKey\",\"seq2_apiKey\"],\"isOptional\":[\"seq1_isOptional\",\"seq2_isOptional\"]}','object'),(10,'','citationOutputFilterName','lib.pkp.plugins.metadata.nlm30.filter.Nlm30CitationSchemaNlm30XmlFilter','string'),(10,'','metadataSchemaName','lib.pkp.plugins.metadata.nlm30.schema.Nlm30CitationSchema','string'),(11,'','xsl','lib/pkp/plugins/metadata/nlm30/filter/nlm30-to-23-ref-list.xsl','string'),(11,'','xslType','2','int'),(12,'','settingsMapping','{\"apiKey\":[\"seq1_apiKey\",\"seq2_apiKey\"],\"isOptional\":[\"seq1_isOptional\",\"seq2_isOptional\"]}','object'),(13,'','phpVersionMin','5.0.0','string'),(14,'','phpVersionMin','5.0.0','string'),(15,'','phpVersionMin','5.0.0','string'),(16,'','phpVersionMin','5.0.0','string'),(17,'','phpVersionMin','5.0.0','string'),(19,'','ordering','2','int'),(19,'','citationOutputFilterName','lib.pkp.plugins.citationOutput.apa.filter.Nlm30CitationSchemaApaFilter','string'),(19,'','metadataSchemaName','lib.pkp.plugins.metadata.nlm30.schema.Nlm30CitationSchema','string'),(21,'','ordering','1','int'),(21,'','citationOutputFilterName','lib.pkp.plugins.citationOutput.vancouver.filter.Nlm30CitationSchemaVancouverFilter','string'),(21,'','metadataSchemaName','lib.pkp.plugins.metadata.nlm30.schema.Nlm30CitationSchema','string'),(23,'','ordering','2','int'),(23,'','citationOutputFilterName','lib.pkp.plugins.citationOutput.abnt.filter.Nlm30CitationSchemaAbntFilter','string'),(23,'','metadataSchemaName','lib.pkp.plugins.metadata.nlm30.schema.Nlm30CitationSchema','string'),(25,'','ordering','2','int'),(25,'','citationOutputFilterName','lib.pkp.plugins.citationOutput.mla.filter.Nlm30CitationSchemaMlaFilter','string'),(25,'','metadataSchemaName','lib.pkp.plugins.metadata.nlm30.schema.Nlm30CitationSchema','string'),(26,'','phpVersionMin','5.0.0','string'),(27,'','phpVersionMin','5.0.0','string'),(28,'','phpVersionMin','5.0.0','string'),(29,'','phpVersionMin','5.0.0','string');

--
-- Table structure for table `filters`
--

CREATE TABLE `filters` (
  `filter_id` bigint(20) NOT NULL AUTO_INCREMENT,
  `filter_group_id` bigint(20) NOT NULL DEFAULT '0',
  `context_id` bigint(20) NOT NULL DEFAULT '0',
  `display_name` varchar(255) DEFAULT NULL,
  `class_name` varchar(255) DEFAULT NULL,
  `is_template` tinyint(4) NOT NULL DEFAULT '0',
  `parent_filter_id` bigint(20) NOT NULL DEFAULT '0',
  `seq` bigint(20) NOT NULL DEFAULT '0',
  PRIMARY KEY (`filter_id`)
) ENGINE=MyISAM AUTO_INCREMENT=63 DEFAULT CHARSET=utf8;

--
-- Dumping data for table `filters`
--

INSERT INTO `filters` VALUES (1,1,0,'MODS 3.4','lib.pkp.plugins.metadata.mods34.filter.Mods34DescriptionXmlFilter',0,0,0),(4,4,0,'Extract metadata from a(n) Article','plugins.metadata.dc11.filter.Dc11SchemaArticleAdapter',0,0,0),(5,5,0,'Extract metadata from a(n) Citation','lib.pkp.plugins.metadata.nlm30.filter.Nlm30CitationSchemaCitationAdapter',0,0,0),(6,6,0,'Inject metadata into a(n) Citation','lib.pkp.plugins.metadata.nlm30.filter.Nlm30CitationSchemaCitationAdapter',0,0,0),(7,10,0,'NLM 3.0 XML Citation Output','lib.pkp.plugins.metadata.nlm30.filter.Nlm30CitationSchemaNlm30XmlFilter',0,0,0),(8,11,0,'NLM Journal Publishing V3.0 ref-list','lib.pkp.plugins.metadata.nlm30.filter.PKPSubmissionNlm30XmlFilter',0,0,0),(9,12,0,'NLM Journal Publishing V2.3 ref-list','lib.pkp.classes.filter.GenericSequencerFilter',0,0,0),(10,11,0,'NLM 2.3: NLM 3.0','lib.pkp.plugins.metadata.nlm30.filter.PKPSubmissionNlm30XmlFilter',0,9,1),(11,13,0,'NLM 2.3: NLM 3.0 to 2.3','lib.pkp.classes.xslt.XSLTransformationFilter',0,9,2),(12,8,0,'ISBNdb','lib.pkp.classes.filter.GenericSequencerFilter',1,0,0),(13,15,0,'ISBNdb (from NLM)','lib.pkp.plugins.citationLookup.isbndb.filter.IsbndbNlm30CitationSchemaIsbnFilter',0,12,1),(14,16,0,'ISBNdb','lib.pkp.plugins.citationLookup.isbndb.filter.IsbndbIsbnNlm30CitationSchemaFilter',0,12,2),(15,8,0,'PubMed','lib.pkp.plugins.citationLookup.pubmed.filter.PubmedNlm30CitationSchemaFilter',1,0,0),(16,8,0,'WorldCat','lib.pkp.plugins.citationLookup.worldcat.filter.WorldcatNlm30CitationSchemaFilter',1,0,0),(17,8,0,'CrossRef','lib.pkp.plugins.citationLookup.crossref.filter.CrossrefNlm30CitationSchemaFilter',1,0,0),(18,9,0,'APA Citation Output','lib.pkp.plugins.citationOutput.apa.filter.Nlm30CitationSchemaApaFilter',0,0,0),(19,14,0,'APA Reference List','lib.pkp.classes.citation.PlainTextReferencesListFilter',0,0,0),(20,9,0,'Vancouver Citation Output','lib.pkp.plugins.citationOutput.vancouver.filter.Nlm30CitationSchemaVancouverFilter',0,0,0),(21,14,0,'Vancouver Reference List','lib.pkp.classes.citation.PlainTextReferencesListFilter',0,0,0),(22,9,0,'ABNT Citation Output','lib.pkp.plugins.citationOutput.abnt.filter.Nlm30CitationSchemaAbntFilter',0,0,0),(23,14,0,'ABNT Reference List','lib.pkp.classes.citation.PlainTextReferencesListFilter',0,0,0),(24,9,0,'MLA Citation Output','lib.pkp.plugins.citationOutput.mla.filter.Nlm30CitationSchemaMlaFilter',0,0,0),(25,14,0,'MLA Reference List','lib.pkp.classes.citation.PlainTextReferencesListFilter',0,0,0),(26,7,0,'ParaCite','lib.pkp.plugins.citationParser.paracite.filter.ParaciteRawCitationNlm30CitationSchemaFilter',1,0,0),(27,7,0,'RegEx','lib.pkp.plugins.citationParser.regex.filter.RegexRawCitationNlm30CitationSchemaFilter',1,0,0),(28,7,0,'FreeCite','lib.pkp.plugins.citationParser.freecite.filter.FreeciteRawCitationNlm30CitationSchemaFilter',1,0,0),(29,7,0,'ParsCit','lib.pkp.plugins.citationParser.parscit.filter.ParscitRawCitationNlm30CitationSchemaFilter',1,0,0),(30,17,0,'Native XML submission export','plugins.importexport.native.filter.ArticleNativeXmlFilter',0,0,0),(31,18,0,'Native XML submission import','plugins.importexport.native.filter.NativeXmlArticleFilter',0,0,0),(32,19,0,'Native XML issue export','plugins.importexport.native.filter.IssueNativeXmlFilter',0,0,0),(33,20,0,'Native XML issue import','plugins.importexport.native.filter.NativeXmlIssueFilter',0,0,0),(34,21,0,'Native XML issue galley export','plugins.importexport.native.filter.IssueGalleyNativeXmlFilter',0,0,0),(35,22,0,'Native XML issue galley import','plugins.importexport.native.filter.NativeXmlIssueGalleyFilter',0,0,0),(36,23,0,'Native XML author export','plugins.importexport.native.filter.AuthorNativeXmlFilter',0,0,0),(37,24,0,'Native XML author import','plugins.importexport.native.filter.NativeXmlAuthorFilter',0,0,0),(38,28,0,'Native XML submission file import','plugins.importexport.native.filter.NativeXmlArticleFileFilter',0,0,0),(39,29,0,'Native XML submission file import','plugins.importexport.native.filter.NativeXmlArtworkFileFilter',0,0,0),(40,30,0,'Native XML submission file import','plugins.importexport.native.filter.NativeXmlSupplementaryFileFilter',0,0,0),(41,25,0,'Native XML submission file export','lib.pkp.plugins.importexport.native.filter.SubmissionFileNativeXmlFilter',0,0,0),(42,26,0,'Native XML submission file export','plugins.importexport.native.filter.ArtworkFileNativeXmlFilter',0,0,0),(43,27,0,'Native XML submission file export','plugins.importexport.native.filter.SupplementaryFileNativeXmlFilter',0,0,0),(44,31,0,'Native XML representation export','plugins.importexport.native.filter.ArticleGalleyNativeXmlFilter',0,0,0),(45,32,0,'Native XML representation import','plugins.importexport.native.filter.NativeXmlArticleGalleyFilter',0,0,0),(46,33,0,'User XML user export','lib.pkp.plugins.importexport.users.filter.PKPUserUserXmlFilter',0,0,0),(47,34,0,'User XML user import','lib.pkp.plugins.importexport.users.filter.UserXmlPKPUserFilter',0,0,0),(48,35,0,'Native XML user group export','lib.pkp.plugins.importexport.users.filter.UserGroupNativeXmlFilter',0,0,0),(49,36,0,'Native XML user group import','lib.pkp.plugins.importexport.users.filter.NativeXmlUserGroupFilter',0,0,0),(50,37,0,'DOAJ XML export','plugins.importexport.doaj.filter.DOAJXmlFilter',0,0,0),(51,38,0,'DOAJ JSON export','plugins.importexport.doaj.filter.DOAJJsonFilter',0,0,0),(52,39,0,'Crossref XML issue export','plugins.importexport.crossref.filter.IssueCrossrefXmlFilter',0,0,0),(53,40,0,'Crossref XML issue export','plugins.importexport.crossref.filter.ArticleCrossrefXmlFilter',0,0,0),(54,41,0,'DataCite XML export','plugins.importexport.datacite.filter.DataciteXmlFilter',0,0,0),(55,42,0,'DataCite XML export','plugins.importexport.datacite.filter.DataciteXmlFilter',0,0,0),(56,43,0,'DataCite XML export','plugins.importexport.datacite.filter.DataciteXmlFilter',0,0,0),(57,44,0,'ArticlePubMedXmlFilter','plugins.importexport.pubmed.filter.ArticlePubMedXmlFilter',0,0,0),(61,48,0,'Native XML Publication export','plugins.importexport.native.filter.PublicationNativeXmlFilter',0,0,0),(62,49,0,'Native XML publication import','plugins.importexport.native.filter.NativeXmlPublicationFilter',0,0,0);

--
-- Table structure for table `genre_settings`
--

CREATE TABLE `genre_settings` (
  `genre_id` bigint(20) NOT NULL,
  `locale` varchar(14) NOT NULL DEFAULT '',
  `setting_name` varchar(255) NOT NULL,
  `setting_value` text,
  `setting_type` varchar(6) NOT NULL,
  UNIQUE KEY `genre_settings_pkey` (`genre_id`,`locale`,`setting_name`),
  KEY `genre_settings_genre_id` (`genre_id`)
) ENGINE=InnoDB DEFAULT CHARSET=utf8;

--
-- Dumping data for table `genre_settings`
--

INSERT INTO `genre_settings` VALUES (1,'en_US','name','Article Text','string'),(1,'es_AR','name','##default.genres.article##','string'),(1,'es_ES','name','Texto del artículo','string'),(1,'pt_BR','name','Texto do artigo','string'),(2,'en_US','name','Research Instrument','string'),(2,'es_AR','name','##default.genres.researchInstrument##','string'),(2,'es_ES','name','Instrumento de investigación','string'),(2,'pt_BR','name','Instrumento de pesquisa','string'),(3,'en_US','name','Research Materials','string'),(3,'es_AR','name','##default.genres.researchMaterials##','string'),(3,'es_ES','name','Materiales de investigación','string'),(3,'pt_BR','name','Materiais de pesquisa','string'),(4,'en_US','name','Research Results','string'),(4,'es_AR','name','##default.genres.researchResults##','string'),(4,'es_ES','name','Resultados de la investigación','string'),(4,'pt_BR','name','Resultados de pesquisa','string'),(5,'en_US','name','Transcripts','string'),(5,'es_AR','name','##default.genres.transcripts##','string'),(5,'es_ES','name','Transcripciones','string'),(5,'pt_BR','name','Transcrições','string'),(6,'en_US','name','Data Analysis','string'),(6,'es_AR','name','##default.genres.dataAnalysis##','string'),(6,'es_ES','name','Análisis de datos','string'),(6,'pt_BR','name','Análise de dados','string'),(7,'en_US','name','Data Set','string'),(7,'es_AR','name','##default.genres.dataSet##','string'),(7,'es_ES','name','Conjunto de datos','string'),(7,'pt_BR','name','Conjunto de dados','string'),(8,'en_US','name','Source Texts','string'),(8,'es_AR','name','##default.genres.sourceTexts##','string'),(8,'es_ES','name','Textos fuente','string'),(8,'pt_BR','name','Textos fonte','string'),(9,'en_US','name','Multimedia','string'),(9,'es_AR','name','##default.genres.multimedia##','string'),(9,'es_ES','name','Multimedia','string'),(9,'pt_BR','name','Multimedia','string'),(10,'en_US','name','Image','string'),(10,'es_AR','name','##default.genres.image##','string'),(10,'es_ES','name','Imagen','string'),(10,'pt_BR','name','Imagem','string'),(11,'en_US','name','HTML Stylesheet','string'),(11,'es_AR','name','##default.genres.styleSheet##','string'),(11,'es_ES','name','Hoja de estilo HTML','string'),(11,'fr_FR','name','','string'),(11,'pt_BR','name','Folha de Estilos','string'),(12,'en_US','name','Other','string'),(12,'es_AR','name','##default.genres.other##','string'),(12,'es_ES','name','Otro','string'),(12,'pt_BR','name','Outros','string'),(13,'en_US','name','Article Text','string'),(14,'en_US','name','Research Instrument','string'),(15,'en_US','name','Research Materials','string'),(16,'en_US','name','Research Results','string'),(17,'en_US','name','Transcripts','string'),(18,'en_US','name','Data Analysis','string'),(19,'en_US','name','Data Set','string'),(20,'en_US','name','Source Texts','string'),(21,'en_US','name','Multimedia','string'),(22,'en_US','name','Image','string'),(23,'en_US','name','HTML Stylesheet','string'),(24,'en_US','name','Other','string');

--
-- Table structure for table `genres`
--

CREATE TABLE `genres` (
  `genre_id` bigint(20) NOT NULL AUTO_INCREMENT,
  `context_id` bigint(20) NOT NULL,
  `seq` bigint(20) NOT NULL,
  `enabled` tinyint(4) NOT NULL DEFAULT '1',
  `category` bigint(20) NOT NULL DEFAULT '1',
  `dependent` tinyint(4) NOT NULL DEFAULT '0',
  `supplementary` smallint(6) NOT NULL DEFAULT '0',
  `entry_key` varchar(30) DEFAULT NULL,
  PRIMARY KEY (`genre_id`)
) ENGINE=InnoDB AUTO_INCREMENT=25 DEFAULT CHARSET=utf8;

--
-- Dumping data for table `genres`
--

INSERT INTO `genres` VALUES (1,1,0,1,1,0,0,'SUBMISSION'),(2,1,1,1,3,0,1,'RESEARCHINSTRUMENT'),(3,1,2,1,3,0,1,'RESEARCHMATERIALS'),(4,1,3,1,3,0,1,'RESEARCHRESULTS'),(5,1,4,1,3,0,1,'TRANSCRIPTS'),(6,1,5,1,3,0,1,'DATAANALYSIS'),(7,1,6,1,3,0,1,'DATASET'),(8,1,7,1,3,0,1,'SOURCETEXTS'),(9,1,8,1,1,1,1,'MULTIMEDIA'),(10,1,9,1,2,1,0,'IMAGE'),(11,1,10,1,1,1,0,'STYLE'),(12,1,11,1,3,0,1,'OTHER'),(13,2,0,1,1,0,0,'SUBMISSION'),(14,2,1,1,3,0,1,'RESEARCHINSTRUMENT'),(15,2,2,1,3,0,1,'RESEARCHMATERIALS'),(16,2,3,1,3,0,1,'RESEARCHRESULTS'),(17,2,4,1,3,0,1,'TRANSCRIPTS'),(18,2,5,1,3,0,1,'DATAANALYSIS'),(19,2,6,1,3,0,1,'DATASET'),(20,2,7,1,3,0,1,'SOURCETEXTS'),(21,2,8,1,1,1,1,'MULTIMEDIA'),(22,2,9,1,2,1,0,'IMAGE'),(23,2,10,1,1,1,0,'STYLE'),(24,2,11,1,3,0,1,'OTHER');

--
-- Table structure for table `group_memberships`
--

CREATE TABLE `group_memberships` (
  `user_id` bigint(20) NOT NULL,
  `group_id` bigint(20) NOT NULL,
  `about_displayed` tinyint(4) NOT NULL DEFAULT '1',
  `seq` double NOT NULL DEFAULT '0',
  UNIQUE KEY `group_memberships_pkey` (`user_id`,`group_id`)
) ENGINE=MyISAM DEFAULT CHARSET=utf8;

--
-- Dumping data for table `group_memberships`
--

INSERT INTO `group_memberships` VALUES (2,1,1,0);

--
-- Table structure for table `group_settings`
--

CREATE TABLE `group_settings` (
  `group_id` bigint(20) NOT NULL,
  `locale` varchar(5) NOT NULL DEFAULT '',
  `setting_name` varchar(255) NOT NULL,
  `setting_value` text,
  `setting_type` varchar(6) NOT NULL,
  UNIQUE KEY `group_settings_pkey` (`group_id`,`locale`,`setting_name`),
  KEY `group_settings_group_id` (`group_id`)
) ENGINE=MyISAM DEFAULT CHARSET=utf8;

--
-- Dumping data for table `group_settings`
--

INSERT INTO `group_settings` VALUES (1,'en_US','title','Editorial Board','string'),(3,'en_US','title','Reviewer','string');

--
-- Table structure for table `groups`
--

CREATE TABLE `groups` (
  `group_id` bigint(20) NOT NULL AUTO_INCREMENT,
  `assoc_type` smallint(6) DEFAULT NULL,
  `publish_email` smallint(6) DEFAULT NULL,
  `assoc_id` bigint(20) DEFAULT NULL,
  `context` bigint(20) DEFAULT NULL,
  `about_displayed` tinyint(4) NOT NULL DEFAULT '0',
  `seq` double NOT NULL DEFAULT '0',
  PRIMARY KEY (`group_id`),
  KEY `groups_assoc` (`assoc_type`,`assoc_id`)
) ENGINE=MyISAM AUTO_INCREMENT=4 DEFAULT CHARSET=utf8;

--
-- Dumping data for table `groups`
--

INSERT INTO `groups` VALUES (1,256,1,1,2,1,1),(3,256,1,1,2,1,2);

--
-- Table structure for table `institutional_subscription_ip`
--

CREATE TABLE `institutional_subscription_ip` (
  `institutional_subscription_ip_id` bigint(20) NOT NULL AUTO_INCREMENT,
  `subscription_id` bigint(20) NOT NULL,
  `ip_string` varchar(40) NOT NULL,
  `ip_start` bigint(20) NOT NULL,
  `ip_end` bigint(20) DEFAULT NULL,
  PRIMARY KEY (`institutional_subscription_ip_id`),
  KEY `institutional_subscription_ip_subscription_id` (`subscription_id`),
  KEY `institutional_subscription_ip_start` (`ip_start`),
  KEY `institutional_subscription_ip_end` (`ip_end`)
) ENGINE=MyISAM DEFAULT CHARSET=utf8;

--
-- Dumping data for table `institutional_subscription_ip`
--


--
-- Table structure for table `institutional_subscriptions`
--

CREATE TABLE `institutional_subscriptions` (
  `institutional_subscription_id` bigint(20) NOT NULL AUTO_INCREMENT,
  `subscription_id` bigint(20) NOT NULL,
  `institution_name` varchar(255) NOT NULL,
  `mailing_address` varchar(255) DEFAULT NULL,
  `domain` varchar(255) DEFAULT NULL,
  PRIMARY KEY (`institutional_subscription_id`),
  KEY `institutional_subscriptions_subscription_id` (`subscription_id`),
  KEY `institutional_subscriptions_domain` (`domain`)
) ENGINE=MyISAM DEFAULT CHARSET=utf8;

--
-- Dumping data for table `institutional_subscriptions`
--


--
-- Table structure for table `issue_files`
--

CREATE TABLE `issue_files` (
  `file_id` bigint(20) NOT NULL AUTO_INCREMENT,
  `issue_id` bigint(20) NOT NULL,
  `file_name` varchar(90) NOT NULL,
  `file_type` varchar(255) NOT NULL,
  `file_size` bigint(20) NOT NULL,
  `content_type` bigint(20) NOT NULL,
  `original_file_name` varchar(127) DEFAULT NULL,
  `date_uploaded` datetime NOT NULL,
  `date_modified` datetime NOT NULL,
  PRIMARY KEY (`file_id`),
  KEY `issue_files_issue_id` (`issue_id`)
) ENGINE=MyISAM AUTO_INCREMENT=3 DEFAULT CHARSET=utf8;

--
-- Dumping data for table `issue_files`
--

INSERT INTO `issue_files` VALUES (1,19,'19-1-PB.pdf','application/pdf',106222,1,'RIP03601.pdf','2017-04-10 11:43:57','2017-04-10 11:43:57'),(2,100,'100-2-PB.pdf','application/pdf',366314,1,'Edit1Urbaez.pdf','2019-07-08 05:05:45','2019-07-08 05:06:00');

--
-- Table structure for table `issue_galley_settings`
--

CREATE TABLE `issue_galley_settings` (
  `galley_id` bigint(20) NOT NULL,
  `locale` varchar(14) NOT NULL DEFAULT '',
  `setting_name` varchar(255) NOT NULL,
  `setting_value` text,
  `setting_type` varchar(6) NOT NULL,
  UNIQUE KEY `issue_galley_settings_pkey` (`galley_id`,`locale`,`setting_name`),
  KEY `issue_galley_settings_galley_id` (`galley_id`)
) ENGINE=MyISAM DEFAULT CHARSET=utf8;

--
-- Dumping data for table `issue_galley_settings`
--

INSERT INTO `issue_galley_settings` VALUES (1,'','pub-id::publisher-id','pdf_3','string');

--
-- Table structure for table `issue_galleys`
--

CREATE TABLE `issue_galleys` (
  `galley_id` bigint(20) NOT NULL AUTO_INCREMENT,
  `locale` varchar(14) DEFAULT NULL,
  `issue_id` bigint(20) NOT NULL,
  `file_id` bigint(20) NOT NULL,
  `label` varchar(32) DEFAULT NULL,
  `seq` double NOT NULL DEFAULT '0',
  `url_path` varchar(64) DEFAULT NULL,
  PRIMARY KEY (`galley_id`),
  KEY `issue_galleys_issue_id` (`issue_id`),
  KEY `issue_galleys_url_path` (`url_path`)
) ENGINE=MyISAM AUTO_INCREMENT=3 DEFAULT CHARSET=utf8;

--
-- Dumping data for table `issue_galleys`
--

INSERT INTO `issue_galleys` VALUES (1,'en_US',19,1,'PDF',0,'pdf_3');

--
-- Table structure for table `issue_settings`
--

CREATE TABLE `issue_settings` (
  `issue_id` bigint(20) NOT NULL,
  `locale` varchar(14) NOT NULL DEFAULT '',
  `setting_name` varchar(255) NOT NULL,
  `setting_value` text,
  `setting_type` varchar(6) NOT NULL,
  UNIQUE KEY `issue_settings_pkey` (`issue_id`,`locale`,`setting_name`),
  KEY `issue_settings_issue_id` (`issue_id`),
  KEY `issue_settings_name_value` (`setting_name`(50),`setting_value`(150))
) ENGINE=MyISAM DEFAULT CHARSET=utf8;

--
-- Dumping data for table `issue_settings`
--

INSERT INTO `issue_settings` VALUES (1,'en_US','title','Interamerican Journal of Psychology','string'),(1,'en_US','coverPageDescription','','string'),(1,'en_US','showCoverPage','0','int'),(1,'en_US','hideCoverPageArchives','0','int'),(1,'en_US','hideCoverPageCover','0','int'),(1,'en_US','description','','string'),(1,'','pub-id::publisher-id','IJP/RIP','string'),(2,'en_US','title','Interamerican Journal of Psychology','string'),(2,'en_US','coverPageDescription','','string'),(2,'en_US','showCoverPage','0','int'),(2,'en_US','hideCoverPageArchives','0','int'),(2,'en_US','hideCoverPageCover','0','int'),(2,'en_US','description','','string'),(3,'en_US','title','Interamerican Journal of Psychology','string'),(3,'en_US','coverPageDescription','','string'),(3,'en_US','showCoverPage','0','int'),(3,'en_US','hideCoverPageArchives','0','int'),(3,'en_US','hideCoverPageCover','0','int'),(3,'en_US','description','','string'),(4,'en_US','title','Interamerican Journal of Psychology','string'),(4,'en_US','coverPageDescription','','string'),(4,'en_US','showCoverPage','0','int'),(4,'en_US','hideCoverPageArchives','0','int'),(4,'en_US','hideCoverPageCover','0','int'),(4,'en_US','description','','string'),(5,'en_US','title','Interamerican Journal of Psychology','string'),(5,'en_US','showCoverPage','1','int'),(5,'en_US','originalFileName','IJP.jpg','string'),(5,'en_US','coverImage','cover_issue_5_en_US.jpg','string'),(5,'en_US','width','2428','int'),(5,'en_US','height','3232','int'),(6,'en_US','title','Interamerican Journal of Psychology','string'),(6,'en_US','showCoverPage','1','int'),(6,'en_US','originalFileName','45.2.jpg','string'),(6,'en_US','coverImage','cover_issue_6_en_US.jpg','string'),(6,'en_US','width','2480','int'),(6,'en_US','height','3276','int'),(7,'en_US','title','Interamerican Journal of Psychology','string'),(7,'en_US','showCoverPage','1','int'),(7,'en_US','originalFileName','Screen Shot 2013-01-04 at 9.41.40 AM.png','string'),(7,'en_US','coverImage','cover_issue_7_en_US.png','string'),(7,'en_US','width','618','int'),(7,'en_US','height','802','int'),(8,'en_US','title','Interamerican Journal of Psychology','string'),(8,'','pub-id::publisher-id','Interamerican Journal of Psychology','string'),(8,'en_US','showCoverPage','1','int'),(8,'en_US','originalFileName','Picture 1.png','string'),(8,'en_US','coverImage','cover_issue_8_en_US.png','string'),(8,'en_US','width','500','int'),(8,'en_US','height','670','int'),(9,'en_US','title','Interamerican Journal of Psychology','string'),(9,'en_US','showCoverPage','1','int'),(9,'en_US','originalFileName','V47n1 copy_Page_1.jpg','string'),(9,'en_US','coverImage','cover_issue_9_en_US.jpg','string'),(9,'en_US','width','1774','int'),(9,'en_US','height','2146','int'),(10,'en_US','title','Interamerican Journal of Psychology','string'),(10,'en_US','showCoverPage','1','int'),(10,'en_US','originalFileName','Journal_Cover_V47n2_Page_1.jpg','string'),(10,'en_US','coverImage','cover_issue_10_en_US.jpg','string'),(10,'en_US','width','1765','int'),(10,'en_US','height','2137','int'),(11,'en_US','title','Interamerican Journal of Psychology','string'),(11,'en_US','showCoverPage','1','int'),(11,'en_US','originalFileName','47.3cover.jpg','string'),(11,'en_US','coverImage','cover_issue_11_en_US.jpg','string'),(11,'en_US','width','487','int'),(11,'en_US','height','575','int'),(12,'en_US','title','Interamerican Journal of Psychology','string'),(12,'','pub-id::publisher-id','IJP_RIP','string'),(13,'en_US','title','Interamerican Journal of Psychology','string'),(13,'','pub-id::publisher-id','IJP','string'),(14,'en_US','title','Interamerican Journal of Psychology','string'),(15,'en_US','title','Interamerican Journal of Psychology','string'),(15,'en_US','showCoverPage','1','int'),(15,'en_US','originalFileName','46n3_Page_1.jpg','string'),(15,'en_US','coverImage','cover_issue_15_en_US.jpg','string'),(15,'en_US','width','1767','int'),(15,'en_US','height','2185','int'),(16,'en_US','title','Interamerican Journal of Psychology','string'),(16,'en_US','showCoverPage','1','int'),(16,'en_US','originalFileName','IJP_V46n2_Page_1.jpg','string'),(16,'en_US','coverImage','cover_issue_16_en_US.jpg','string'),(16,'en_US','width','1810','int'),(16,'en_US','height','2153','int'),(17,'en_US','title','Interamerican Journal of Psychology/Revista Interamericana de Psicologia','string'),(17,'en_US','coverPageDescription','','string'),(17,'en_US','showCoverPage','0','int'),(17,'en_US','hideCoverPageArchives','0','int'),(17,'en_US','hideCoverPageCover','0','int'),(17,'en_US','description','','string'),(17,'','excludeDoi','0','int'),(18,'en_US','title','Interamerican Journal of Psychology/Revista Interamericana de Psicologia','string'),(18,'en_US','coverPageDescription','','string'),(18,'en_US','showCoverPage','0','int'),(18,'en_US','hideCoverPageArchives','0','int'),(18,'en_US','hideCoverPageCover','0','int'),(18,'en_US','description','','string'),(18,'','excludeDoi','0','int'),(18,'en_US','coverImageAltText','','string'),(19,'en_US','title','Interamerican Journal of Psychology/Revista Interamericana de Psicologia','string'),(19,'en_US','coverPageDescription','','string'),(19,'en_US','showCoverPage','0','int'),(19,'en_US','hideCoverPageArchives','0','int'),(19,'en_US','hideCoverPageCover','0','int'),(19,'en_US','description','','string'),(19,'','excludeDoi','0','int'),(20,'en_US','title','Interamerican Journal of Psychology/Revista Interamericana de Psicologia','string'),(20,'en_US','coverPageDescription','','string'),(20,'en_US','showCoverPage','0','int'),(20,'en_US','hideCoverPageArchives','0','int'),(20,'en_US','hideCoverPageCover','0','int'),(20,'en_US','description','','string'),(20,'','excludeDoi','0','int'),(21,'en_US','title','Interamerican Journal of Psychology/Revista Interamericana de Psicologia','string'),(21,'en_US','coverPageDescription','','string'),(21,'en_US','showCoverPage','0','int'),(21,'en_US','hideCoverPageArchives','0','int'),(21,'en_US','hideCoverPageCover','0','int'),(21,'en_US','description','','string'),(21,'','excludeDoi','0','int'),(22,'en_US','title','Interamerican Journal of Psychology/Revista Interamericana de Psicologia','string'),(22,'en_US','coverPageDescription','','string'),(22,'en_US','showCoverPage','0','int'),(22,'en_US','hideCoverPageArchives','0','int'),(22,'en_US','hideCoverPageCover','0','int'),(22,'en_US','description','','string'),(22,'','excludeDoi','0','int'),(23,'en_US','title','Interamerican Journal of Psychology/Revista Interamericana de Psicologia','string'),(23,'en_US','coverPageDescription','','string'),(23,'en_US','showCoverPage','0','int'),(23,'en_US','hideCoverPageArchives','0','int'),(23,'en_US','hideCoverPageCover','0','int'),(23,'en_US','description','','string'),(23,'','excludeDoi','0','int'),(24,'en_US','title','Interamerican Journal of Psychology/Revista Interamericana de Psicologia','string'),(24,'en_US','coverPageDescription','','string'),(24,'en_US','showCoverPage','0','int'),(24,'en_US','hideCoverPageArchives','0','int'),(24,'en_US','hideCoverPageCover','0','int'),(24,'en_US','description','','string'),(24,'','excludeDoi','0','int'),(25,'en_US','title','Interamerican Journal of Psychology/Revista Interamericana de Psicología','string'),(25,'en_US','coverPageDescription','','string'),(25,'en_US','showCoverPage','0','int'),(25,'en_US','hideCoverPageArchives','0','int'),(25,'en_US','hideCoverPageCover','0','int'),(25,'en_US','description','','string'),(25,'','excludeDoi','0','int'),(26,'en_US','title','Interamerican Journal of Psychology/Revista Interamericana de Psicología','string'),(26,'en_US','coverPageDescription','','string'),(26,'en_US','showCoverPage','0','int'),(26,'en_US','hideCoverPageArchives','0','int'),(26,'en_US','hideCoverPageCover','0','int'),(26,'en_US','description','','string'),(26,'','excludeDoi','0','int'),(27,'en_US','title','Interamerican Journal of Psychology/Revista Interamericana de Psicología','string'),(27,'en_US','coverPageDescription','','string'),(27,'en_US','showCoverPage','0','int'),(27,'en_US','hideCoverPageArchives','0','int'),(27,'en_US','hideCoverPageCover','0','int'),(27,'en_US','description','','string'),(27,'','excludeDoi','0','int'),(28,'en_US','title','Interamerican Journal of Psychology/Revista Interamericana de Psicología','string'),(28,'en_US','coverPageDescription','','string'),(28,'en_US','showCoverPage','0','int'),(28,'en_US','hideCoverPageArchives','0','int'),(28,'en_US','hideCoverPageCover','0','int'),(28,'en_US','description','','string'),(28,'','excludeDoi','0','int'),(29,'en_US','title','Interamerican Journal of Psychology/Revista Interamericana de Psicología','string'),(29,'en_US','coverPageDescription','','string'),(29,'en_US','showCoverPage','0','int'),(29,'en_US','hideCoverPageArchives','0','int'),(29,'en_US','hideCoverPageCover','0','int'),(29,'en_US','description','','string'),(29,'','excludeDoi','0','int'),(30,'en_US','title','Interamerican Journal of Psychology/Revista Interamericana de Psicología','string'),(30,'en_US','coverPageDescription','','string'),(30,'en_US','showCoverPage','0','int'),(30,'en_US','hideCoverPageArchives','0','int'),(30,'en_US','hideCoverPageCover','0','int'),(30,'en_US','description','','string'),(30,'','excludeDoi','0','int'),(31,'en_US','title','Interamerican Journal of Psychology/Revista Interamericana de Psicología','string'),(31,'en_US','coverPageDescription','','string'),(31,'en_US','showCoverPage','0','int'),(31,'en_US','hideCoverPageArchives','0','int'),(31,'en_US','hideCoverPageCover','0','int'),(31,'en_US','description','','string'),(31,'','excludeDoi','0','int'),(32,'en_US','title','Interamerican Journal of Psychology/Revista Interamericana de Psicología','string'),(32,'en_US','coverPageDescription','','string'),(32,'en_US','showCoverPage','0','int'),(32,'en_US','hideCoverPageArchives','0','int'),(32,'en_US','hideCoverPageCover','0','int'),(32,'en_US','description','','string'),(32,'','excludeDoi','0','int'),(33,'en_US','title','Interamerican Journal of Psychology/Revista Interamericana de Psicología','string'),(33,'en_US','coverPageDescription','','string'),(33,'en_US','showCoverPage','0','int'),(33,'en_US','hideCoverPageArchives','0','int'),(33,'en_US','hideCoverPageCover','0','int'),(33,'en_US','description','','string'),(33,'','excludeDoi','0','int'),(34,'en_US','title','Interamerican Journal of Psychology/Revista Interamericana de Psicología','string'),(34,'en_US','coverPageDescription','','string'),(34,'en_US','showCoverPage','0','int'),(34,'en_US','hideCoverPageArchives','0','int'),(34,'en_US','hideCoverPageCover','0','int'),(34,'en_US','description','','string'),(34,'','excludeDoi','0','int'),(35,'en_US','title','Interamerican Journal of Psychology/Revista Interamericana de Psicología','string'),(35,'en_US','coverPageDescription','','string'),(35,'en_US','showCoverPage','0','int'),(35,'en_US','hideCoverPageArchives','0','int'),(35,'en_US','hideCoverPageCover','0','int'),(35,'en_US','description','','string'),(35,'','excludeDoi','0','int'),(37,'en_US','title','Interamerican Journal of Psychology/Revista Interamericana de Psicología','string'),(37,'en_US','coverPageDescription','','string'),(37,'en_US','showCoverPage','0','int'),(37,'en_US','hideCoverPageArchives','0','int'),(37,'en_US','hideCoverPageCover','0','int'),(37,'en_US','description','','string'),(37,'','excludeDoi','0','int'),(38,'en_US','title','Interamerican Journal of Psychology/Revista Interamericana de Psicología','string'),(38,'en_US','coverPageDescription','','string'),(38,'en_US','showCoverPage','0','int'),(38,'en_US','hideCoverPageArchives','0','int'),(38,'en_US','hideCoverPageCover','0','int'),(38,'en_US','description','','string'),(38,'','excludeDoi','0','int'),(39,'en_US','title','Interamerican Journal of Psychology/Revista Interamericana de Psicología','string'),(39,'en_US','coverPageDescription','','string'),(39,'en_US','showCoverPage','0','int'),(39,'en_US','hideCoverPageArchives','0','int'),(39,'en_US','hideCoverPageCover','0','int'),(39,'en_US','description','','string'),(39,'','excludeDoi','0','int'),(40,'en_US','title','Interamerican Journal of Psychology/Revista Interamericana de Psicología','string'),(40,'en_US','coverPageDescription','','string'),(40,'en_US','showCoverPage','0','int'),(40,'en_US','hideCoverPageArchives','0','int'),(40,'en_US','hideCoverPageCover','0','int'),(40,'en_US','description','','string'),(40,'','excludeDoi','0','int'),(41,'en_US','title','Interamerican Journal of Psychology/Revista Interamericana de Psicología','string'),(41,'en_US','coverPageDescription','','string'),(41,'en_US','showCoverPage','0','int'),(41,'en_US','hideCoverPageArchives','0','int'),(41,'en_US','hideCoverPageCover','0','int'),(41,'en_US','description','','string'),(41,'','excludeDoi','0','int'),(39,'en_US','coverImageAltText','','string'),(41,'en_US','coverImageAltText','','string'),(40,'en_US','coverImageAltText','','string'),(42,'en_US','title','Interamerican Journal of Psychology/Revista Interamericana de Psicología','string'),(42,'en_US','coverPageDescription','','string'),(42,'en_US','showCoverPage','0','int'),(42,'en_US','hideCoverPageArchives','0','int'),(42,'en_US','hideCoverPageCover','0','int'),(42,'en_US','description','','string'),(42,'','excludeDoi','0','int'),(43,'en_US','title','Interamerican Journal of Psychology/Revista Interamericana de Psicología','string'),(43,'en_US','coverPageDescription','','string'),(43,'en_US','showCoverPage','0','int'),(43,'en_US','hideCoverPageArchives','0','int'),(43,'en_US','hideCoverPageCover','0','int'),(43,'en_US','description','','string'),(43,'','excludeDoi','0','int'),(44,'en_US','title','Interamerican Journal of Psychology/Revista Interamericana de Psicología','string'),(44,'en_US','coverPageDescription','','string'),(44,'en_US','showCoverPage','0','int'),(44,'en_US','hideCoverPageArchives','0','int'),(44,'en_US','hideCoverPageCover','0','int'),(44,'en_US','description','','string'),(44,'','excludeDoi','0','int'),(44,'en_US','coverImageAltText','','string'),(45,'en_US','title','Interamerican Journal of Psychology/Revista Interamericana de Psicología','string'),(45,'en_US','coverPageDescription','','string'),(45,'en_US','showCoverPage','0','int'),(45,'en_US','hideCoverPageArchives','0','int'),(45,'en_US','hideCoverPageCover','0','int'),(45,'en_US','description','','string'),(45,'','excludeDoi','0','int'),(46,'en_US','title','Interamerican Journal of Psychology/Revista Interamericana de Psicología','string'),(46,'en_US','coverPageDescription','','string'),(46,'en_US','showCoverPage','0','int'),(46,'en_US','hideCoverPageArchives','0','int'),(46,'en_US','hideCoverPageCover','0','int'),(46,'en_US','description','','string'),(46,'','excludeDoi','0','int'),(47,'en_US','title','Interamerican Journal of Psychology/Revista Interamericana de Psicología','string'),(47,'en_US','coverPageDescription','','string'),(47,'en_US','showCoverPage','0','int'),(47,'en_US','hideCoverPageArchives','0','int'),(47,'en_US','hideCoverPageCover','0','int'),(47,'en_US','description','','string'),(47,'','excludeDoi','0','int'),(48,'en_US','title','Interamerican Journal of Psychology/Revista Interamericana de Psicología','string'),(48,'en_US','coverPageDescription','','string'),(48,'en_US','showCoverPage','0','int'),(48,'en_US','hideCoverPageArchives','0','int'),(48,'en_US','hideCoverPageCover','0','int'),(48,'en_US','description','','string'),(48,'','excludeDoi','0','int'),(49,'en_US','title','Interamerican Journal of Psychology/Revista Interamericana de Psicología','string'),(49,'en_US','coverPageDescription','','string'),(49,'en_US','showCoverPage','0','int'),(49,'en_US','hideCoverPageArchives','0','int'),(49,'en_US','hideCoverPageCover','0','int'),(49,'en_US','description','','string'),(49,'','excludeDoi','0','int'),(50,'en_US','title','Interamerican Journal of Psychology/Revista Interamericana de Psicología','string'),(50,'en_US','coverPageDescription','','string'),(50,'en_US','showCoverPage','0','int'),(50,'en_US','hideCoverPageArchives','0','int'),(50,'en_US','hideCoverPageCover','0','int'),(50,'en_US','description','','string'),(50,'','excludeDoi','0','int'),(51,'en_US','title','Interamerican Journal of Psychology/Revista Interamericana de Psicología','string'),(51,'en_US','coverPageDescription','','string'),(51,'en_US','showCoverPage','0','int'),(51,'en_US','hideCoverPageArchives','0','int'),(51,'en_US','hideCoverPageCover','0','int'),(51,'en_US','description','','string'),(51,'','excludeDoi','0','int'),(52,'en_US','title','Interamerican Journal of Psychology/Revista Interamericana de Psicología','string'),(52,'en_US','coverPageDescription','','string'),(52,'en_US','showCoverPage','0','int'),(52,'en_US','hideCoverPageArchives','0','int'),(52,'en_US','hideCoverPageCover','0','int'),(52,'en_US','description','','string'),(52,'','excludeDoi','0','int'),(53,'en_US','title','Interamerican Journal of Psychology/Revista Interamericana de Psicología','string'),(53,'en_US','coverPageDescription','','string'),(53,'en_US','showCoverPage','0','int'),(53,'en_US','hideCoverPageArchives','0','int'),(53,'en_US','hideCoverPageCover','0','int'),(53,'en_US','description','','string'),(53,'','excludeDoi','0','int'),(54,'en_US','title','Interamerican Journal of Psychology/Revista Interamericana de Psicología','string'),(54,'en_US','coverPageDescription','','string'),(54,'en_US','showCoverPage','0','int'),(54,'en_US','hideCoverPageArchives','0','int'),(54,'en_US','hideCoverPageCover','0','int'),(54,'en_US','description','','string'),(54,'','excludeDoi','0','int'),(55,'en_US','title','Interamerican Journal of Psychology/Revista Interamericana de Psicología','string'),(55,'en_US','coverPageDescription','','string'),(55,'en_US','showCoverPage','0','int'),(55,'en_US','hideCoverPageArchives','0','int'),(55,'en_US','hideCoverPageCover','0','int'),(55,'en_US','description','','string'),(55,'','excludeDoi','0','int'),(56,'en_US','title','Interamerican Journal of Psychology/Revista Interamericana de Psicología','string'),(56,'en_US','coverPageDescription','','string'),(56,'en_US','showCoverPage','0','int'),(56,'en_US','hideCoverPageArchives','0','int'),(56,'en_US','hideCoverPageCover','0','int'),(56,'en_US','description','','string'),(56,'','excludeDoi','0','int'),(57,'en_US','title','Interamerican Journal of Psychology/Revista Interamericana de Psicología','string'),(57,'en_US','coverPageDescription','','string'),(57,'en_US','showCoverPage','0','int'),(57,'en_US','hideCoverPageArchives','0','int'),(57,'en_US','hideCoverPageCover','0','int'),(57,'en_US','description','','string'),(57,'','excludeDoi','0','int'),(58,'en_US','title','Interamerican Journal of Psychology/Revista Interamericana de Psicología','string'),(58,'en_US','coverPageDescription','','string'),(58,'en_US','showCoverPage','0','int'),(58,'en_US','hideCoverPageArchives','0','int'),(58,'en_US','hideCoverPageCover','0','int'),(58,'en_US','description','','string'),(58,'','excludeDoi','0','int'),(59,'en_US','title','Interamerican Journal of Psychology/Revista Interamericana de Psicología','string'),(59,'en_US','coverPageDescription','','string'),(59,'en_US','showCoverPage','0','int'),(59,'en_US','hideCoverPageArchives','0','int'),(59,'en_US','hideCoverPageCover','0','int'),(59,'en_US','description','','string'),(59,'','excludeDoi','0','int'),(60,'en_US','title','Interamerican Journal of Psychology/Revista Interamericana de Psicología','string'),(60,'en_US','coverPageDescription','','string'),(60,'en_US','showCoverPage','0','int'),(60,'en_US','hideCoverPageArchives','0','int'),(60,'en_US','hideCoverPageCover','0','int'),(60,'en_US','description','','string'),(60,'','excludeDoi','0','int'),(61,'en_US','title','Interamerican Journal of Psychology/Revista Interamericana de Psicología','string'),(61,'en_US','coverPageDescription','','string'),(61,'en_US','showCoverPage','0','int'),(61,'en_US','hideCoverPageArchives','0','int'),(61,'en_US','hideCoverPageCover','0','int'),(61,'en_US','description','','string'),(61,'','excludeDoi','0','int'),(62,'en_US','title','Interamerican Journal of Psychology/Revista Interamericana de Psicología','string'),(62,'en_US','coverPageDescription','','string'),(62,'en_US','showCoverPage','0','int'),(62,'en_US','hideCoverPageArchives','0','int'),(62,'en_US','hideCoverPageCover','0','int'),(62,'en_US','description','','string'),(62,'','excludeDoi','0','int'),(63,'en_US','title','Interamerican Journal of Psychology/Revista Interamericana de Psicología','string'),(63,'en_US','coverPageDescription','','string'),(63,'en_US','showCoverPage','0','int'),(63,'en_US','hideCoverPageArchives','0','int'),(63,'en_US','hideCoverPageCover','0','int'),(63,'en_US','description','','string'),(63,'','excludeDoi','0','int'),(64,'en_US','title','Interamerican Journal of Psychology/Revista Interamericana de Psicología','string'),(64,'en_US','coverPageDescription','','string'),(64,'en_US','showCoverPage','0','int'),(64,'en_US','hideCoverPageArchives','0','int'),(64,'en_US','hideCoverPageCover','0','int'),(64,'en_US','description','','string'),(64,'','excludeDoi','0','int'),(64,'en_US','coverImageAltText','','string'),(65,'en_US','title','Interamerican Journal of Psychology/Revista Interamericana de Psicología','string'),(65,'en_US','coverPageDescription','','string'),(65,'en_US','showCoverPage','0','int'),(65,'en_US','hideCoverPageArchives','0','int'),(65,'en_US','hideCoverPageCover','0','int'),(65,'en_US','description','','string'),(65,'','excludeDoi','0','int'),(66,'en_US','title','Interamerican Journal of Psychology/Revista Interamericana de Psicología','string'),(66,'en_US','coverPageDescription','','string'),(66,'en_US','showCoverPage','0','int'),(66,'en_US','hideCoverPageArchives','0','int'),(66,'en_US','hideCoverPageCover','0','int'),(66,'en_US','description','','string'),(66,'','excludeDoi','0','int'),(67,'en_US','title','Interamerican Journal of Psychology/Revista Interamericana de Psicología','string'),(67,'en_US','coverPageDescription','','string'),(67,'en_US','showCoverPage','0','int'),(67,'en_US','hideCoverPageArchives','0','int'),(67,'en_US','hideCoverPageCover','0','int'),(67,'en_US','description','','string'),(67,'','excludeDoi','0','int'),(68,'en_US','title','Interamerican Journal of Psychology/Revista Interamericana de Psicología','string'),(68,'en_US','coverPageDescription','','string'),(68,'en_US','showCoverPage','0','int'),(68,'en_US','hideCoverPageArchives','0','int'),(68,'en_US','hideCoverPageCover','0','int'),(68,'en_US','description','','string'),(68,'','excludeDoi','0','int'),(69,'en_US','title','Interamerican Journal of Psychology/Revista Interamericana de Psicología','string'),(69,'en_US','coverPageDescription','','string'),(69,'en_US','showCoverPage','0','int'),(69,'en_US','hideCoverPageArchives','0','int'),(69,'en_US','hideCoverPageCover','0','int'),(69,'en_US','description','','string'),(69,'','excludeDoi','0','int'),(70,'en_US','title','Interamerican Journal of Psychology/Revista Interamericana de Psicología','string'),(70,'en_US','coverPageDescription','','string'),(70,'en_US','showCoverPage','0','int'),(70,'en_US','hideCoverPageArchives','0','int'),(70,'en_US','hideCoverPageCover','0','int'),(70,'en_US','description','','string'),(70,'','excludeDoi','0','int'),(71,'en_US','title','Interamerican Journal of Psychology/Revista Interamericana de Psicología','string'),(71,'en_US','coverPageDescription','','string'),(71,'en_US','showCoverPage','0','int'),(71,'en_US','hideCoverPageArchives','0','int'),(71,'en_US','hideCoverPageCover','0','int'),(71,'en_US','description','','string'),(71,'','excludeDoi','0','int'),(72,'en_US','title','Interamerican Journal of Psychology/Revista Interamericana de Psicología','string'),(72,'en_US','coverPageDescription','','string'),(72,'en_US','showCoverPage','0','int'),(72,'en_US','hideCoverPageArchives','0','int'),(72,'en_US','hideCoverPageCover','0','int'),(72,'en_US','description','','string'),(72,'','excludeDoi','0','int'),(73,'en_US','title','Interamerican Journal of Psychology/Revista Interamericana de Psicología','string'),(73,'en_US','coverPageDescription','','string'),(73,'en_US','showCoverPage','0','int'),(73,'en_US','hideCoverPageArchives','0','int'),(73,'en_US','hideCoverPageCover','0','int'),(73,'en_US','description','','string'),(73,'','excludeDoi','0','int'),(74,'en_US','title','Interamerican Journal of Psychology/Revista Interamericana de Psicología','string'),(74,'en_US','coverPageDescription','','string'),(74,'en_US','showCoverPage','0','int'),(74,'en_US','hideCoverPageArchives','0','int'),(74,'en_US','hideCoverPageCover','0','int'),(74,'en_US','description','','string'),(74,'','excludeDoi','0','int'),(75,'en_US','title','Interamerican Journal of Psychology/Revista Interamericana de Psicología','string'),(75,'en_US','coverPageDescription','','string'),(75,'en_US','showCoverPage','0','int'),(75,'en_US','hideCoverPageArchives','0','int'),(75,'en_US','hideCoverPageCover','0','int'),(75,'en_US','description','','string'),(75,'','excludeDoi','0','int'),(76,'en_US','title','Interamerican Journal of Psychology/Revista Interamericana de Psicología','string'),(76,'en_US','coverPageDescription','','string'),(76,'en_US','showCoverPage','0','int'),(76,'en_US','hideCoverPageArchives','0','int'),(76,'en_US','hideCoverPageCover','0','int'),(76,'en_US','description','','string'),(76,'','excludeDoi','0','int'),(77,'en_US','title','Interamerican Journal of Psychology/Revista Interamericana de Psicología','string'),(77,'en_US','coverPageDescription','','string'),(77,'en_US','showCoverPage','0','int'),(77,'en_US','hideCoverPageArchives','0','int'),(77,'en_US','hideCoverPageCover','0','int'),(77,'en_US','description','','string'),(77,'','excludeDoi','0','int'),(78,'en_US','title','Interamerican Journal of Psychology/Revista Interamericana de Psicología','string'),(78,'en_US','coverPageDescription','','string'),(78,'en_US','showCoverPage','0','int'),(78,'en_US','hideCoverPageArchives','0','int'),(78,'en_US','hideCoverPageCover','0','int'),(78,'en_US','description','','string'),(78,'','excludeDoi','0','int'),(79,'en_US','title','Interamerican Journal of Psychology/Revista Interamericana de Psicología','string'),(79,'en_US','coverPageDescription','','string'),(79,'en_US','showCoverPage','0','int'),(79,'en_US','hideCoverPageArchives','0','int'),(79,'en_US','hideCoverPageCover','0','int'),(79,'en_US','description','','string'),(79,'','excludeDoi','0','int'),(80,'en_US','title','Interamerican Journal of Psychology/Revista Interamericana de Psicología','string'),(80,'en_US','coverPageDescription','','string'),(80,'en_US','showCoverPage','0','int'),(80,'en_US','hideCoverPageArchives','0','int'),(80,'en_US','hideCoverPageCover','0','int'),(80,'en_US','description','','string'),(80,'','excludeDoi','0','int'),(81,'en_US','title','Interamerican Journal of Psychology/Revista Interamericana de Psicología','string'),(81,'en_US','coverPageDescription','','string'),(81,'en_US','showCoverPage','0','int'),(81,'en_US','hideCoverPageArchives','0','int'),(81,'en_US','hideCoverPageCover','0','int'),(81,'en_US','description','','string'),(81,'','excludeDoi','0','int'),(82,'en_US','title','Interamerican Journal of Psychology/Revista Interamericana de Psicología','string'),(82,'en_US','coverPageDescription','','string'),(82,'en_US','showCoverPage','0','int'),(82,'en_US','hideCoverPageArchives','0','int'),(82,'en_US','hideCoverPageCover','0','int'),(82,'en_US','description','','string'),(82,'','excludeDoi','0','int'),(83,'en_US','title','Interamerican Journal of Psychology/Revista Interamericana de Psicología','string'),(83,'en_US','coverPageDescription','','string'),(83,'en_US','showCoverPage','0','int'),(83,'en_US','hideCoverPageArchives','0','int'),(83,'en_US','hideCoverPageCover','0','int'),(83,'en_US','description','','string'),(83,'','excludeDoi','0','int'),(84,'en_US','title','Interamerican Journal of Psychology/Revista Interamericana de Psicología','string'),(84,'en_US','coverPageDescription','','string'),(84,'en_US','showCoverPage','0','int'),(84,'en_US','hideCoverPageArchives','0','int'),(84,'en_US','hideCoverPageCover','0','int'),(84,'en_US','description','','string'),(84,'','excludeDoi','0','int'),(85,'en_US','title','Interamerican Journal of Psychology/Revista Interamericana de Psicología','string'),(85,'en_US','coverPageDescription','','string'),(85,'en_US','showCoverPage','0','int'),(85,'en_US','hideCoverPageArchives','0','int'),(85,'en_US','hideCoverPageCover','0','int'),(85,'en_US','description','','string'),(85,'','excludeDoi','0','int'),(86,'en_US','title','Interamerican Journal of Psychology/Revista Interamericana de Psicología','string'),(86,'en_US','coverPageDescription','','string'),(86,'en_US','showCoverPage','0','int'),(86,'en_US','hideCoverPageArchives','0','int'),(86,'en_US','hideCoverPageCover','0','int'),(86,'en_US','description','','string'),(86,'','excludeDoi','0','int'),(87,'en_US','title','Interamerican Journal of Psychology/Revista Interamericana de Psicología','string'),(87,'en_US','coverPageDescription','','string'),(87,'en_US','showCoverPage','0','int'),(87,'en_US','hideCoverPageArchives','0','int'),(87,'en_US','hideCoverPageCover','0','int'),(87,'en_US','description','','string'),(87,'','excludeDoi','0','int'),(84,'en_US','coverImageAltText','','string'),(86,'en_US','coverImageAltText','','string'),(87,'en_US','coverImageAltText','','string'),(88,'en_US','title','Interamerican Journal of Psychology/Revista Interamericana de Psicología','string'),(88,'en_US','coverPageDescription','','string'),(88,'en_US','showCoverPage','0','int'),(88,'en_US','hideCoverPageArchives','0','int'),(88,'en_US','hideCoverPageCover','0','int'),(88,'en_US','description','','string'),(88,'','excludeDoi','0','int'),(89,'en_US','title','Interamerican Journal of Psychology/Revista Interamericana de Psicología','string'),(89,'en_US','coverPageDescription','','string'),(89,'en_US','showCoverPage','0','int'),(89,'en_US','hideCoverPageArchives','0','int'),(89,'en_US','hideCoverPageCover','0','int'),(89,'en_US','description','','string'),(89,'','excludeDoi','0','int'),(90,'en_US','title','Interamerican Journal of Psychology/Revista Interamericana de Psicología','string'),(90,'en_US','coverPageDescription','','string'),(90,'en_US','showCoverPage','0','int'),(90,'en_US','hideCoverPageArchives','0','int'),(90,'en_US','hideCoverPageCover','0','int'),(90,'en_US','description','','string'),(90,'','excludeDoi','0','int'),(90,'en_US','coverImageAltText','','string'),(91,'en_US','title','Interamerican Journal of Psychology/Revista Interamericana de Psicología','string'),(91,'en_US','coverPageDescription','','string'),(91,'en_US','showCoverPage','0','int'),(91,'en_US','hideCoverPageArchives','0','int'),(91,'en_US','hideCoverPageCover','0','int'),(91,'en_US','description','','string'),(91,'','excludeDoi','0','int'),(92,'en_US','title','Interamerican Journal of Psychology/Revista Interamericana de Psicología','string'),(92,'en_US','coverPageDescription','','string'),(92,'en_US','showCoverPage','0','int'),(92,'en_US','hideCoverPageArchives','0','int'),(92,'en_US','hideCoverPageCover','0','int'),(92,'en_US','description','','string'),(92,'','excludeDoi','0','int'),(93,'en_US','title','Interamerican Journal of Psychology/Revista Interamericana de Psicología','string'),(93,'en_US','coverPageDescription','','string'),(93,'en_US','showCoverPage','0','int'),(93,'en_US','hideCoverPageArchives','0','int'),(93,'en_US','hideCoverPageCover','0','int'),(93,'en_US','description','','string'),(93,'','excludeDoi','0','int'),(94,'en_US','title','Interamerican Journal of Psychology/Revista Interamericana de Psicología','string'),(94,'en_US','coverPageDescription','','string'),(94,'en_US','showCoverPage','0','int'),(94,'en_US','hideCoverPageArchives','0','int'),(94,'en_US','hideCoverPageCover','0','int'),(94,'en_US','description','','string'),(94,'','excludeDoi','0','int'),(95,'en_US','title','Interamerican Journal of Psychology/Revista Interamericana de Psicología','string'),(95,'en_US','coverPageDescription','','string'),(95,'en_US','showCoverPage','0','int'),(95,'en_US','hideCoverPageArchives','0','int'),(95,'en_US','hideCoverPageCover','0','int'),(95,'en_US','description','','string'),(95,'','excludeDoi','0','int'),(96,'en_US','title','Interamerican Journal of Psychology/Revista Interamericana de Psicologia','string'),(96,'en_US','coverPageDescription','','string'),(96,'en_US','showCoverPage','0','int'),(96,'en_US','hideCoverPageArchives','0','int'),(96,'en_US','hideCoverPageCover','0','int'),(96,'en_US','description','','string'),(96,'','excludeDoi','0','int'),(97,'en_US','title','Interamerican Journal of Psychology/Revista Interamericana de Psicologia','string'),(97,'en_US','coverPageDescription','','string'),(97,'en_US','showCoverPage','0','int'),(97,'en_US','hideCoverPageArchives','0','int'),(97,'en_US','hideCoverPageCover','0','int'),(97,'en_US','description','','string'),(97,'','excludeDoi','0','int'),(98,'en_US','title','Interamerican Journal of Psychology/Revista Interamericana de Psicología','string'),(98,'en_US','coverPageDescription','','string'),(98,'en_US','showCoverPage','0','int'),(98,'en_US','hideCoverPageArchives','0','int'),(98,'en_US','hideCoverPageCover','0','int'),(98,'en_US','description','','string'),(98,'','excludeDoi','0','int'),(98,'en_US','coverImageAltText','','string'),(99,'en_US','title','Interamerican Journal of Psychology/Revista Interamericana de Psicologia','string'),(99,'en_US','coverPageDescription','','string'),(99,'en_US','showCoverPage','0','int'),(99,'en_US','hideCoverPageArchives','0','int'),(99,'en_US','hideCoverPageCover','0','int'),(99,'en_US','description','','string'),(99,'','excludeDoi','0','int'),(100,'en_US','title','Interamerican Journal of Psychology/Revista Interamericana de Psicologia','string'),(100,'es_ES','title','Revista Interamericana de Psicologia','string'),(100,'en_US','description','','string'),(100,'es_ES','description','','string'),(101,'en_US','title','Interamerican Journal of Psychology/Revista Interamericana de Psicologia','string'),(101,'es_ES','title','','string'),(101,'en_US','description','','string'),(101,'es_ES','description','','string'),(102,'en_US','title','Interamerican Journal of Psychology/Revista Interamericana de Psicología','string'),(102,'es_ES','title','','string'),(102,'pt_BR','title','','string'),(102,'fr_FR','title','','string'),(102,'en_US','description','','string'),(102,'es_ES','description','','string'),(102,'pt_BR','description','','string'),(102,'fr_FR','description','','string'),(103,'en_US','title','Interamerican Journal of Psychology/Revista Interamericana de Psicología','string'),(103,'es_ES','title','','string'),(103,'pt_BR','title','','string'),(103,'fr_FR','title','','string'),(103,'en_US','description','','string'),(103,'es_ES','description','','string'),(103,'pt_BR','description','','string'),(103,'fr_FR','description','','string'),(102,'en_US','coverImage','cover_issue_102_en_US.jpg','string'),(104,'es_ES','title','Revista Interamericana de Psicología/Interamerican Journal of Psychology','string'),(104,'en_US','title','Interamerican Journal of Psychology/Revista Interamericana de Psicología','string'),(104,'pt_BR','title','Interamerican Journal of Psychology/Revista Interamericana de Psicología','string'),(104,'fr_FR','title','Interamerican Journal of Psychology/Revista Interamericana de Psicología','string'),(104,'es_ES','description','','string'),(104,'en_US','description','','string'),(104,'pt_BR','description','','string'),(104,'fr_FR','description','','string'),(104,'es_ES','coverImage','cover_issue_104_es_ES.png','string'),(105,'es_ES','title','Revista Interamericana de Psicología/Interamerican Journal of Psychology','string'),(105,'en_US','title','Revista Interamericana de Psicología/Interamerican Journal of Psychology','string'),(105,'pt_BR','title','Revista Interamericana de Psicología/Interamerican Journal of Psychology','string'),(105,'fr_FR','title','Revista Interamericana de Psicología/Interamerican Journal of Psychology','string'),(105,'es_ES','description','','string'),(105,'en_US','description','','string'),(105,'pt_BR','description','','string'),(105,'fr_FR','description','','string'),(105,'es_ES','coverImage','cover_issue_105_es_ES.png','string'),(106,'en_US','title','Revista Interamericana de Psicología/Interamerican Journal of Psychology','string'),(106,'es_ES','title','Revista Interamericana de Psicología/Interamerican Journal of Psychology','string'),(106,'pt_BR','title','Revista Interamericana de Psicología/Interamerican Journal of Psychology','string'),(106,'fr_FR','title','Revista Interamericana de Psicología/Interamerican Journal of Psychology','string'),(106,'en_US','description','','string'),(106,'es_ES','description','','string'),(106,'pt_BR','description','','string'),(106,'fr_FR','description','','string'),(106,'es_ES','coverImage','cover_issue_106_es_ES.png','string'),(107,'es_ES','title','Revista Interamericana de Psicología/Interamerican Journal of Psychology','string'),(107,'en_US','title','Revista Interamericana de Psicología/Interamerican Journal of Psychology','string'),(107,'pt_BR','title','Revista Interamericana de Psicología/Interamerican Journal of Psychology','string'),(107,'fr_FR','title','Revista Interamericana de Psicología/Interamerican Journal of Psychology','string'),(107,'es_ES','description','','string'),(107,'en_US','description','','string'),(107,'pt_BR','description','','string'),(107,'fr_FR','description','','string'),(107,'es_ES','coverImage','cover_issue_107_es_ES.jpg','string');

--
-- Table structure for table `issues`
--

CREATE TABLE `issues` (
  `issue_id` bigint(20) NOT NULL AUTO_INCREMENT,
  `journal_id` bigint(20) NOT NULL,
  `volume` smallint(6) DEFAULT NULL,
  `number` varchar(40) DEFAULT NULL,
  `year` smallint(6) DEFAULT NULL,
  `published` tinyint(4) NOT NULL DEFAULT '0',
  `current` tinyint(4) NOT NULL DEFAULT '0',
  `date_published` datetime DEFAULT NULL,
  `date_notified` datetime DEFAULT NULL,
  `last_modified` datetime DEFAULT NULL,
  `access_status` tinyint(4) NOT NULL DEFAULT '1',
  `open_access_date` datetime DEFAULT NULL,
  `show_volume` tinyint(4) NOT NULL DEFAULT '0',
  `show_number` tinyint(4) NOT NULL DEFAULT '0',
  `show_year` tinyint(4) NOT NULL DEFAULT '0',
  `show_title` tinyint(4) NOT NULL DEFAULT '0',
  `style_file_name` varchar(90) DEFAULT NULL,
  `original_style_file_name` varchar(255) DEFAULT NULL,
  `url_path` varchar(64) DEFAULT NULL,
  PRIMARY KEY (`issue_id`),
  KEY `issues_journal_id` (`journal_id`),
  KEY `issues_url_path` (`url_path`)
) ENGINE=MyISAM AUTO_INCREMENT=108 DEFAULT CHARSET=utf8;

--
-- Dumping data for table `issues`
--

INSERT INTO `issues` VALUES (1,1,49,'1',2015,1,0,'2016-03-27 18:36:02','2016-03-27 18:40:15','2016-03-27 18:40:15',1,NULL,1,1,1,1,NULL,NULL,'IJP/RIP'),(2,1,49,'2',2015,1,0,'2016-06-08 10:30:55','2016-06-07 23:57:13','2016-06-08 10:30:55',1,NULL,1,1,1,1,NULL,NULL,NULL),(3,1,49,'3',2015,1,0,'2016-06-09 13:55:07','2016-06-14 14:19:17','2016-06-14 14:19:17',1,NULL,1,1,1,1,NULL,NULL,NULL),(4,1,50,'1',2016,1,0,'2016-06-13 13:53:56','2016-06-14 14:20:45','2016-06-14 14:20:45',1,NULL,1,1,1,1,NULL,NULL,NULL),(5,1,45,'1',2011,1,0,'2012-02-29 00:00:00',NULL,'2016-07-06 10:41:53',1,NULL,1,1,1,1,NULL,NULL,NULL),(6,1,45,'2',2011,1,0,'2012-08-01 00:00:00',NULL,'2016-07-06 14:19:43',1,NULL,1,1,1,1,NULL,NULL,NULL),(7,1,45,'3',2011,1,0,'2013-01-04 00:00:00',NULL,'2016-07-06 14:20:18',1,NULL,1,1,1,1,NULL,NULL,NULL),(8,1,46,'1',2012,1,0,'2013-01-04 00:00:00',NULL,'2016-07-06 14:21:46',1,NULL,1,1,1,1,NULL,NULL,'Interamerican Journal of Psychology'),(9,1,47,'1',2013,1,0,'2013-06-07 00:00:00',NULL,'2016-07-06 14:23:42',1,NULL,1,1,1,1,NULL,NULL,NULL),(10,1,47,'2',2013,1,0,'2014-03-10 00:00:00',NULL,'2016-07-06 14:24:26',1,NULL,1,1,1,1,NULL,NULL,NULL),(11,1,47,'3',2013,1,0,'2014-10-10 00:00:00',NULL,'2016-07-06 14:25:51',1,NULL,1,1,1,1,NULL,NULL,NULL),(12,1,48,'1',2014,1,0,'2015-05-18 00:00:00',NULL,'2016-07-06 14:27:43',1,NULL,1,1,1,1,NULL,NULL,'IJP_RIP'),(13,1,48,'2',2014,1,0,'2015-05-21 00:00:00',NULL,'2016-07-06 14:28:11',1,NULL,1,1,1,1,NULL,NULL,'IJP'),(14,1,48,'3',2014,1,0,'2015-05-22 00:00:00',NULL,'2016-07-06 14:31:01',1,NULL,1,1,1,1,NULL,NULL,NULL),(15,1,46,'3',2012,1,0,'2013-04-10 00:00:00',NULL,'2016-09-01 11:55:40',1,NULL,1,1,1,1,NULL,NULL,NULL),(16,1,46,'2',2012,1,0,'2013-02-08 00:00:00',NULL,'2016-09-01 12:16:23',1,NULL,1,1,1,1,NULL,NULL,NULL),(17,1,50,'2',2016,1,0,'2016-09-10 16:58:17',NULL,'2016-09-10 16:58:17',1,NULL,1,1,1,1,NULL,NULL,NULL),(18,1,50,'3',2016,1,0,'2017-04-06 22:15:26','2017-04-06 22:17:06','2017-04-19 12:15:17',1,NULL,1,1,1,1,NULL,NULL,NULL),(19,1,36,'1 & 2',2002,1,0,'2017-04-15 21:50:30',NULL,'2017-04-15 21:50:30',1,NULL,1,1,1,1,NULL,NULL,NULL),(20,1,1,'1',1967,1,0,'2017-04-15 21:51:02','2017-04-15 21:59:42','2017-04-15 21:59:42',1,NULL,1,1,1,1,NULL,NULL,NULL),(21,1,1,'2',1967,1,0,'2017-04-15 21:50:47',NULL,'2017-04-15 21:50:47',1,NULL,1,1,1,1,NULL,NULL,NULL),(22,1,1,'3',1967,1,0,'2017-04-17 00:18:10',NULL,'2017-04-17 00:18:10',1,NULL,1,1,1,1,NULL,NULL,NULL),(23,1,1,'4',1967,1,0,'2017-04-17 18:15:45',NULL,'2017-04-17 18:15:45',1,NULL,1,1,1,1,NULL,NULL,NULL),(24,1,2,'1',1968,1,0,'2017-04-19 12:14:12',NULL,'2017-04-19 12:14:12',1,NULL,1,1,1,1,NULL,NULL,NULL),(25,1,51,'1',2017,1,0,'2017-07-05 01:53:42',NULL,'2017-08-17 13:27:58',1,NULL,1,1,1,1,NULL,NULL,NULL),(26,1,2,'2',1968,1,0,'2017-07-10 11:36:07',NULL,'2017-07-10 11:36:07',1,NULL,1,1,1,1,NULL,NULL,NULL),(27,1,2,'3',1968,1,0,'2017-07-10 13:20:31',NULL,'2017-07-10 13:20:31',1,NULL,1,1,1,1,NULL,NULL,NULL),(28,1,2,'4',1968,1,0,'2017-07-11 10:46:39',NULL,'2017-07-11 10:46:39',1,NULL,1,1,1,1,NULL,NULL,NULL),(29,1,3,'1',1969,1,0,'2017-07-11 11:37:34',NULL,'2017-07-11 11:37:34',1,NULL,1,1,1,1,NULL,NULL,NULL),(30,1,3,'2',1969,1,0,'2017-07-15 12:24:26',NULL,'2017-07-15 12:24:26',1,NULL,1,1,1,1,NULL,NULL,NULL),(31,1,3,'3',1969,1,0,'2017-07-15 12:24:49',NULL,'2017-07-15 12:24:49',1,NULL,1,1,1,1,NULL,NULL,NULL),(32,1,3,'4',1969,1,0,'2017-07-15 12:25:05',NULL,'2017-07-15 12:25:05',1,NULL,1,1,1,1,NULL,NULL,NULL),(33,1,4,'1',1970,1,0,'2017-07-17 04:13:19',NULL,'2017-07-17 04:13:19',1,NULL,1,1,1,1,NULL,NULL,NULL),(34,1,4,'2',1970,1,0,'2017-07-17 04:13:35',NULL,'2017-07-17 04:13:35',1,NULL,1,1,1,1,NULL,NULL,NULL),(35,1,4,'3 & 4',1970,1,0,'2017-07-17 04:13:55',NULL,'2017-07-17 04:13:55',1,NULL,1,1,1,1,NULL,NULL,NULL),(37,1,5,'1 & 2',1971,1,0,'2017-07-17 04:14:11',NULL,'2017-07-17 04:14:11',1,NULL,1,1,1,1,NULL,NULL,NULL),(38,1,5,'3 & 4',1971,1,0,'2017-07-17 04:14:30',NULL,'2017-07-17 04:14:30',1,NULL,1,1,1,1,NULL,NULL,NULL),(39,1,6,'1 & 2',1972,1,0,'2017-07-18 00:00:00',NULL,'2017-07-18 15:21:38',1,NULL,1,1,1,1,NULL,NULL,NULL),(40,1,6,'3 & 4',1972,1,0,'2017-07-18 00:00:00',NULL,'2017-07-18 15:24:10',1,NULL,1,1,1,1,NULL,NULL,NULL),(41,1,7,'1 & 2',1973,1,0,'2017-07-18 15:53:10',NULL,'2017-07-18 15:53:10',1,NULL,1,1,1,1,NULL,NULL,NULL),(42,1,7,'3 & 4',1973,1,0,'2017-07-18 15:53:32',NULL,'2017-07-18 15:53:32',1,NULL,1,1,1,1,NULL,NULL,NULL),(43,1,8,'1 & 2',1974,1,0,'2017-07-20 09:21:40',NULL,'2017-07-20 09:21:40',1,NULL,1,1,1,1,NULL,NULL,NULL),(44,1,8,'3 & 4',1974,1,0,'2017-07-20 09:21:57',NULL,'2017-07-20 09:21:57',1,NULL,1,1,1,1,NULL,NULL,NULL),(45,1,9,'1 & 2',1975,1,0,'2017-07-20 11:55:00',NULL,'2017-07-20 11:55:00',1,NULL,1,1,1,1,NULL,NULL,NULL),(46,1,9,'3 & 4',1975,1,0,'2017-07-20 11:55:23',NULL,'2017-07-20 11:55:23',1,NULL,1,1,1,1,NULL,NULL,NULL),(47,1,10,'1 & 2',1976,1,0,'2017-07-20 12:51:01',NULL,'2017-07-20 12:51:01',1,NULL,1,1,1,1,NULL,NULL,NULL),(48,1,10,'3 & 4',1976,1,0,'2017-07-20 12:55:10',NULL,'2017-07-20 12:55:10',1,NULL,1,1,1,1,NULL,NULL,NULL),(49,1,11,'1',1977,1,0,'2017-07-20 13:50:16',NULL,'2017-07-20 13:50:16',1,NULL,1,1,1,1,NULL,NULL,NULL),(50,1,11,'2',1977,1,0,'2017-07-20 13:50:34',NULL,'2017-07-20 13:50:34',1,NULL,1,1,1,1,NULL,NULL,NULL),(51,1,12,'1',1978,1,0,'2017-07-20 13:50:47',NULL,'2017-07-20 13:50:47',1,NULL,1,1,1,1,NULL,NULL,NULL),(52,1,12,'2',1978,1,0,'2017-07-20 13:49:42',NULL,'2017-07-20 13:49:42',1,NULL,1,1,1,1,NULL,NULL,NULL),(53,1,13,'1 & 2',1979,1,0,'2017-07-20 14:16:53',NULL,'2017-07-20 14:16:53',1,NULL,1,1,1,1,NULL,NULL,NULL),(54,1,14,'1',1980,1,0,'2017-07-20 14:17:12',NULL,'2017-07-20 14:17:12',1,NULL,1,1,1,1,NULL,NULL,NULL),(55,1,14,'2',1980,1,0,'2017-07-20 14:18:39',NULL,'2017-07-20 14:18:39',1,NULL,1,1,1,1,NULL,NULL,NULL),(56,1,15,'1',1981,1,0,'2017-07-20 14:17:56',NULL,'2017-07-20 14:17:56',1,NULL,1,1,1,1,NULL,NULL,NULL),(57,1,15,'2',1981,1,0,'2017-07-20 14:18:22',NULL,'2017-07-20 14:18:22',1,NULL,1,1,1,1,NULL,NULL,NULL),(58,1,16,'1',1982,1,0,'2017-07-20 14:18:56',NULL,'2017-07-20 14:18:56',1,NULL,1,1,1,1,NULL,NULL,NULL),(59,1,16,'2',1982,1,0,'2017-07-20 14:19:09',NULL,'2017-07-20 14:19:09',1,NULL,1,1,1,1,NULL,NULL,NULL),(60,1,17,'1 & 2',1983,1,0,'2017-07-20 17:17:36',NULL,'2017-07-20 17:17:36',1,NULL,1,1,1,1,NULL,NULL,NULL),(61,1,18,'1 & 2',1984,1,0,'2017-07-20 17:17:52',NULL,'2017-07-20 17:17:52',1,NULL,1,1,1,1,NULL,NULL,NULL),(62,1,19,'1 & 2',1985,1,0,'2017-07-20 17:18:07',NULL,'2017-07-20 17:18:07',1,NULL,1,1,1,1,NULL,NULL,NULL),(63,1,20,'1 & 2',1986,1,0,'2017-07-20 17:18:23',NULL,'2017-07-20 17:18:23',1,NULL,1,1,1,1,NULL,NULL,NULL),(64,1,21,'1 & 2',1987,1,0,'2017-07-20 17:18:38',NULL,'2017-07-20 17:18:38',1,NULL,1,1,1,1,NULL,NULL,NULL),(65,1,22,'1 & 2',1988,1,0,'2017-07-20 17:28:32',NULL,'2017-07-20 17:28:32',1,NULL,1,1,1,1,NULL,NULL,NULL),(66,1,23,'1 & 2',1989,1,0,'2017-07-20 17:29:00',NULL,'2017-07-20 17:29:00',1,NULL,1,1,1,1,NULL,NULL,NULL),(67,1,24,'1',1990,1,0,'2017-07-20 17:29:23',NULL,'2017-07-20 17:29:23',1,NULL,1,1,1,1,NULL,NULL,NULL),(68,1,24,'2',1990,1,0,'2017-07-20 17:29:37',NULL,'2017-07-20 17:29:37',1,NULL,1,1,1,1,NULL,NULL,NULL),(69,1,25,'1',1991,1,0,'2017-07-20 17:29:49',NULL,'2017-07-20 17:29:49',1,NULL,1,1,1,1,NULL,NULL,NULL),(70,1,25,'2',1991,1,0,'2017-07-20 17:30:01',NULL,'2017-07-20 17:30:01',1,NULL,1,1,1,1,NULL,NULL,NULL),(71,1,26,'1',1992,1,0,'2017-07-20 17:47:59',NULL,'2017-07-20 17:47:59',1,NULL,1,1,1,1,NULL,NULL,NULL),(72,1,26,'2',1992,1,0,'2017-07-20 17:48:11',NULL,'2017-07-20 17:48:11',1,NULL,1,1,1,1,NULL,NULL,NULL),(73,1,27,'1',1993,1,0,'2017-07-20 17:48:26',NULL,'2017-07-20 17:48:26',1,NULL,1,1,1,1,NULL,NULL,NULL),(74,1,27,'2',1993,1,0,'2017-07-20 17:48:40',NULL,'2017-07-20 17:48:40',1,NULL,1,1,1,1,NULL,NULL,NULL),(75,1,28,'1',1994,1,0,'2017-07-20 17:55:59',NULL,'2017-07-20 17:55:59',1,NULL,1,1,1,1,NULL,NULL,NULL),(76,1,28,'2',1994,1,0,'2017-07-20 17:56:11',NULL,'2017-07-20 17:56:11',1,NULL,1,1,1,1,NULL,NULL,NULL),(77,1,29,'1',1995,1,0,'2017-07-20 17:56:23',NULL,'2017-07-20 17:56:23',1,NULL,1,1,1,1,NULL,NULL,NULL),(78,1,29,'2',1995,1,0,'2017-07-20 17:56:36',NULL,'2017-07-20 17:56:36',1,NULL,1,1,1,1,NULL,NULL,NULL),(79,1,30,'1',1996,1,0,'2017-07-20 18:08:09',NULL,'2017-07-20 18:08:09',1,NULL,1,1,1,1,NULL,NULL,NULL),(80,1,30,'2',1996,1,0,'2017-07-20 18:08:30',NULL,'2017-07-20 18:08:30',1,NULL,1,1,1,1,NULL,NULL,NULL),(81,1,31,'1',1997,1,0,'2017-07-20 18:08:46',NULL,'2017-07-20 18:08:46',1,NULL,1,1,1,1,NULL,NULL,NULL),(82,1,31,'2',1997,1,0,'2017-07-20 18:08:57',NULL,'2017-07-20 18:08:57',1,NULL,1,1,1,1,NULL,NULL,NULL),(83,1,32,'1',1998,1,0,'2017-07-20 18:31:51',NULL,'2017-07-20 18:31:51',1,NULL,1,1,1,1,NULL,NULL,NULL),(84,1,32,'2',1998,1,0,'2017-07-20 18:32:02',NULL,'2017-07-20 18:32:02',1,NULL,1,1,1,1,NULL,NULL,NULL),(85,1,33,'1',1999,1,0,'2017-07-20 18:32:16',NULL,'2017-07-20 18:32:16',1,NULL,1,1,1,1,NULL,NULL,NULL),(86,1,33,'2',1999,1,0,'2017-07-20 18:34:56',NULL,'2017-07-20 18:34:56',1,NULL,1,1,1,1,NULL,NULL,NULL),(87,1,34,'1',2000,1,0,'2017-07-20 18:35:19',NULL,'2017-07-20 18:35:19',1,NULL,1,1,1,1,NULL,NULL,NULL),(88,1,34,'2',2000,1,0,'2017-07-20 18:35:36',NULL,'2017-07-20 18:35:36',1,NULL,1,1,1,1,NULL,NULL,NULL),(89,1,35,'1',2001,1,0,'2017-07-20 18:35:47',NULL,'2017-07-20 18:35:47',1,NULL,1,1,1,1,NULL,NULL,NULL),(90,1,35,'2',2001,1,0,'2017-07-20 18:35:58',NULL,'2017-07-20 18:35:58',1,NULL,1,1,1,1,NULL,NULL,NULL),(91,1,37,'1',2003,1,0,'2017-07-30 20:16:24',NULL,'2017-07-30 20:16:24',1,NULL,1,1,1,1,NULL,NULL,NULL),(92,1,37,'2',2003,1,0,'2017-07-30 22:05:23',NULL,'2017-07-30 22:05:23',1,NULL,1,1,1,1,NULL,NULL,NULL),(93,1,38,'1',2004,1,0,'2017-08-17 13:27:23',NULL,'2017-08-17 13:27:23',1,NULL,1,1,1,1,NULL,NULL,NULL),(94,1,38,'2',2004,0,0,NULL,NULL,NULL,1,NULL,1,1,1,1,NULL,NULL,NULL),(95,1,39,'1',2005,0,0,NULL,NULL,NULL,1,NULL,1,1,1,1,NULL,NULL,NULL),(96,1,51,'2',2017,1,0,'2017-12-22 14:13:59',NULL,'2017-12-22 14:13:59',1,NULL,1,1,1,1,NULL,NULL,NULL),(97,1,51,'3',2017,1,0,'2018-05-10 08:43:38','2018-05-11 13:17:08','2018-05-11 13:17:08',1,NULL,1,1,1,1,NULL,NULL,NULL),(98,1,52,'1',2018,1,0,'2018-07-13 15:39:40','2018-07-13 14:31:48','2018-07-13 15:39:40',1,NULL,1,1,1,1,NULL,NULL,NULL),(99,1,52,'2',2018,1,0,'2018-12-21 13:01:42',NULL,'2018-12-21 13:01:42',1,NULL,1,1,1,1,NULL,NULL,NULL),(100,1,52,'3',2018,1,0,'2019-07-23 12:06:21',NULL,'2019-07-23 12:06:21',1,NULL,1,1,1,1,NULL,NULL,NULL),(101,1,53,'1',2019,1,0,'2019-09-06 20:45:19',NULL,'2019-09-06 20:45:19',1,NULL,1,1,1,1,NULL,NULL,NULL),(102,1,53,'2',2019,1,0,'2019-12-17 00:00:00',NULL,'2020-02-20 05:57:13',1,NULL,1,1,1,1,NULL,NULL,NULL),(103,1,53,'3',2019,1,0,'2020-03-10 12:58:44',NULL,'2020-03-10 12:58:44',1,NULL,1,1,1,1,NULL,NULL,NULL),(104,1,54,'1',2020,1,0,'2020-05-17 03:01:16',NULL,'2020-05-17 03:01:17',1,NULL,1,1,1,1,NULL,NULL,''),(105,1,54,'2',2020,1,0,'2020-09-14 00:00:00',NULL,'2020-12-18 10:08:08',1,NULL,1,1,1,1,NULL,NULL,''),(106,1,54,'3',2020,1,0,'2020-12-23 19:29:48',NULL,'2020-12-23 19:29:48',1,NULL,1,1,1,1,NULL,NULL,''),(107,1,55,'1',2021,1,1,'2021-05-17 22:17:26',NULL,'2021-05-17 22:17:26',1,NULL,1,1,1,1,NULL,NULL,'');

--
-- Table structure for table `item_views`
--

CREATE TABLE `item_views` (
  `assoc_type` bigint(20) NOT NULL,
  `assoc_id` bigint(20) NOT NULL,
  `user_id` bigint(20) DEFAULT NULL,
  `date_last_viewed` datetime DEFAULT NULL,
  UNIQUE KEY `item_views_pkey` (`assoc_type`,`assoc_id`,`user_id`)
) ENGINE=InnoDB DEFAULT CHARSET=utf8;

--
-- Dumping data for table `item_views`
--

INSERT INTO `item_views` VALUES (516,46,2,'2019-01-31 14:53:08'),(516,328,2,'2019-02-22 16:56:46'),(516,365,2,'2019-02-22 17:14:55'),(516,364,2,'2019-02-22 18:59:40'),(516,359,2,'2019-02-26 19:46:48'),(516,212,2,'2019-02-26 19:52:43'),(516,248,2,'2019-03-19 15:31:29'),(516,246,2,'2019-03-19 15:33:47'),(516,384,2,'2019-03-19 16:24:31'),(516,349,2,'2019-05-30 16:45:44'),(516,224,2,'2019-03-25 16:01:41'),(516,421,116,'2019-03-29 18:57:28'),(516,436,116,'2019-03-29 18:58:50'),(516,428,1138,'2019-04-12 03:27:26'),(516,425,1138,'2019-04-12 03:32:04'),(516,441,116,'2019-04-19 17:12:17'),(516,444,116,'2019-04-19 17:13:49'),(516,429,1138,'2019-04-22 05:00:43'),(516,442,1138,'2019-04-22 05:03:07'),(516,443,1138,'2019-04-22 05:04:12'),(516,437,1138,'2019-04-22 05:06:31'),(516,439,1138,'2019-04-22 05:07:51'),(516,424,1138,'2019-04-22 05:13:00'),(516,438,116,'2019-04-25 17:33:42'),(516,431,1138,'2019-04-26 18:28:13'),(516,422,116,'2019-05-01 21:01:35'),(516,423,116,'2019-05-01 21:01:53'),(516,427,116,'2019-05-01 21:05:12'),(516,445,116,'2019-05-01 21:07:23'),(516,457,1138,'2019-05-06 23:49:02'),(516,432,1138,'2019-05-13 03:32:17'),(516,455,116,'2019-05-14 13:01:01'),(516,472,116,'2019-05-14 17:59:06'),(516,471,1138,'2019-05-15 17:24:06'),(516,434,1138,'2019-05-15 17:25:02'),(516,458,116,'2019-05-27 10:07:45'),(516,459,116,'2019-05-27 10:08:16'),(516,456,116,'2019-05-27 10:11:46'),(516,430,116,'2019-05-28 10:23:44'),(516,460,116,'2019-05-29 16:25:56'),(516,426,116,'2019-05-29 16:26:58'),(516,244,2,'2019-05-30 15:20:35'),(516,454,2,'2019-05-30 18:59:30'),(516,273,2,'2019-05-30 19:14:23'),(516,284,2,'2019-05-30 19:34:43'),(516,323,2,'2019-06-03 14:40:13'),(516,461,116,'2019-06-07 17:03:07'),(516,130,2,'2019-07-05 15:46:39'),(516,336,2,'2019-07-05 18:22:07'),(516,406,2,'2019-07-08 19:44:19'),(516,278,2,'2019-07-09 13:35:22'),(516,287,2,'2019-07-09 13:44:37'),(516,290,2,'2019-07-09 14:12:16'),(516,489,2,'2019-07-10 12:30:53'),(516,465,2,'2019-07-10 12:48:14'),(516,466,2,'2019-07-10 12:48:46'),(516,463,2,'2019-07-10 12:50:29'),(516,464,2,'2019-07-10 12:50:49'),(516,428,2,'2019-07-10 18:20:06'),(516,429,2,'2019-07-10 18:20:34'),(516,482,2,'2019-07-10 19:37:42'),(516,483,2,'2019-07-10 19:38:08'),(516,494,2,'2019-07-10 20:48:24'),(516,476,2,'2019-07-22 17:51:13'),(516,477,2,'2019-07-22 17:51:46'),(516,492,2,'2019-07-29 18:42:27'),(516,673,2,'2019-07-22 19:02:19'),(516,646,2,'2019-07-22 19:16:51'),(516,669,2,'2019-07-22 21:18:07'),(516,670,2,'2019-07-24 07:21:31'),(516,663,2,'2019-09-21 20:35:10'),(516,581,2,'2019-07-25 19:02:05'),(516,647,2,'2019-07-27 14:50:49'),(516,469,2,'2019-07-27 14:52:55'),(516,563,2,'2019-07-27 14:55:11'),(516,564,2,'2019-07-27 14:55:27'),(516,505,2,'2019-07-27 14:57:47'),(516,621,2,'2019-07-27 15:01:55'),(516,503,2,'2019-07-30 12:56:45'),(516,402,2,'2019-07-30 19:17:14'),(516,295,2,'2019-07-30 19:18:05'),(516,451,2,'2019-07-30 21:29:44'),(516,529,2,'2019-07-30 21:30:27'),(516,498,2,'2019-08-01 17:31:13'),(516,550,2,'2019-08-02 17:12:19'),(516,527,2,'2019-08-05 17:56:02'),(516,669,690,'2019-11-21 19:32:15'),(516,673,690,'2019-12-16 17:20:58'),(516,699,690,'2019-08-20 02:52:21'),(516,660,690,'2019-08-22 22:48:51'),(516,700,690,'2019-10-15 01:06:31'),(516,721,690,'2019-08-31 23:19:32'),(516,652,690,'2019-08-31 23:19:52'),(516,722,690,'2019-09-03 22:56:48'),(516,684,690,'2019-09-03 22:59:22'),(516,702,690,'2019-09-10 01:25:19'),(516,666,690,'2019-09-10 01:29:17'),(516,718,690,'2019-09-11 02:03:02'),(516,655,690,'2019-09-11 02:04:57'),(516,515,2,'2019-09-11 20:20:21'),(516,731,690,'2020-02-11 21:17:29'),(516,662,2,'2019-09-21 20:34:53'),(516,638,690,'2019-09-27 14:09:15'),(516,712,690,'2019-09-25 02:18:46'),(516,734,690,'2019-09-27 14:05:43'),(516,717,690,'2019-10-01 02:54:50'),(516,605,690,'2019-11-21 19:12:39'),(516,724,690,'2019-11-21 19:14:18'),(516,706,690,'2019-11-21 19:35:15'),(516,716,690,'2020-05-07 23:41:55'),(516,644,690,'2020-02-29 14:55:41'),(516,643,690,'2019-12-17 15:08:33'),(516,641,690,'2019-11-21 20:39:51'),(516,733,690,'2019-11-21 20:43:47'),(516,635,690,'2019-11-26 23:47:32'),(516,631,690,'2019-11-26 23:53:29'),(516,621,690,'2019-11-27 00:39:32'),(516,616,690,'2019-11-27 00:50:05'),(516,614,690,'2020-10-05 10:05:18'),(516,696,690,'2019-12-09 12:01:31'),(516,697,690,'2019-12-09 12:02:41'),(516,622,690,'2019-12-12 15:09:34'),(516,623,690,'2019-12-12 15:06:45'),(516,732,690,'2019-12-16 13:56:13'),(516,746,690,'2019-12-16 14:14:20'),(516,692,690,'2019-12-16 17:41:32'),(516,737,690,'2020-02-12 15:36:42'),(516,694,690,'2020-02-29 14:46:46'),(516,738,690,'2020-09-26 00:50:06'),(516,747,690,'2020-01-28 09:17:54'),(516,627,690,'2020-01-28 09:19:33'),(516,735,690,'2020-02-02 23:37:47'),(516,736,690,'2020-02-12 15:29:40'),(516,751,1986,'2020-02-17 04:34:14'),(516,752,1986,'2020-02-17 04:34:54'),(516,376,1986,'2020-02-28 21:37:46'),(516,727,690,'2020-02-29 14:27:48'),(516,130,690,'2020-03-02 11:39:41'),(516,762,690,'2020-03-02 20:16:12'),(516,155,690,'2020-03-03 21:15:05'),(516,545,690,'2020-03-10 18:14:44'),(516,614,1986,'2020-03-12 10:41:54'),(516,755,1986,'2020-03-12 10:52:24'),(516,760,1986,'2020-08-26 02:38:03'),(516,772,690,'2020-04-15 22:53:27'),(516,492,690,'2020-06-21 18:46:24'),(516,491,690,'2020-06-21 18:42:13'),(516,769,1987,'2020-05-12 11:37:29'),(516,792,1987,'2020-05-04 07:12:34'),(516,794,690,'2020-05-04 16:00:01'),(516,793,690,'2020-05-05 11:30:06'),(516,498,690,'2020-05-07 14:51:31'),(516,513,690,'2020-08-29 00:18:31'),(516,514,690,'2020-08-29 00:26:02'),(516,763,1283,'2020-05-09 23:46:13'),(516,777,1283,'2020-05-09 23:49:58'),(516,795,1986,'2020-05-11 12:21:54'),(516,796,1986,'2020-05-11 17:30:56'),(516,790,1987,'2020-05-12 11:36:01'),(516,164,690,'2020-05-13 23:58:36'),(516,797,690,'2020-05-14 20:10:23'),(516,797,1986,'2020-05-15 01:21:24'),(516,764,1986,'2020-05-15 01:33:18'),(516,364,690,'2020-05-25 15:54:52'),(516,685,690,'2020-05-25 16:05:11'),(516,336,690,'2020-05-25 16:07:44'),(516,353,690,'2020-05-27 14:25:20'),(516,798,1986,'2020-05-27 20:09:47'),(516,799,1986,'2020-05-27 20:10:24'),(516,801,1986,'2020-05-30 01:45:54'),(516,207,690,'2020-06-03 14:28:03'),(516,803,1283,'2020-06-03 17:55:41'),(516,789,1987,'2020-06-07 14:33:07'),(516,402,690,'2020-06-08 20:14:05'),(516,349,690,'2020-06-09 13:40:10'),(516,273,690,'2020-06-11 18:01:46'),(516,479,690,'2020-06-11 18:38:48'),(516,287,690,'2020-06-11 18:43:56'),(516,289,690,'2020-06-11 19:17:47'),(516,820,1987,'2020-06-12 11:25:29'),(516,805,142,'2020-06-12 17:27:33'),(516,811,1283,'2020-06-14 19:39:10'),(516,807,142,'2020-06-16 12:04:09'),(516,808,142,'2020-06-16 12:04:26'),(516,782,690,'2020-06-16 18:06:57'),(516,778,690,'2020-08-29 00:59:14'),(516,290,690,'2020-06-18 09:24:01'),(516,469,690,'2020-06-18 11:25:50'),(516,301,690,'2020-06-18 13:03:15'),(516,466,690,'2020-06-21 17:46:16'),(516,465,690,'2020-06-21 17:48:53'),(516,463,690,'2020-06-21 17:59:52'),(516,464,690,'2020-06-21 18:01:59'),(516,495,690,'2021-03-08 22:04:43'),(516,780,690,'2020-06-22 17:43:12'),(516,816,1987,'2020-06-26 16:59:37'),(516,814,1987,'2020-07-04 14:17:44'),(516,813,1987,'2020-07-04 14:16:10'),(516,861,1987,'2020-07-08 11:22:11'),(516,849,1987,'2020-07-13 07:59:18'),(516,855,1987,'2020-07-13 08:04:04'),(516,856,1987,'2020-07-15 10:59:31'),(516,862,1987,'2020-07-20 08:10:39'),(516,828,690,'2020-07-29 11:36:30'),(516,831,690,'2020-07-29 12:11:53'),(516,867,1283,'2020-07-29 14:36:02'),(516,868,1283,'2020-07-29 14:36:52'),(516,869,690,'2020-08-12 21:03:17'),(516,761,690,'2020-08-12 21:16:55'),(516,760,690,'2020-08-12 21:18:04'),(516,848,142,'2020-08-17 15:22:20'),(516,847,142,'2020-08-17 15:21:39'),(516,810,1986,'2020-08-24 19:56:23'),(516,854,1986,'2020-08-26 02:32:53'),(516,851,1986,'2020-08-26 02:31:45'),(516,817,690,'2021-02-25 14:57:46'),(516,824,690,'2020-08-27 14:31:05'),(516,796,690,'2020-08-28 20:22:52'),(516,487,690,'2020-08-28 23:32:40'),(516,781,690,'2020-08-28 23:44:20'),(516,810,690,'2020-08-30 01:55:50'),(516,890,690,'2020-09-02 16:31:14'),(516,900,2359,'2020-11-15 13:18:06'),(516,818,690,'2020-09-15 14:34:28'),(516,875,1987,'2020-09-15 17:10:52'),(516,873,1987,'2020-09-16 07:24:01'),(516,885,1987,'2020-09-16 07:28:21'),(516,523,690,'2020-09-23 20:12:54'),(516,846,690,'2020-09-25 14:15:24'),(516,480,690,'2020-09-25 17:47:20'),(516,550,690,'2020-09-25 18:02:03'),(516,557,690,'2020-09-25 18:51:46'),(516,686,690,'2020-09-25 22:06:17'),(516,562,690,'2020-09-25 22:23:26'),(516,565,690,'2020-09-25 22:31:03'),(516,579,690,'2020-09-25 23:22:32'),(516,745,690,'2020-09-25 23:42:37'),(516,588,690,'2020-09-25 23:54:16'),(516,600,690,'2020-09-26 00:06:25'),(516,674,690,'2020-09-26 00:35:22'),(516,688,690,'2020-09-29 19:23:49'),(516,646,690,'2020-09-29 19:25:30'),(516,647,690,'2020-09-29 19:26:47'),(516,755,690,'2020-09-29 19:46:16'),(516,871,690,'2021-04-29 19:33:38'),(516,823,690,'2020-09-30 21:03:59'),(516,912,690,'2020-09-30 21:56:25'),(516,839,690,'2020-10-08 14:56:47'),(516,832,690,'2021-05-06 07:30:48'),(516,876,1987,'2020-10-23 10:09:44'),(516,921,690,'2020-11-03 18:31:47'),(516,899,2359,'2020-11-15 13:18:20'),(516,909,2359,'2020-11-15 16:38:23'),(516,906,2359,'2021-02-04 09:26:01'),(516,907,2359,'2021-02-04 09:28:58'),(516,931,1987,'2020-11-18 17:45:09'),(516,919,690,'2020-11-23 15:16:36'),(516,937,142,'2020-12-01 20:59:19'),(516,938,142,'2020-12-01 20:59:46'),(516,924,690,'2020-12-18 08:31:49'),(516,939,142,'2020-12-29 11:58:20'),(516,940,142,'2020-12-29 11:58:52'),(516,956,1283,'2021-01-06 16:55:02'),(516,957,1283,'2021-01-06 16:56:43'),(516,935,1987,'2021-03-31 11:52:05'),(516,609,2375,'2021-02-23 19:22:08'),(516,959,2375,'2021-01-21 10:56:54'),(516,954,464,'2021-01-23 10:33:58'),(516,908,2359,'2021-02-04 11:13:31'),(516,945,2359,'2021-02-04 11:15:13'),(516,901,690,'2021-02-04 22:30:05'),(516,960,2375,'2021-02-23 19:19:25'),(516,961,2375,'2021-02-18 08:48:11'),(516,911,690,'2021-02-18 17:05:00'),(516,773,690,'2021-02-18 18:53:47'),(516,952,690,'2021-02-19 14:05:01'),(516,927,690,'2021-02-19 14:08:15'),(516,877,339,'2021-02-22 01:50:46'),(516,878,339,'2021-02-22 02:04:34'),(516,967,2375,'2021-02-23 17:23:14'),(516,962,2375,'2021-02-23 19:20:30'),(516,948,690,'2021-02-25 12:26:59'),(516,949,690,'2021-02-25 12:28:46'),(516,897,690,'2021-02-26 12:31:48'),(516,301,783,'2021-02-26 14:20:01'),(516,923,1987,'2021-02-26 16:32:48'),(516,928,1987,'2021-02-26 16:35:32'),(516,885,690,'2021-03-08 22:04:29'),(516,984,1987,'2021-04-02 08:14:41'),(516,968,690,'2021-03-19 08:36:04'),(516,1009,1987,'2021-03-22 07:27:52'),(516,990,2375,'2021-03-23 18:39:40'),(516,993,1987,'2021-03-31 11:51:37'),(516,985,1987,'2021-04-01 17:48:55'),(516,1046,1987,'2021-04-02 08:09:05'),(516,1023,1987,'2021-04-09 14:28:27'),(516,1018,783,'2021-04-12 20:45:06'),(516,1015,783,'2021-04-12 20:50:06'),(516,971,2375,'2021-04-15 16:22:51'),(516,969,2375,'2021-04-15 16:26:47'),(516,970,2375,'2021-04-15 16:32:18'),(516,1024,2375,'2021-04-17 12:58:20'),(516,1012,690,'2021-04-19 12:02:12'),(516,972,690,'2021-04-19 12:04:35'),(516,988,1987,'2021-04-22 09:01:14'),(516,1058,2359,'2021-04-27 17:55:18'),(516,943,2359,'2021-04-27 17:58:07'),(516,975,690,'2021-04-29 19:01:17'),(516,1010,690,'2021-04-29 19:14:11'),(516,1011,690,'2021-04-29 19:15:01'),(516,976,690,'2021-04-29 19:42:41'),(516,994,1283,'2021-05-02 15:24:16'),(516,995,1283,'2021-05-02 15:26:52'),(516,1001,1283,'2021-05-02 15:27:58'),(516,1005,1283,'2021-05-04 18:10:27'),(516,1051,1987,'2021-05-04 21:13:07'),(516,1057,2359,'2021-05-15 10:04:12'),(516,1062,2359,'2021-05-18 22:30:54'),(516,1048,2361,'2021-05-24 09:55:10');

--
-- Table structure for table `jobs`
--

CREATE TABLE `jobs` (
  `id` bigint(20) unsigned NOT NULL AUTO_INCREMENT,
  `queue` varchar(255) NOT NULL,
  `payload` longtext NOT NULL,
  `attempts` tinyint(3) unsigned NOT NULL,
  `reserved_at` int(10) unsigned DEFAULT NULL,
  `available_at` int(10) unsigned NOT NULL,
  `created_at` int(10) unsigned NOT NULL,
  PRIMARY KEY (`id`),
  KEY `jobs_queue_reserved_at_index` (`queue`,`reserved_at`)
) ENGINE=InnoDB DEFAULT CHARSET=utf8;

--
-- Dumping data for table `jobs`
--


--
-- Table structure for table `journal_settings`
--

CREATE TABLE `journal_settings` (
  `journal_id` bigint(20) NOT NULL,
  `locale` varchar(14) NOT NULL DEFAULT '',
  `setting_name` varchar(255) NOT NULL,
  `setting_value` mediumtext,
  `setting_type` varchar(6) DEFAULT NULL,
  UNIQUE KEY `journal_settings_pkey` (`journal_id`,`locale`,`setting_name`),
  KEY `journal_settings_journal_id` (`journal_id`)
) ENGINE=MyISAM DEFAULT CHARSET=utf8;

--
-- Dumping data for table `journal_settings`
--

INSERT INTO `journal_settings` VALUES (1,'','numPageLinks','10','int'),(1,'','itemsPerPage','25','int'),(1,'','numWeeksPerReview','3','int'),(1,'en_US','privacyStatement','<p>The names and email addresses entered in this journal site will be used exclusively for the stated purposes of this journal and will not be made available for any other purpose or to any other party.</p>','string'),(1,'en_US','authorSelfArchivePolicy','<p>This journal permits and encourages authors to post items submitted to the journal on personal websites or institutional repositories both prior to and after publication, while providing bibliographic details that credit, if applicable, its publication in this journal.</p>','string'),(1,'en_US','copyeditInstructions','The copyediting stage is intended to improve the flow, clarity, grammar, wording, and formatting of the article. It represents the last chance for the author to make any substantial changes to the text because the next stage is restricted to typos and formatting corrections. The file to be copyedited is in Word or .rtf format and therefore can easily be edited as a word processing document. The set of instructions displayed here proposes two approaches to copyediting. One is based on Microsoft Word\'s Track Changes feature and requires that the copy editor, editor, and author have access to this program. A second system, which is software independent, has been borrowed, with permission, from the Harvard Educational Review. The journal editor is in a position to modify these instructions, so suggestions can be made to improve the process for this journal.<h4>Copyediting Systems</h4><strong>1. Microsoft Word\'s Track Changes</strong> Under Tools in the menu bar, the feature Track Changes enables the copy editor to make insertions (text appears in color) and deletions (text appears crossed out in color or in the margins as deleted). The copy editor can posit queries to both the author (Author Queries) and to the editor (Editor Queries) by inserting these queries in square brackets. The copyedited version is then uploaded, and the editor is notified. The editor then reviews the text and notifies the author. The editor and author should leave those changes with which they are satisfied. If further changes are necessary, the editor and author can make changes to the initial insertions or deletions, as well as make new insertions or deletions elsewhere in the text. Authors and editors should respond to each of the queries addressed to them, with responses placed inside the square brackets. After the text has been reviewed by editor and author, the copy editor will make a final pass over the text accepting the changes in preparation for the layout and galley stage. <strong>2. Harvard Educational Review </strong> <strong>Instructions for Making Electronic Revisions to the Manuscript</strong> Please follow the following protocol for making electronic revisions to your manuscript: <strong>Responding to suggested changes.</strong>   For each of the suggested changes that you accept, unbold the text.   For each of the suggested changes that you do not accept, re-enter the original text and <strong>bold</strong> it. <strong>Making additions and deletions.</strong>   Indicate additions by <strong>bolding</strong> the new text.   Replace deleted sections with: <strong>[deleted text]</strong>.   If you delete one or more sentence, please indicate with a note, e.g., <strong>[deleted 2 sentences]</strong>. <strong>Responding to Queries to the Author (QAs).</strong>   Keep all QAs intact and bolded within the text. Do not delete them.   To reply to a QA, add a comment after it. Comments should be delimited using: <strong>[Comment:]</strong>   e.g., <strong>[Comment: Expanded discussion of methodology as you suggested]</strong>. <strong>Making comments.</strong>   Use comments to explain organizational changes or major revisions   e.g., <strong>[Comment: Moved the above paragraph from p. 5 to p. 7].</strong>  Note: When referring to page numbers, please use the page numbers from the printed copy of the manuscript that was sent to you. This is important since page numbers may change as a document is revised electronically.<h4>An Illustration of an Electronic Revision</h4><ol><li><strong>Initial copyedit.</strong> The journal copy editor will edit the text to improve flow, clarity, grammar, wording, and formatting, as well as including author queries as necessary. Once the initial edit is complete, the copy editor will upload the revised document through the journal Web site and notify the author that the edited manuscript is available for review.</li><li><strong>Author copyedit.</strong> Before making dramatic departures from the structure and organization of the edited manuscript, authors must check in with the editors who are co-chairing the piece. Authors should accept/reject any changes made during the initial copyediting, as appropriate, and respond to all author queries. When finished with the revisions, authors should rename the file from AuthorNameQA.doc to AuthorNameQAR.doc (e.g., from LeeQA.doc to LeeQAR.doc) and upload the revised document through the journal Web site as directed.</li><li><strong>Final copyedit.</strong> The journal copy editor will verify changes made by the author and incorporate the responses to the author queries to create a final manuscript. When finished, the copy editor will upload the final document through the journal Web site and alert the layout editor to complete formatting.</li></ol>','string'),(1,'','useLayoutEditors','0','bool'),(1,'','emailHeader','The following message is being delivered on behalf of Interamerican Journal of Psychology.\r\n_____________________________________________________________','string'),(1,'','emailSignature','<p>The following message is being delivered on behalf of Revista Interamericana de Psicología/Interamerican Journal of Psychology. ______________________________________</p>\n<div>\n<div id=\"Zm-_Id_-Sgn\" data-zbluepencil-ignore=\"true\">\n<div><strong><span class=\"size\">Dr. Fernando Andres Polanco</span></strong></div>\n<div><em>Editor</em></div>\n<div><a href=\"mailto:fernando.polanco@sipsych.org\" target=\"_blank\" rel=\"noopener\">fernando.polanco@sipsych.org</a>&nbsp;</div>\n<div>&nbsp;</div>\n<div>Sociedad Interamericana de Psicología</div>\n<div>Web:&nbsp;<a href=\"http://sipsych.org\" target=\"_blank\" rel=\"noopener\">http://sipsych.org</a>&nbsp;</div>\n<div>&nbsp;</div>\n<div><a href=\"https://www.facebook.com/sipsych/\" target=\"_blank\" rel=\"noopener\">Facebook</a>&nbsp; |&nbsp;&nbsp;<a href=\"https://twitter.com/sipsych\" target=\"_blank\" rel=\"noopener\">Twitter</a> &nbsp;|&nbsp;&nbsp;<a href=\"https://www.instagram.com/sipsych/\" target=\"_blank\" rel=\"noopener\">Instagram</a>&nbsp; |&nbsp; <a href=\"https://www.youtube.com/user/SIPChannel2013\" target=\"_blank\" rel=\"noopener\">YouTube</a></div>\n</div>\n</div>','string'),(1,'en_US','proofInstructions','<p>The proofreading stage is intended to catch any errors in the galley\'s spelling, grammar, and formatting. More substantial changes cannot be made at this stage, unless discussed with the Section Editor. In Layout, click on VIEW PROOF to see the HTML, PDF, and other available file formats used in publishing this item.</p><h4>For Spelling and Grammar Errors</h4><p>Copy the problem word or groups of words and paste them into the Proofreading Corrections box with \"CHANGE-TO\" instructions to the editor as follows:</p><pre>1. CHANGE...\r\n	then the others\r\n	TO...\r\n	than the others</pre><br /><pre>2. CHANGE...\r\n	Malinowsky\r\n	TO...\r\n	Malinowski</pre><br /><h4>For Formatting Errors</h4><p>Describe the location and nature of the problem in the Proofreading Corrections box after typing in the title \"FORMATTING\" as follows:</p><br /><pre>3. FORMATTING\r\n	The numbers in Table 3 are not aligned in the third column.</pre><br /><pre>4. FORMATTING\r\n	The paragraph that begins \"This last topic...\" is not indented.</pre>','string'),(1,'en_US','refLinkInstructions','<h4>To Add Reference Linking to the Layout Process</h4><p>When turning a submission into HTML or PDF, make sure that all hyperlinks in the submission are active.</p><h4>A. When the Author Provides a Link with the Reference</h4><ol><li>While the submission is still in its word processing format (e.g., Word), add the phrase VIEW ITEM to the end of the reference that has a URL.</li><li>Turn that phrase into a hyperlink by highlighting it and using Word\'s Insert Hyperlink tool and the URL prepared above.</li></ol><h4>B. Enabling Readers to Search Google Scholar For References</h4><ol><li>While the submission is still in its word processing format (e.g., Word), copy the title of the work referenced in the References list (if it appears to be too common a title—e.g., \"Peace\"—then copy author and title).</li><li>Paste the reference\'s title between the %22\'s, placing a + between each word: http://scholar.google.com/scholar?q=%22PASTE+TITLE+HERE%22</li><li>Add the phrase GS SEARCH to the end of each citation in the submission\'s References list.</li><li>Turn that phrase into a hyperlink by highlighting it and using Word\'s Insert Hyperlink tool and the URL prepared in #2.</li></ol><h4>C. Enabling Readers to Search for References with a DOI</h4><ol><li>While the submission is still in Word, copy a batch of references into CrossRef Text Query http://www.crossref.org/freeTextQuery/.</li><li>Paste each DOI that the Query provides in the following URL (between = and &amp;): http://www.cmaj.ca/cgi/external_ref?access_num=PASTE DOI#HERE&amp;link_type=DOI.</li><li>Add the phrase CrossRef to the end of each citation in the submission\'s References list.</li><li>Turn that phrase into a hyperlink by highlighting the phrase and using Word\'s Insert Hyperlink tool and the appropriate URL prepared in #2.</li></ol>','string'),(1,'en_US','readerInformation','<p>We encourage readers to sign up for the publishing notification service for this journal. Use the <a href=\"/index.php/IJP/user/register\">Register</a> link at the top of the home page for the journal. This registration will result in the reader receiving the Table of Contents by email for each new issue of the journal. This list also allows the journal to claim a certain level of support or readership. See the journal\'s <a href=\"/index.php/IJP/about/submissions#privacyStatement\">Privacy Statement</a>, which assures readers that their name and email address will not be used for other purposes.</p>','string'),(1,'en_US','authorInformation','<p>Interested in submitting to this journal? We recommend that you review the <a href=\"/index.php/IJP/about\">About the Journal</a> page for the journal\'s section policies, as well as the <a href=\"/index.php/IJP/about/submissions#authorGuidelines\">Author Guidelines</a>. Authors need to <a href=\"/index.php/IJP/user/register\">register</a> with the journal prior to submitting or, if already registered, can simply <a href=\"/index.php/index/login\">log in</a> and begin the five-step process.</p>','string'),(1,'en_US','librarianInformation','<p>We encourage research librarians to list this journal among their library\'s electronic journal holdings. As well, it may be worth noting that this journal\'s open source publishing system is suitable for libraries to host for their faculty members to use with journals they are involved in editing (see <a href=\"http://pkp.sfu.ca/ojs\">Open Journal Systems</a>).</p>','string'),(1,'en_US','lockssLicense','This journal utilizes the LOCKSS system to create a distributed archiving system among participating libraries and permits those libraries to create permanent archives of the journal for purposes of preservation and restoration. <a href=\"http://www.lockss.org/\">More...</a>','string'),(1,'','supportedFormLocales','[\"en_US\",\"es_ES\",\"pt_BR\",\"fr_FR\"]','object'),(1,'','supportedSubmissionLocales','[\"en_US\",\"es_ES\",\"pt_BR\",\"fr_FR\"]','object'),(1,'en_US','submissionChecklist','[{\"order\":13,\"content\":\"The submission has not been previously published, nor is it before another journal for consideration (or an explanation has been provided in Comments to the Editor).\"},{\"order\":8,\"content\":\"The submission file is in OpenOffice, Microsoft Word, RTF, or WordPerfect document file format.\"},{\"order\":15,\"content\":\"Where available, URLs and DOI for the references have been provided.\"},{\"order\":16,\"content\":\"The text is 1.5 spaced; uses a 12-point font; employs italics, rather than underlining (except with URL addresses); and all illustrations, figures, and tables are placed within the text at the appropriate points with their corresponding call in the text, rather than at the end.\"},{\"order\":17,\"content\":\"The text adheres to the stylistic and bibliographic requirements outlined in the <a href=\\\"\\/index.php\\/IJP\\/about\\/submissions#authorGuidelines\\\" target=\\\"_new\\\">Author Guidelines<\\/a>, which is found in About the Journal, adapting to the suggested model.\"},{\"order\":18,\"content\":\"All personal information was removed from the file sent (metadata), as well as from the text it contains. Ensuring double-blind review.\"},{\"order\":19,\"content\":\"The required ethical principles according to the <a href=\\\"\\/index.php\\/IJP\\/about\\/submissions#authorGuidelines\\\" target=\\\"_new\\\">Author Guidelines<\\/a>, which is found in About the Journal. If necessary, the certificate of the ethics committee is attached.\"}]','object'),(1,'','rtAbstract','1','bool'),(1,'','rtCaptureCite','1','bool'),(1,'','rtViewMetadata','1','bool'),(1,'','rtSupplementaryFiles','1','bool'),(1,'','rtPrinterFriendly','1','bool'),(1,'','rtDefineTerms','1','bool'),(1,'','rtAddComment','1','bool'),(1,'','rtEmailAuthor','1','bool'),(1,'','rtEmailOthers','1','bool'),(1,'','allowRegReviewer','1','bool'),(1,'','allowRegAuthor','1','bool'),(1,'','allowRegReader','1','bool'),(1,'','submissionFee','0','int'),(1,'en_US','submissionFeeName','Article Submission','string'),(1,'en_US','submissionFeeDescription','Authors are required to pay an Article Submission Fee as part of the submission process to contribute to review costs.','string'),(1,'','fastTrackFee','0','int'),(1,'en_US','fastTrackFeeName','Fast-Track Review','string'),(1,'en_US','fastTrackFeeDescription','With the payment of this fee, the review, editorial decision, and author notification on this manuscript is guaranteed to take place within 4 weeks.','string'),(1,'','publicationFee','0','int'),(1,'en_US','publicationFeeName','Article Publication','string'),(1,'en_US','publicationFeeDescription','If this paper is accepted for publication, you will be asked to pay an Article Publication Fee to cover publications costs.','string'),(1,'en_US','waiverPolicy','If you do not have funds to pay such fees, you will have an opportunity to waive each fee. We do not want fees to prevent the publication of worthy work.','string'),(1,'','purchaseArticleFee','0','int'),(1,'en_US','purchaseArticleFeeName','Purchase Article','string'),(1,'en_US','purchaseArticleFeeDescription','The payment of this fee will enable you to view, download, and print this article.','string'),(1,'','membershipFee','0','int'),(1,'en_US','membershipFeeName','Association Membership','string'),(1,'en_US','membershipFeeDescription','The payment of this fee will enroll you as a member in this association for one year and provide you with free access to this journal.','string'),(1,'en_US','donationFeeName','Donations to journal','string'),(1,'en_US','donationFeeDescription','Donations of any amount to this journal are gratefully received and provide a means for the editors to continue to provide a journal of the highest quality to its readers.','string'),(1,'','metaCitations','1','bool'),(1,'','supportedLocales','[\"en_US\",\"es_AR\",\"es_ES\",\"pt_BR\",\"fr_FR\"]','object'),(2,'en_US','acronym','test',NULL),(1,'en_US','description','<p>The Interamerican Journal of Psychology (IJP) is published since 1967 by the Interamerican Society of Psychology. It is the policy of the journal to publish the current developments of Interamerican Psychology under both the theoretical and the applied and professional perspective; doing this, the journal aims to promote communication and cooperation among psychologists from the different Interamerican Countries<strong><em>.</em></strong></p>','string'),(1,'en_US','acronym','RIP/IJP','string'),(1,'en_US','abbreviation','RIP/IJP','string'),(1,'','printIssn','0034-9690','string'),(1,'','onlineIssn','2329-4795','string'),(1,'','mailingAddress','Av. Ejercito de los Andes, 950. 4to Bloque - Box 59. \r\nCiudad de San Luis, San Luis, D5700HHW, Argentina.','string'),(1,'','categories','N;','object'),(1,'','useEditorialBoard','0','bool'),(1,'','contactName','Fernando Andres Polanco','string'),(1,'en_US','contactTitle','Editor','string'),(1,'en_US','contactAffiliation','Universidad Nacional de San Luis','string'),(1,'','contactEmail','fernando.polanco@sipsych.org','string'),(1,'','contactPhone','+5492664313012','string'),(1,'','contactFax','804-727-6790','string'),(1,'','supportName','Mariah Reisner','string'),(1,'','supportEmail','mariah@samaristudios.com','string'),(1,'','publisherInstitution','Sociedad Interamericana de Psicología','string'),(1,'','publisherUrl','http://www.sipsych.org/index.php/en/','string'),(1,'','remindForInvite','0','bool'),(1,'','remindForSubmit','0','bool'),(1,'','numDaysBeforeInviteReminder','3','int'),(1,'','numDaysBeforeSubmitReminder','3','int'),(1,'','rateReviewerOnQuality','1','bool'),(1,'','restrictReviewerFileAccess','1','bool'),(1,'','reviewerAccessKeysEnabled','1','bool'),(1,'','showEnsuringLink','1','bool'),(1,'','subjects','enable',NULL),(1,'','disciplines','enable',NULL),(1,'','mailSubmissionsToReviewers','0','bool'),(1,'','authorSelectsEditor','0','bool'),(1,'','languages','require',NULL),(1,'','enableLockss','1','bool'),(1,'','reviewerDatabaseLinks','a:2:{i:0;a:2:{s:5:\"title\";s:17:\"Plataforma Lattes\";s:3:\"url\";s:22:\"http://lattes.cnpq.br/\";}i:1;a:2:{s:5:\"title\";s:8:\"PsycInfo\";s:3:\"url\";s:118:\"https://web.ebscohost.com/ehost/search/advanced?sid=8f402a6b-62e0-4723-9a15-7f16090f5ff9%40sessionmgr110&vid=1&hid=122\";}}','object'),(1,'','notifyAllAuthorsOnDecision','1','bool'),(1,'','includeCopyrightStatement','1','bool'),(1,'','licenseUrl','http://creativecommons.org/licenses/by-nc/4.0','string'),(1,'','includeLicense','1','bool'),(1,'','copyrightNoticeAgree','1','bool'),(1,'','copyrightHolderType','author','string'),(1,'','copyrightYearBasis','submission','string'),(1,'','requireAuthorCompetingInterests','1','bool'),(1,'','requireReviewerCompetingInterests','1','bool'),(1,'en_US','competingInterestGuidelines','Authors who publish with this journal agree to the following terms:<br /><br /><ol type=\"a\"><li>Authors retain copyright and grant the journal right of first publication, with the work [SPECIFY PERIOD OF TIME] after publication simultaneously licensed under a <a href=\"http://creativecommons.org/licenses/by/3.0/\" target=\"_new\">Creative Commons Attribution License</a> that allows others to share the work with an acknowledgement of the work\'s authorship and initial publication in this journal.</li><li>Authors are able to enter into separate, additional contractual arrangements for the non-exclusive distribution of the journal\'s published version of the work (e.g., post it to an institutional repository or publish it in a book), with an acknowledgement of its initial publication in this journal.</li><li>Authors are permitted and encouraged to post their work online (e.g., in institutional repositories or on their website) prior to and during the submission process, as it can lead to productive exchanges, as well as earlier and greater citation of published work (See <a href=\"http://opcit.eprints.org/oacitation-biblio.html\" target=\"_new\">The Effect of Open Access</a>).</li></ol>','string'),(1,'','metaDiscipline','1','bool'),(1,'','metaSubjectClass','0','bool'),(1,'','metaSubject','1','bool'),(1,'','metaCoverage','0','bool'),(1,'','metaType','0','bool'),(1,'','copySubmissionAckPrimaryContact','1','bool'),(1,'','copySubmissionAckSpecified','0','bool'),(1,'','copySubmissionAckAddress','','string'),(1,'','displayCurrentIssue','1','bool'),(1,'','restrictSiteAccess','0','bool'),(1,'','journalTheme','classicBlue','string'),(1,'en_US','pageHeaderTitleImage','a:6:{s:4:\"name\";s:12:\"IJP_Logo.png\";s:10:\"uploadName\";s:30:\"pageHeaderTitleImage_en_US.png\";s:5:\"width\";i:640;s:6:\"height\";i:158;s:8:\"mimeType\";s:9:\"image/png\";s:12:\"dateUploaded\";s:19:\"2018-12-04 14:15:38\";}','object'),(1,'en_US','homeHeaderTitleImage','a:6:{s:4:\"name\";s:12:\"IJP_Logo.png\";s:10:\"uploadName\";s:30:\"homeHeaderTitleImage_en_US.png\";s:5:\"width\";i:1609;s:6:\"height\";i:396;s:8:\"mimeType\";s:9:\"image/png\";s:12:\"dateUploaded\";s:19:\"2018-12-04 14:10:02\";}','object'),(1,'en_US','homeHeaderTitle','Interamerican Journal of Psychology','string'),(1,'en_US','pageHeaderTitleType','1','string'),(1,'en_US','metaDisciplineExamples','Psychology; Education; Sociology: Cultural Studies','string'),(1,'','disableUserReg','0','bool'),(1,'','restrictArticleAccess','0','bool'),(1,'','publicationFormatVolume','1','bool'),(1,'','publicationFormatNumber','1','bool'),(1,'','publicationFormatYear','1','bool'),(1,'','publicationFormatTitle','1','bool'),(1,'','initialVolume','0','int'),(1,'','initialNumber','0','int'),(1,'','initialYear','0','int'),(1,'','useCopyeditors','0','bool'),(1,'','provideRefLinkInstructions','0','bool'),(1,'','useProofreaders','0','bool'),(1,'','publishingMode','0','int'),(1,'','showGalleyLinks','0','bool'),(1,'','enableAnnouncements','1','bool'),(1,'','enableAnnouncementsHomepage','0','bool'),(1,'','numAnnouncementsHomepage','3','int'),(1,'','volumePerYear','0','int'),(1,'','issuePerVolume','0','int'),(1,'en_US','name','Revista Interamericana de Psicología/Interamerican Journal of Psychology','string'),(1,'en_US','homepageImage','{\"name\":\"general.jpg\",\"uploadName\":\"homepageImage_en_US.jpg\",\"width\":910,\"height\":608,\"dateUploaded\":\"2020-05-17 03:17:17\",\"altText\":\"Revista Interamericana de Psicología\\/Interamerican Journal of Psychology\"}','object'),(1,'','navItems','N;','object'),(1,'','keywords','require',NULL),(1,'','agencies','enable',NULL),(1,'','citations','require',NULL),(1,'en_US','licenseTerms','<p>Authors who publish with this journal agree to the following terms:</p>\r\n<ol type=\"a\">\r\n<li class=\"show\">Authors retain copyright and grant the journal right of first publication, with the work [SPECIFY PERIOD OF TIME] after publication simultaneously licensed under a&nbsp;<a href=\"http://creativecommons.org/licenses/by/3.0/\" target=\"_new\">Creative Commons Attribution License</a>&nbsp;that allows others to share the work with an acknowledgment of the work\'s authorship and initial publication in this journal.</li>\r\n<li class=\"show\">Authors are able to enter into separate, additional contractual arrangements for the non-exclusive distribution of the journal\'s published version of the work (e.g., post it to an institutional repository or publish it in a book), with an acknowledgment of its initial publication in this journal.</li>\r\n<li class=\"show\">Authors are permitted and encouraged to post their work online (e.g., in institutional repositories or on their website) prior to and during the submission process, as it can lead to productive exchanges, as well as earlier and greater citation of published work (See&nbsp;<a href=\"http://opcit.eprints.org/oacitation-biblio.html\" target=\"_new\">The Effect of Open Access</a>).</li>\r\n</ol>',NULL),(1,'en_US','searchDescription','The editorial policy of the Interamerican Journal of Psychology is to reflect the developments that are occurring in the field of psychology in the Americas continent, from a theoretical, practical, and research perspectives.','string'),(1,'en_US','searchKeywords','revista interamericana de psicología; interamerican journal of psychology; psychology','string'),(1,'en_US','copyrightNotice','<p>Authors who publish with this journal agree to the following terms:</p>\n<ol type=\"a\">\n<li class=\"show\">Authors retain copyright and grant the journal right of first publication, with the work [SPECIFY PERIOD OF TIME] after publication simultaneously licensed under a <a href=\"http://creativecommons.org/licenses/by/3.0/\" target=\"_blank\" rel=\"noopener\">Creative Commons Attribution License</a> that allows others to share the work with an acknowledgment of the work\'s authorship and initial publication in this journal.</li>\n<li class=\"show\">Authors are able to enter into separate, additional contractual arrangements for the non-exclusive distribution of the journal\'s published version of the work (e.g., post it to an institutional repository or publish it in a book), with an acknowledgment of its initial publication in this journal.</li>\n<li class=\"show\">Authors are permitted and encouraged to post their work online (e.g., in institutional repositories or on their website) prior to and during the submission process, as it can lead to productive exchanges, as well as earlier and greater citation of published work (See <a href=\"http://opcit.eprints.org/oacitation-biblio.html\" target=\"_blank\" rel=\"noopener\">The Effect of Open Access</a>).</li>\n</ol>','string'),(1,'en_US','journalPageFooter','<img src=\"/public/site/images/etorresrivera/Dorabadge2.png\" alt=\"\" />','string'),(1,'en_US','homeHeaderTitleImageAltText','Interamerican Journal of Psychology','string'),(1,'en_US','homeHeaderLogoImage','a:6:{s:4:\"name\";s:12:\"IJP_Logo.png\";s:10:\"uploadName\";s:29:\"homeHeaderLogoImage_en_US.png\";s:5:\"width\";i:1609;s:6:\"height\";i:396;s:8:\"mimeType\";s:9:\"image/png\";s:12:\"dateUploaded\";s:19:\"2018-12-04 14:09:23\";}','object'),(1,'en_US','navItems','a:4:{i:0;a:4:{s:4:\"name\";s:22:\"Editorial Review Board\";s:9:\"isLiteral\";s:1:\"1\";s:3:\"url\";s:61:\"http://journal.sipsych.org/index.php/IJP/pages/view/reviewers\";s:10:\"isAbsolute\";s:1:\"1\";}i:1;a:4:{s:4:\"name\";s:16:\"Previous Editors\";s:9:\"isLiteral\";s:1:\"1\";s:3:\"url\";s:59:\"http://journal.sipsych.org/index.php/IJP/pages/view/editors\";s:10:\"isAbsolute\";s:1:\"1\";}i:2;a:4:{s:4:\"name\";s:37:\"Sociedad Interamericana de Psicologia\";s:9:\"isLiteral\";s:1:\"1\";s:3:\"url\";s:36:\"http://www.sipsych.org/index.php/es/\";s:10:\"isAbsolute\";s:1:\"1\";}i:3;a:4:{s:4:\"name\";s:18:\"Journal Indicators\";s:9:\"isLiteral\";s:1:\"1\";s:3:\"url\";s:71:\"http://www.scimagojr.com/journalsearch.php?q=5700164134&tip=sid&clean=0\";s:10:\"isAbsolute\";s:1:\"1\";}}','object'),(1,'','statNumPublishedIssues','0','bool'),(1,'','statItemsPublished','0','bool'),(1,'','statNumSubmissions','0','bool'),(1,'','statPeerReviewed','0','bool'),(1,'','statCountAccept','0','bool'),(1,'','statCountDecline','0','bool'),(1,'','statCountRevise','0','bool'),(1,'','statDaysPerReview','1','bool'),(1,'','statDaysToPublication','1','bool'),(1,'','statRegisteredUsers','0','bool'),(1,'','statRegisteredReaders','0','bool'),(1,'','statSubscriptions','0','bool'),(1,'','statViews','1','bool'),(1,'en_US','authorGuidelines','<p><strong>Categories of the Manuscripts</strong></p>\n<p><span style=\"font-weight: 400;\">Accepted manuscripts are divided into four categories: (a) Articles, which may include qualitative or quantitative data research reports, theoretical developments, integrative and critical sociobliometric reviews and research, methodological and historiographical contributions; (b) Program evaluation/Short report, (no more than 10 pages including references, tables and diagrams) which may include innovative professional experiences, policy issues, training or data from preliminary or pilot studies; (c) Book reviews, These reviews should consider the merits of the book and its contributions to psychology in the Americas, and should be no more than 3 years old; (d) Interamerican Psychology, This category  includes interviews, reports, protocols, and manuscripts of interest to the academic, professional, and scientific work of Interamerican psychology.</span></p>\n<p><span style=\"font-weight: 400;\">Student articles have the same criteria as regular articles, except that the editor and editorial board will assist students throughout the writing and acceptance process. The RIP/IJP processes articles for the ISP Student Research Award (both at the undergraduate and graduate levels) and the presentations of Interamerican Award winners which have not been published in the Congress Proceedings.</span></p>\n<p><span style=\"font-weight: 400;\">We will also publish on Special Sections/Topics occasionally. Guidelines for these should be requested from the Editor.</span></p>\n<p><strong>Editorial Process and Decision Making</strong></p>\n<p><span style=\"font-weight: 400;\">Manuscripts received may not have been submitted or sent to any other professional or academic publication while being considered by RIP/IJP. Submitted manuscripts must not have been published in any part in any other publication. All manuscripts will be reviewed for plagiarism through the Google Assignment platform.</span></p>\n<p><span style=\"font-weight: 400;\">Due to the editorial policies and standards of scientific publication required in the academic community, the RIP/IJP has space to publish between 10% and 20% of the manuscripts received. Therefore, each manuscript undergoes a rigorous peer review/evaluation by the editorial committee, which evaluates whether the ethical, stylistic and scientific requirements of a quality manuscript have been met, based on the interests of the journal. Based on this evaluation, the manuscript may be rejected or accepted for the revision process.</span></p>\n<p><span style=\"font-weight: 400;\">Due to the requirement of double-blind review, authors should do everything possible to eliminate clues or suggestions in the manuscript that could identify them, that is, the data of the authors and their institutions should be loaded only in the OJS form, while the manuscript should have the elements indicated below in the Editorial Style.</span></p>\n<p><span style=\"font-weight: 400;\">The reviewers and editorial team will make suggestions for publication to the Editor, who will be responsible for final decisions regarding publication, revision and resubmission, or rejection and this will be communicated to the authors.</span></p>\n<p><strong>Editorial Style</strong></p>\n<p><span style=\"font-weight: 400;\">The RIP/IJP will strictly follow the guidelines of the latest American Psychological Association Publication Manual. (Download <a href=\"https://docs.google.com/uc?export=download&amp;id=18WHHkLxdkyBt7bzwhbp8DvvkYPTzJxiw\">Model</a>)</span></p>\n<ol>\n<li><span style=\"font-weight: 400;\"> The original manuscript should not exceed 20 pages (A4 margin 2.5 on all sides) with 1.5 inch spacing, including references (whenever available with DOI or URL), tables and figure [always with its corresponding call in the text, for example (See Figure 1) or (See Table 1)]. Exceeding this limit will only be possible when it is necessary for the particular content of the manuscript and it  is duly justified by the author through the opening of a commentary in the journal\'s editorial management system.</span></li>\n<li><span style=\"font-weight: 400;\"> The manuscript submitted must have a Title Page,including the title, and keywords, then an abstract page  in English; Additionally, a title, abstract and keywords, in one of the other official languages of ISP (Spanish, Portuguese or French) must be provided.</span></li>\n<li><span style=\"font-weight: 400;\"> Information about the authors, institutions and other identifying information should not appear anywhere in the submitted manuscript. Make sure that information about the authors and their contacts are correctly loaded in the portal submission forms, however, including ORCID numbers.</span></li>\n<li><span style=\"font-weight: 400;\"> The title should adequately explain the research being carried out, while at the same time be attractive and draw the attention of readers and specialists in the area from which it originates.</span></li>\n<li><span style=\"font-weight: 400;\"> The use of footnotes is not recommended.</span></li>\n<li><span style=\"font-weight: 400;\"> All sources cited in the manuscript should be included in the reference list and vice versa.</span></li>\n<li><span style=\"font-weight: 400;\"> Ames of institutions (institution, city, country) should be provided in the four languages of SIP (Spanish, english, Portuguese or French) respecting their denomination of origin (For example: Universidad Nacional de Córdoba, Harvard University, Universidade de São Paulo), that is to say, neither proper nor institutional names should be translated into another language. As for titles, abstracts and keywords, all fields must be completed in English, and additionally provided in   one  other chosen SIP language</span></li>\n<li><span style=\"font-weight: 400;\"> The portal submission form must be completed in full, including, if applicable, the indication of conflicts of interest, as well as the loading of the references of the articles and other required fields. These form part of the metadata and are of vital importance for the correct dissemination of the information published in the RIP/IJP, and are the main vehicle for identifying authors and financial institutions. Finally,following ethical, stylistic and methodological principles are necessary to ensure a publication of high scientific and human value.</span></li>\n</ol>\n<p><strong>Writing Style</strong></p>\n<p><span style=\"font-weight: 400;\">RIP/IJP encourages the use of inclusive language with respect to gender, ethnicity, age, national origin, sexual orientation, disability and other socio-demographic characteristics. The Editor suggests the use of the term \"participants\" rather than \"subjects.\" The procedures used to obtain participants\' informed consent should be described. Their sociodemographic characteristics should be presented as explicitly as possible. Regional and technical terms should be avoided.</span></p>\n<p><strong>Ethical principles</strong></p>\n<p><span style=\"font-weight: 400;\">Authors must declare (explicitly in the manuscript) that they have followed the general and specific ethical standards agreed upon in the countries where the scientific, academic and professional activity took place. Also, that they have followed the Universal Declaration of Ethical Principles for Psychologists (<a href=\"https://www.iupsys.net/about/governance/universal-declaration-of-ethical-principles-for-psychologists.html\" target=\"_blank\" rel=\"noopener\">IAAP &amp; IUPsyS, 2008</a>), the International Ethical Guidelines for Biomedical Research Involving Human Subjects (<a href=\"https://cioms.ch/wp-content/uploads/2017/12/CIOMS-EthicalGuideline_SP_INTERIOR-FINAL.pdf\" target=\"_blank\" rel=\"noopener\">CIOMS, WHO &amp; PAHO, 2016</a>) and the declarations of the ISP regarding ethical behavior at the time of submission (ISP, <a href=\"https://archive.org/details/sip-1978-declaracion-sobre-practica-psicologica-y-ddhh/page/n1/mode/2up\" target=\"_blank\" rel=\"noopener\">1978</a>, <a href=\"https://archive.org/details/sip-2008a-declaracion-sobre-terapias-de-conversion\" target=\"_blank\" rel=\"noopener\">2008a</a>, <a href=\"https://archive.org/details/sip-2008b-declaracion-sobre-principios-eticos\" target=\"_blank\" rel=\"noopener\">2008b</a>, <a href=\"https://archive.org/details/sip-2014-declaracion-sobre-ninos-migrantes-en-centro-america\" target=\"_blank\" rel=\"noopener\">2014</a>, <a href=\"https://archive.org/details/sip-2016-declaracion-apoyo-a-acuerdos-de-paz-en-colombia\" target=\"_blank\" rel=\"noopener\">2016</a>, <a href=\"https://archive.org/details/sip-2018-position-statement-on-immigration\" target=\"_blank\" rel=\"noopener\">2018</a>, <a href=\"https://archive.org/details/sip-2019-declaracion-experticia-en-salud-mental\" target=\"_blank\" rel=\"noopener\">2019</a>).</span></p>\n<p><span style=\"font-weight: 400;\">In cases where required by ethical principles locally, nationally or internationally the authors will be responsible for attaching  the certification or endorsement by the relevant body\'s ethics committee on procedures described in the manuscript.</span></p>\n<p><span style=\"font-weight: 400;\">Finally, the authors are obliged to explicitly state in the manuscript any conflict of interest or non-existence of such conflicts.</span></p>\n<p><span style=\"font-weight: 400;\">The RIP/IJP has a protocol for reporting misconduct, which, if substantiated, can cause the manuscript to be removed from any stage of publication, including already published articles.</span></p>','string'),(1,'en_US','contactMailingAddress','<p>2151 Old Brick Rd.</p><p>Glen Allen, VA 23060</p>','string'),(1,'en_US','publisherNote','Sociedad Interamericana de Psicología','string'),(1,'en_US','about','<div id=\"focusAndScope\">\n<p><strong>Focus and Scope</strong></p>\n<p>The editorial policy of the Interamerican Journal of Psychology is to reflect the developments occurring in the Americas and beyond from a theoretical, practice, and research perspectives and in doing this we aim to promote communication and collaboration among psychologists of different countries in the Americas and in other parts of the world. The journal is published three times a year and accepts manuscripts in all areas of psychology, in English, Spanish, Portuguese, and French.</p>\n<p><strong>Plagiarism detection</strong></p>\n<p>Manuscripts submitted will be checked for plagiarism using the Google Assignments applications.</p>\n<p><strong>Peer Review Process</strong></p>\n<p>A minimum of two reviewers are assigned to each manuscript.  The criteria use to judge the submission is usually based on the contribution of the manuscript to the Interamerican psychology. A manuscript usually takes about 30 to 90 days to be review (this time is just an approximation and it could be longer depending on the reviewers) it and the reviewers are recruited based on their expertise and experience in that particular specialty.</p>\n<p><strong>Open Access Policy</strong></p>\n<p>This journal provides immediate open access to its content on the principle that making research freely available to the public supports a greater global exchange of knowledge. This journal also provides an outlet for researchers to publish their work free of charge as well.</p>\n<p><strong>Journal History</strong></p>\n<p><strong><em>The Interamerican Journal of Psychology is published since 1967 by the <a href=\"http://www.sipsych.org/\">Interamerican Society of Psychology</a> . It is the policy of the journal to publish the current developments of Interamerican psychology under both the theoretical and the applied and professional prospective; doing this, the journal aims to promote communication and cooperation among psychologists from the different Interamerican Countries.</em></strong></p>\n</div>\n<div id=\"history\">\n<p><strong><em> </em></strong></p>\n</div>','string'),(1,'fr_FR','about','<div id=\"focusAndScope\">\n<p><strong>Focus and Scope</strong></p>\n<p>The editorial policy of the Interamerican Journal of Psychology is to reflect the developments occurring in the Americas and beyond from a theoretical, practice, and research perspectives and in doing this we aim to promote communication and collaboration among psychologists of different countries in the Americas and in other parts of the world. The journal is published three times a year and accepts manuscripts in all areas of psychology, in English, Spanish, Portuguese, and French.</p>\n<p><strong>Plagiarism detection</strong></p>\n<p>Manuscripts submitted will be checked for plagiarism using the Google Assignments applications.</p>\n<p><strong>Peer Review Process</strong></p>\n<p>A minimum of two reviewers are assigned to each manuscript.  The criteria use to judge the submission is usually based on the contribution of the manuscript to the Interamerican psychology. A manuscript usually takes about 30 to 90 days to be review (this time is just an approximation and it could be longer depending on the reviewers) it and the reviewers are recruited based on their expertise and experience in that particular specialty.</p>\n<p><strong>Open Access Policy</strong></p>\n<p>This journal provides immediate open access to its content on the principle that making research freely available to the public supports a greater global exchange of knowledge. This journal also provides an outlet for researchers to publish their work free of charge as well.</p>\n<p><strong>Journal History</strong></p>\n<p><strong><em>The Interamerican Journal of Psychology is published since 1967 by the <a href=\"http://www.sipsych.org/\">Interamerican Society of Psychology</a> . It is the policy of the journal to publish the current developments of Interamerican psychology under both the theoretical and the applied and professional prospective; doing this, the journal aims to promote communication and cooperation among psychologists from the different Interamerican Countries.</em></strong></p>\n</div>\n<div id=\"history\">\n<p><strong><em> </em></strong></p>\n</div>',NULL),(1,'','themePluginPath','healthSciences','string'),(1,'','emailFooter','The following message is being delivered on behalf of Interamerican Journal of Psychology.\r\n_____________________________________________________________','string'),(1,'en_US','pageFooter','<p style=\"text-align: justify;\"><em><em><strong><span class=\"tlid-translation translation\"><span title=\"\"><img class=\"  wp-image-9 alignleft\" style=\"float: left;\" src=\"/public/site/images/fapolanco/Dora1.png\" alt=\"Dora1\" width=\"80\" height=\"60\"><strong><em>The Interamerican Journal of Psychology is published since 1967 by the <a href=\"http://www.sipsych.org/\" target=\"_blank\" rel=\"noopener\">Interamerican Society of Psychology</a>. </em></strong></span></span></strong></em></em><br><em><em><strong><span class=\"tlid-translation translation\"><span title=\"\"><strong><em>It is the policy of the journal to publish the current developments of Interamerican psychology under both the<br>theoretical and the applied and professional prospectives; doing this, the journal aims to promote communication <br>and cooperation among psychologists from the different Interamerican Countries.</em></strong></span></span></strong></em></em></p>','string'),(1,'es_ES','pageFooter','<p><em><em><strong><span class=\"tlid-translation translation\"><span title=\"\"><img class=\"  wp-image-9 alignleft\" style=\"float: left;\" src=\"/public/site/images/fapolanco/Dora1.png\" alt=\"Dora1\" width=\"80\" height=\"60\"><strong><em>La Revista Interamericana de Psicología se publica desde 1967 por la <a href=\"http://www.sipsych.org/\" target=\"_blank\" rel=\"noopener\">Sociedad Interamericana de Psicología</a>&nbsp;.Sociedad Interamericana de Psicología. <span title=\"\">La política de la revista es publicar los desarrollos actuales de la psicología interamericana tanto desde el punto de vista teórico como el prospectivo y el profesional aplicado. Al hacer esto, la revista pretende promover la comunicación y la cooperación entre los psicólogos de los diferentes países interamericanos.</span></em></strong></span></span></strong></em></em></p>\r\n<p>&nbsp;</p>','string'),(1,'','numWeeksPerResponse','1','int'),(1,'','reviewerCompetingInterestsRequired','0','bool'),(1,'','defaultReviewMode','2','int'),(1,'es_ES','description','<p>La Revista Interamericana de Psicología (RIP) se publica desde 1967 por la Sociedad Interamericana de Psicología (SIP). La política de la revista es publicar los desarrollos actuales de la Psicología Interamericana tanto desde la perspectiva teórica como la aplicada y la profesional; Al hacer esto, la revista pretende promover la comunicación y la cooperación entre los psicólogos de los diferentes países interamericanos.</p>','string'),(1,'es_ES','searchDescription','La política editorial de la Revista Interamericana de Psicología es reflejar los desarrollos que están ocurriendo en el campo de la psicología en el continente americano, desde una perspectiva teórica, práctica y de investigación.','string'),(1,'en_US','customHeaders','Psychology, Interamerican','string'),(1,'es_ES','customHeaders','Psicologia, Interamericana','string'),(1,'','enableAuthorSelfArchive','0','bool'),(1,'es_ES','copyrightNotice','<p>Los autores que publican con esta revista aceptan los siguientes términos:</p>\n<p>Los autores conservan los derechos de autor y otorgan a la revista el derecho de primera publicación, con el trabajo [ESPECIFICAR EL PERÍODO DE TIEMPO] después de la publicación con licencia simultánea bajo una <a href=\"http://creativecommons.org/licenses/by/3.0/\" target=\"_blank\" rel=\"noopener\">Licencia de Atribución de Creative Commons</a> que permite a otros compartir el trabajo con un reconocimiento de la autoría del trabajo y la publicación inicial en este diario.<br />Los autores pueden celebrar acuerdos contractuales adicionales por separado para la distribución no exclusiva de la versión publicada del trabajo de la revista (por ejemplo, publicarlo en un repositorio institucional o publicarlo en un libro), con un reconocimiento de su publicación inicial en este diario<br />Se permite y alienta a los autores a publicar su trabajo en línea (p. Ej., En repositorios institucionales o en su sitio web) antes y durante el proceso de envío, ya que puede generar intercambios productivos, así como una cita anterior y mayor del trabajo publicado (ver <a href=\"http://opcit.eprints.org/oacitation-biblio.html\" target=\"_blank\" rel=\"noopener\">El Efecto del acceso abierto</a>).</p>','string'),(1,'es_ES','readerInformation','<p>Recomendamos a los lectores que se suscriban al servicio de notificación de publicaciones de esta revista. Use el enlace de Registro en la parte superior de la página de inicio de la revista. Este registro dará como resultado que el lector reciba la Tabla de contenido por correo electrónico para cada nuevo número de la revista. Esta lista también le permite a la revista reclamar un cierto nivel de soporte o lectores. Consulte la Declaración de privacidad de la revista, que garantiza a los lectores que su nombre y dirección de correo electrónico no se utilizarán para otros fines.</p>','string'),(1,'es_ES','authorInformation','<p>¿Interesado en someterse a esta revista? Le recomendamos que revise la página Acerca de la revista para conocer las políticas de la sección de la revista, así como las Pautas para el autor. Los autores deben registrarse en la revista antes de enviar o, si ya están registrados, simplemente pueden iniciar sesión y comenzar el proceso de cinco pasos.</p>','string'),(1,'es_ES','librarianInformation','<p>Alentamos a los bibliotecarios de investigación a incluir esta publicación entre las publicaciones de revistas electrónicas de su biblioteca. Además, puede valer la pena señalar que el sistema de publicación de código abierto de esta revista es adecuado para que las bibliotecas alojen a los miembros de su facultad para que lo usen con las revistas en las que participan en la edición (consulte Sistemas de revistas abiertas).</p>','string'),(1,'es_ES','reviewGuidelines','<p><strong>Directrices para la revisión de manuscritos presentados a la Revista Interamericana de Psicologia</strong></p>\n<hr />\n<p>Aunque la mayoría de los autores aprecian recibir los comentarios del revisor, es especialmente importante proporcionar la justificación de los reenvíos o rechazos.</p>\n<p>(1) Originalidad. El manuscrito ofrece una contribución oportuna, nueva y significativa a la psicología interamericana.</p>\n<p>El artículo expande la comprensión teórica, empírica y práctica del tema.</p>\n<p>(2) Investigación [si corresponde]. Si el documento se basa en evidencia empírica, ¿se ajusta la metodología cuantitativa o cualitativa a la (s) pregunta (s) de investigación? ¿Las técnicas de muestreo, la recolección sistemática de datos y el análisis de datos son apropiados para el estudio? ¿Los datos apoyan los hallazgos? ¿Se contextualizan los hallazgos a la luz de la literatura previa?</p>\n<p>(3) Teoría [si corresponde]. Este documento se basa en un examen sistemático y reflexivo de una o más publicaciones de perspectivas teóricas o conceptuales.</p>\n<p>(4) Practicar [si es aplicable]. El manuscrito proporciona información que será útil en la práctica de la psicología por parte de un público objetivo y / o los lectores interdisciplinarios de la revista. El contenido puede incluir, entre otros, estudios de casos, narrativas de supervisión o proyectos de demostración. Se discuten las implicaciones para la práctica de supervisión en entornos clínicos, organizativos y educativos o para investigaciones en el futuro.</p>\n<p>(5) Revisión de la literatura. Los autores revisan críticamente la literatura relevante y demuestran una comprensión del conocimiento actual relacionado con el tema. Los autores se basan en la literatura existente para formular ideas para esta presentación.</p>\n<p>(6) Escritura. ¿Está el manuscrito bien escrito, gramaticalmente correcto, libre de errores ortográficos, cohesivo y lógicamente organizado? ¿Se exponen claramente las conclusiones? ¿Los autores hacen referencia a las fuentes primarias y secundarias de manera apropriada y respeta la estructura de títulos, subtítulos y demás elementos siguiendo corectamente el manual de publicación de APA, en su edición más reciente?</p>\n<p>(7) Hay otros artículos de autores interamericanos, mencionados en mis comentarios adicionales, que son pertinentes y podrían citarse en este manuscrito.</p>','string'),(1,'es_ES','authorGuidelines','<p><strong>Categorías de los Manuscritos</strong></p>\n<p><span style=\"font-weight: 400;\">Los manuscritos aceptados se dividen en cuatro categorías: (a) Artículos. que pueden incluir informes de investigación de datos cualitativos o cuantitativos, desarrollos teóricos, revisiones e investigaciones sociobibliométricas integrativas y críticas, contribuciones metodológicas e historiográficas; (b) Evaluación de programas/Informe breve (no más de 10 páginas que incluyen referencias, tablas y diagramas) que pueden incluir experiencias profesionales innovadoras, cuestiones de políticas, capacitación o datos de estudios preliminares o piloto; (c) Reseñas de libros. Deben considerar los méritos del libro y sus contribuciones a la psicología en las Américas, los mismos no deben tener una antigüedad mayor a 3 años; (d) La psicología interamericana. Incluirán entrevistas, informes, protocolos y manuscritos de interés para el quehacer académicos, profesional y científico de la psicología interamericana.</span></p>\n<p><span style=\"font-weight: 400;\">Los artículos para estudiantes seguirán los mismos criterios que los artículos regulares, con la excepción de que el editor y el comité editorial ayudarán a los estudiantes a través del proceso. La RIP/IJP procesa los artículos del Premio de Investigación Estudiantil del SIP (tanto a nivel de pregrado como de posgrado) y las presentaciones de los ganadores del Premio Interamericano, que no se hayan publicado en las Actas del Congreso.</span></p>\n<p><span style=\"font-weight: 400;\">También publicará Secciones Especiales. Las pautas para estos deben ser solicitadas al Editor.</span></p>\n<p><strong>Proceso Editorial y Toma de Decisiones</strong></p>\n<p><span style=\"font-weight: 400;\">Los manuscritos recibidos, no pueden haberse enviado o enviarse a ninguna otra publicación profesional o académica simultáneamente con la RIP/IJP.</span></p>\n<p><span style=\"font-weight: 400;\">No deben haber sido publicados parcialmente o en su totalidad en ninguna otra publicación. Los mismos pasarán por un proceso de revisión de plagio a través de la plataforma de Google Assignment.</span></p>\n<p><span style=\"font-weight: 400;\">Debido a las políticas editoriales y los estándares de la publicación científica exigidos en la comunidad académica, la RIP/IJP posee espacio para publicar entre un 10% a un 20% de los manuscritos recibidos. Por ello, cada manuscrito pasa por un riguroso análisis de calidad por parte del comité editor, el cual evalúa que se hayan cumplido las diferentes exigencias éticas, estilísticas y científicas de un manuscrito de calidad y en base a los intereses de la publicación de la revista. A partir de dicha evaluación, el manuscrito podrá ser rechazado o aceptado para el proceso de revisión.</span></p>\n<p><span style=\"font-weight: 400;\">Debido a la exigencia de la revisión doble ciego, es que los autores deben hacer todo lo posible para eliminar pistas o sugerencias del manuscrito que puedan identificarlos, es decir que los datos de los autores y sus instituciones deben estar cargados sólo en el formulario del OJS, mientras que el manuscrito deberá poseer los elementos señalados más abajo en el Estilo Editorial.</span></p>\n<p><span style=\"font-weight: 400;\">Los revisores y equipo editorial, harán sugerencias sobre la publicación al Editor, quien será responsable de las decisiones finales con respecto a la publicación o rechazo y lo comunicará a los/as autores/as, con cualquier cambio que deba realizarse, si corresponde.</span></p>\n<p><strong>Estilo Editorial</strong></p>\n<p><span style=\"font-weight: 400;\">La RIP/IJP seguirá estrictamente las pautas del último Manual de publicación de la Asociación Estadounidense de Psicología. (Descargar <a href=\"https://docs.google.com/uc?export=download&amp;id=1MSom6l3B1XN3aM9Rrv8k5mocoPsryWz6\" target=\"_blank\" rel=\"noopener\">Modelo</a>)</span></p>\n<ol>\n<li><span style=\"font-weight: 400;\"> El manuscrito original no deberá superar las 20 páginas (A4 margen 2.5 en todos los lados) con un espaciado de 1.5 e incluyendo referencias (con DOI o URL, siempre que estuviere disponible), tablas y figuras [siempre con su llamado correspondiente en el texto, por ejemplo (Ver Figura 1) o (Ver Tabla 1)]. La superación de este límite sólo será posible, cuando el contenido del manuscrito lo requiera y esté debidamente justificado por el autor a través de la apertura de un comentario en el sistema de gestión editorial de la revista.</span></li>\n<li><span style=\"font-weight: 400;\"> El manuscrito sometido, debe comenzar incluyendo el título, el resumen (máximo de 200 palabras) y las palabras claves en inglés; y un título, resumen y palabras clave, en uno de los demás idiomas oficiales de SIP (español, portugués o francés).</span></li>\n<li><span style=\"font-weight: 400;\"> La información de los/as autores/as, instituciones y demás, no debe aparecer en ninguna parte del manuscrito sometido. Asegúrese de que la información de los autores y sus contactos, sean cargados correctamente en los formularios de envío, incluyendo ORCID.</span></li>\n<li><span style=\"font-weight: 400;\"> El título debe ser explicativo de la investigación llevada adelante, a la vez que, debe ser atractivo y llamar la atención de los lectores y especialistas del área del cual proviene.</span></li>\n<li><span style=\"font-weight: 400;\"> No se recomienda el uso de notas a pie de página.</span></li>\n<li><span style=\"font-weight: 400;\"> Todas las fuentes citadas en el manuscrito deben incluirse en la lista de referencias y viceversa.</span></li>\n<li><span style=\"font-weight: 400;\"> El formulario de envío debe enviarse cargando la información en los cuatro idiomas, donde nombres e instituciones (institución, ciudad, país) deben repetirse en los cuatro idiomas respetando su denominación de origen (Por ejemplo: Universidad Nacional de Córdoba, Harvard University, Universidade de São Paulo), es decir no debe traducir ni nombres propios ni institucionales a otro idioma. En cuanto a lo que respecta a los títulos, resúmenes y palabras clave, deberán completarse en inglés todos los campos, exceptuando el otro idioma elegido (de los oficiales de la SIP: español, portugués o francés) el cual deberá cargarse en ese idioma.</span></li>\n<li><span style=\"font-weight: 400;\"> El formulario de envío deberá completarse íntegramente, incluyendo en su caso la indicación de conflictos o no de interés, así como la carga de las referencias bibliográficas de los artículos y otros campos requeridos. Los mismos forman parte de los metadatos y son de vital importancia para la divulgación correcta de la información publicada en la RIP/IJP, y son el vehículo principal de identificaciones de los autores y las instituciones financieras. Así como también, se encuentra en el mismo, la declaración de principios éticos, estilísticos y metodológicos de los autores, los cuales son necesarios cumplimentar para asegurar una publicación de alto valor científico y humano.</span></li>\n</ol>\n<p><strong>Estilo de Escritura</strong></p>\n<p><span style=\"font-weight: 400;\">La RIP/IJP fomenta el uso de lenguaje inclusivo con respecto al género, etnia, edad, origen nacional, orientación sexual, discapacidad y otras características sociodemográficas. El Editor sugiere el uso del término \"participantes\" en lugar de \"sujetos\". Se deben describir los procedimientos utilizados para obtener el consentimiento informado de los participantes. Sus características sociodemográficas deben presentarse lo más explícitamente posible. Los términos regionales y técnicos deben ser evitados.</span></p>\n<p><strong>Principios éticos</strong></p>\n<p><span style=\"font-weight: 400;\">En los procedimientos, datos y otros elementos necesarios para la realización del manuscrito presentado, los/as autores/as deberán declarar (explícitamente en el manuscrito) haberse regido por las normas éticas generales y específicas consensuadas en los países en los que se desarrollaron la actividad científica, académica y profesional. Así como, por lo establecido en la Declaración Universal de Principios Éticos para Psicólogas y Psicólogos (<a href=\"https://archive.org/details/iaap-iupsys-declaracion-universal-de-principios-eticos-para-psicologas-y-psicologos\" target=\"_blank\" rel=\"noopener\">IAAP &amp; IUPsyS, 2008</a>), las Pautas Éticas Internacionales para la Investigación Biomédica en seres humanos (<a href=\"https://cioms.ch/wp-content/uploads/2017/12/CIOMS-EthicalGuideline_SP_INTERIOR-FINAL.pdf\" target=\"_blank\" rel=\"noopener\">CIOMS, OMS &amp; OPS, 2016</a>) y las declaraciones de la SIP vigentes al respecto del accionar ético al momento del envío (SIP, <a href=\"https://archive.org/details/sip-1978-declaracion-sobre-practica-psicologica-y-ddhh/page/n1/mode/2up\" target=\"_blank\" rel=\"noopener\">1978</a>, <a href=\"https://archive.org/details/sip-2008a-declaracion-sobre-terapias-de-conversion\" target=\"_blank\" rel=\"noopener\">2008a</a>, <a href=\"https://archive.org/details/sip-2008b-declaracion-sobre-principios-eticos\" target=\"_blank\" rel=\"noopener\">2008b</a>, <a href=\"https://archive.org/details/sip-2014-declaracion-sobre-ninos-migrantes-en-centro-america\" target=\"_blank\" rel=\"noopener\">2014</a>, <a href=\"https://archive.org/details/sip-2016-declaracion-apoyo-a-acuerdos-de-paz-en-colombia\" target=\"_blank\" rel=\"noopener\">2016</a>, <a href=\"https://archive.org/details/sip-2018-position-statement-on-immigration\" target=\"_blank\" rel=\"noopener\">2018</a>, <a href=\"https://archive.org/details/sip-2019-declaracion-experticia-en-salud-mental\" target=\"_blank\" rel=\"noopener\">2019</a>).</span></p>\n<p><span style=\"font-weight: 400;\">En los casos que los principios éticos lo obliguen, en cualquiera de las instancias arriba mencionadas (locales, nacionales o internacionales); los/as autores/as, serán responsables de adjuntar en el envío a la RIP/IJP, la certificación o aval del comité ético del órgano pertinente sobre procedimientos descritos en el manuscrito.</span></p>\n<p><span style=\"font-weight: 400;\">Finalmente, los autores, están obligados a declarar explícitamente en el manuscrito cualquier conflicto de interés o la no existencia de los mismos.</span></p>\n<p><span style=\"font-weight: 400;\">La RIP/IJP cuenta con un protocolo de denuncia de mala conducta, que en caso de comprobarse el manuscrito podrá ser retirado de cualquier etapa en la que éste se encuentre, es decir, incluso artículos ya publicados.</span></p>','string'),(1,'es_ES','submissionChecklist','[{\"order\":8,\"content\":\"El archivo de envío está en formato en OpenOffice, Microsoft Word, RTF o WordPerfect.\"},{\"order\":15,\"content\":\"En los casos en que se dispone de ellos, se han facilitado los URL y los DOI de las referencias.\"},{\"order\":16,\"content\":\"El texto está espaciado 1.5; utiliza una fuente de 12 puntos; emplea cursiva, en lugar de subrayar (excepto con direcciones URL); y todas las figuras y tablas se colocan dentro del texto en los puntos apropiados con su correspondiente llamado en el texto, en lugar de al final.\"},{\"order\":17,\"content\":\"El texto se adhiere a los requisitos estilísticos y bibliográficos descritos en las <a href=\\\"\\/index.php\\/IJP\\/about\\/submissions#authorGuidelines\\\" target=\\\"_new\\\"> Pautas para el autor <\\/a>, que se encuentra en Acerca de la revista, adaptandose al modelo sugerido.\"},{\"order\":13,\"content\":\"El manuscrito no se ha publicado previamente, ni fue considerada antes por otra revista (o se ha proporcionado una explicación en Comentarios al editor).\"},{\"order\":18,\"content\":\"Fue quitada toda la información personal del archivo enviado (metadatos), así como del texto que este contiene. Asegurando la revisión doble ciego.\"},{\"order\":19,\"content\":\"Fueron declarados explícitamente los principios éticos requeridos según las <a href=\\\"\\/index.php\\/IJP\\/about\\/submissions#authorGuidelines\\\" target=\\\"_new\\\"> Pautas para el autor <\\/a>, que se encuentra en Acerca de la revista. En los casos que fuere necesario, se adjunta el certificado del comité ético.\"}]','object'),(1,'es_ES','privacyStatement','<p>Los nombres y direcciones de correo electrónico ingresados en este sitio de la revista se utilizarán exclusivamente para los fines indicados en esta revista y no estarán disponibles para ningún otro propósito ni para ninguna otra parte.</p>','string'),(1,'','enableOai','1','bool'),(1,'pt_BR','privacyStatement','<p>Os nomes e endereços informados nesta revista serão usados exclusivamente para os serviços prestados por esta publicação, não sendo disponibilizados para outras finalidades ou a terceiros.</p>','string'),(1,'pt_BR','openAccessPolicy','Esta revista oferece acesso livre imediato ao seu conteúdo, seguindo o princípio de que disponibilizar gratuitamente o conhecimento científico ao público proporciona maior democratização mundial do conhecimento.','string'),(1,'pt_BR','copyeditInstructions','A edição de texto procura aperfeiçoar a leitura, clareza, gramática, vocabulário e formatação do documento. Representa a última chance para o autor realizar alterações substanciais ao texto, sendo que no próximo passo as correções são restritas a erros de digitação e formatação.\n\nO documento a ser editado está no formato .doc, .odt ou .rtf, permitindo edição rápida por um processador de texto. As diretrizes descritas aqui apresentam duas propostas para a edição. A primeira é baseada nas ferramentas de controle de alterações do Microsoft Word e requer que todos os envolvidos no processo possuam o aplicativo. A segunda, independente de ferramenta, foi apropriada com autorização da Harvard Educational Review. O editor tem poderes para modificar estas diretrizes, sugerindo melhorias no processo editorial da revista.\n<h4>Copyediting Systems</h4>\n\n<strong>1. Controle de Alterações do Microsoft Word</strong>\n\nNo menu Ferramentas, a opção Controle de alterações permite ao editor de texto realizar inserções (o texto aparece em cores) ou remoções (o texto aparece tachado em cores ou nas margens como removido) no conteúdo. O editor de texto pode incluir comentários para o autor e o editor através do ícone de comentários na barra de ferramentas. A versão editada pode então ser enviada e o editor é notificado via e-mail. O editor revisa as alterações no texto e notifica o autor.\n\nO editor e o autor devem manter as alterações com as quais concordem. No caso de necessidade de mais alterações, ambos podem alterar as modificações do editor de texto, além de incluir outras. Ambos devem responder aos comentários enviados, com respostas colchetes.\n\nApós a revisão do texto por parte do editor e do autor, o editor de texto deverá realizar uma última revisão, aceitando as alterações para proceder à fase de Layout e Composição para publicação.\n<strong>2. Harvard Educational Review </strong>\n\n<strong>Instruções para Fazer Revisões Eletrônicas em Manuscritos</strong>\n\nSiga o seguinte protocolo para fazer revisões eletrônicas em seu manuscrito:\n\n<strong>Respostas a sugestões de alteração</strong>\n&nbsp; Para cada sugestão aceita, remova o negrito do texto.\n&nbsp; Para cada sugestão rejeitada, insira o texto original novamente e aplique <strong>negrito</strong>.\n\n<strong>Realizando Inserções e Remoções</strong>\n&nbsp; Indique inserções novas em <strong>negrito</strong>.\n&nbsp; Substitua seções removidas por: <strong>[texto removido]</strong>.\n&nbsp; Caso remova uma frase ou mais, indique com um aviso (ex.: <strong>[removidas 2 frases]</strong>).\n\n<strong>Respondendo a dúvidas para o autor (DAs)</strong>\n&nbsp; Mantenha todas as DAs intactas e em negrito dentro do texto. Não as remova.\n&nbsp; Para responder a uma DA, insira um comentário após a dúvida. Delimite comentários da seguinte forma:\n<strong>[Comentário: ]</strong>\n&nbsp; Ex.: <strong>[Comentário: Maior desenvolvimento da discussão da metodologia, como sugerido]</strong>\n\n<strong>Incluindo Comentários</strong>\n&nbsp; Use comentários para explicar alterações organizacionais ou revisões mais importantes\n&nbsp; Ex.: <strong>[Comentário: Parágrafo acima movido da p. 5 para a p. 7]</strong>\n&nbsp; Aviso: Ao se referir a numeração de páginas, use a numeração da cópia impressa enviada, pois a numeração pode ser alterada nas revisões eletrônicas.\n\n<h4>Exemplificando uma avaliação eletrônica</h4>\n\n<ol>\n<li><strong>Edição de texto inicial.</strong> O editor de texto alterará o conteúdo para melhorar o fluxo, clareza, gramática, vocabulário e formatação, bem como incluir dúvidas para o autor quando necessário. Uma vez concluída, o editor de texto enviará sua versão revisada por meio do sistema e notificará o autor da disponibilidade de acesso ao documento para sua revisão.</li>\n<li><strong>Edição de texto do autor.</strong> Antes de realizar alterações dramáticas na estrutura e organização do documento editado, os autores devem se comunicar com os editores responsáveis pela submissão. Os autores devem acatar/rejeitar quaisquer alterações realizadas durante a edição de texto inicial, onde considerarem apropriado. Uma vez concluída a revisão, o autor deve renomear o arquivo seguindo o padrão, alterando o nome de NomedoAutorDA.doc para NomedoAutorDAR.doc (de LeeDA.doc para LeeDAR.doc, por exemplo) e enviar sua versão revisada por meio do formulário disponível no sistema, conforme orientações recebidas.</li>\n<li><strong>Edição de texto final.</strong> O editor de texto verificará as alterções realizadas pelo autor, e incorporará as respostas do autor para produzir o documento final. Após concluir, o editor de texto enviará sua versão final por meio do sistema e notificará o editor de layout para produção da versão para publicação.</li>\n</ol>','string'),(1,'pt_BR','proofInstructions','<p>O processo de leitura de provas tem por objetivo corrigir erros de ortografia, gramática e formatação na composição. Alterações mais importantes não podem ser realizadas nesta etapa sem o consentimento do editor responsável pela submissão. No seção Layout, clique em Visualizar prova para ver a composição em HTML, PDF ou outro formato disponível.</p>\n<h4>Erros de ortografia e gramática</h4>\n\n<p>Copie a palavra com problemas ou o conjunto de palavras e cole no campo de Alterações da prova com as instruções de \"ALTERE-PARA\" conforme as instruções a seguir.</p>\n\n        <pre>1. ALTERE\n        a peusqisa envolve\n        PARA\n        a pesquisa envolve</pre>\n        <br />\n        <pre>2. ALTERE\n        Malinowsky\n        PARA\n        Malinowski </pre>\n        <br />\n\n        <h4>Erros de Formatação</h4>\n\n        <p>Descreva o local e a natureza do problema na caixa Alterações da Prova, após digitar no título \"FORMATAÇÃO\" conforme as instruções a seguir...</p>\n        <br />\n        <pre>3. FORMATAÇÃO\n        Os números na Tabela 3 não estão alinhadas na 3ª coluna.</pre>\n        <br />\n        <pre>4. FORMATAÇÃO\n        O parágrafo iniciado em \"Este último elemento...\" não está recuado.</pre>','string'),(1,'pt_BR','refLinkInstructions','<h4>Incluindo referências ativas no processo de layout</h4>\n	<p>Ao transformar a submissão para HTML ou PDF, assegure-se de que todos os hiperlinks estão ativos.</p>\n	<h4>A. Quando o autor informa o link para a referência</h4>\n	<ol>\n	<li>Enquanto a submissão ainda está em um formato de edição de texto original (ex.: Word), inclua a frase VISUALIZAR ITEM no final da referência que possui uma URL.</li>\n	<li>Transforme a frase em um hiperlink selecionando-a e utilizando a ferramenta do Word Inserir Hiperlink informando a URL criada no passo #2 no campo respectivo.</li>\n	</ol>\n	<h4>B. Permitindo aos leitores pesquisar referências no Google Acadêmico</h4>\n	<ol>\n	<li>Enquanto a submissão ainda está em formato para edição de texto (Word, por exemplo), copie o título do trabalho referenciado na lista de referências (caso pareça ser um título muito comum – por exemplo \"Paz\" – copie o autor e o título).</li>\n	<li>Cole o texto selecionado entre as marcações de espaço %22, incluindo o sinal + entre cada palavra: http://scholar.google.com/scholar?q=%22PASTE+TITLE+HERE%22&hl=en&lr=&btnG=Search</li>\n	<li>Inclua a frase GS SEARCH no final de cada citação na lista de referências da submissão.</li>\n	<li>Transforme a frase em um hiperlink selecionando-a e utilizando a ferramenta do Word Inserir Hiperlink informando a URL criada no passo #2 no campo respectivo.</li>\n	</ol>\n	<h4>C. Permitindo aos Leitores buscas por referências que possuem DOI</h4>\n	<ol>\n	<li>Enquanto a submissão ainda está em um formato de edição de texto original (ex.: Word), copie um grupo de referências na ferramenta CrossRef Text Query (http://www.crossref.org/freeTextQuery/)</li>\n	<li>Cole cada DOI que a ferramenta Query retorna na seguinte URL (entre os sinais = e &): http://www.cmaj.ca/cgi/external_ref?access_num=COLE O DOI#AQUI&link_type=DOI</li>\n	<li>Inclua a frase CrossRef no final de cada citação na lista de referências da submissão.</li>\n	<li>Transforme a frase em um hiperlink selecionando-a e utilizando a ferramenta do Word Inserir Hiperlink informando a URL criada no passo #2 no campo respectivo.</li>\n	</ol>','string'),(1,'pt_BR','readerInformation','Convidamos os leitores a se cadastrarem no serviço de notificação de publicação da revista. Clique em <a href=\"https://journal.sipsych.org/index.php/IJP/user/register\">Cadastro</a> no menu superior da página. O cadastro permitirá ao leitor receber o sumário via e-mail a cada nova edição. A lista procura também reivindicar um nível básico de apoio ou de leitura da revista. Leia a <a href=\"https://journal.sipsych.org/index.php/IJP/about/submissions#privacyStatement\">Política de privacidade</a>, que assegura aos leitores que seus nomes e endereços informados não serão utilizados para outros fins.','string'),(1,'pt_BR','authorInformation','Deseja enviar contribuições à revista? Convidamos todos a conferir a seção <a href=\"https://journal.sipsych.org/index.php/IJP/about\">Sobre a revista</a> e ler as políticas das seções disponíveis, bem como as <a href=\"https://journal.sipsych.org/index.php/IJP/about/submissions#authorGuidelines\">Diretrizes para autores</a>. É necessário que os autores se <a href=\"https://journal.sipsych.org/index.php/IJP/user/register\">cadastrem</a> no sistema  antes de submeter um artigo; caso já tenha se cadastrado basta <a href=\"https://journal.sipsych.org/index.php/IJP/login\">acessar</a> o sistema e iniciar o processo de 5 passos de submissão.','string'),(1,'pt_BR','librarianInformation','Convidamos as bibliotecas a listar revistas de Acesso Livre em seus catálogos de revistas eletrônicas. Este sistema de publicação é desenvolvido também para ser hospedado e operado por bibliotecas, em apoio ao trabalho de publicação das revistas do seu corpo acadêmico (saiba mais acessando a página oficial do <a href=\"http://pkp.sfu.ca/ojs\">Open Journal Systems</a>).','string'),(1,'pt_BR','lockssLicense','Esta revista utiliza o sistema LOCKSS para criar um sistema de arquivo distribuído entre as bibliotecas participantes e permite às mesmas criar arquivos permanentes da revista para a preservação e restauração. <a href=\"http://www.lockss.org/\">Saiba mais...</a>','string'),(1,'pt_BR','clockssLicense','Esta revista utiliza o sistema CLOCKSS para criar um sistema de arquivos distribuídos entre bibliotecas participantes e permite que tais bibliotecas mantenham cópias permanentes da revista para propósitos de preservação e recuperação. <a href=\"http://clockss.org/\">Saiba mais...</a>','string'),(1,'fr_FR','privacyStatement','<p>Les noms et courriels saisis dans le site de cette revue seront utilisés exclusivement aux fins indiquées par cette revue et ne serviront à aucune autre fin, ni à toute autre partie.</p>','string'),(1,'fr_FR','openAccessPolicy','Cette revue fournit l\'accès libre immédiat à son contenu se basant sur le principe que rendre la recherche disponible au public gratuitement facilite un plus grand échange du savoir, à l\'échelle de la planète.','string'),(1,'fr_FR','copyeditInstructions','<p>L\'étape de la révision de texte vise à améliorer le débit, la clarté, la grammaire, la formulation, et le formatage de l\'article. Elle représente la dernière occasion pour l\'auteur d\'apporter des modifications substantielles au texte, la prochaine étape étant limitée aux corrections d\'erreurs typographiques et de formatage. </p>\n\n<p>Le fichier à réviser est en format Word ou .rtf et peut donc être facilement révisé comme un document de traitement de texte. Les instructions affichées ici proposent deux approches pour la révision de texte. L\'une est basée sur la fonctionnalité Suivi des modifications de Microsoft Word et exige que le réviseur, le rédacteur et l\'auteur aient accès à ce programme. L\'autre système, un logiciel indépendant, a été emprunté, avec leur autorisation, au Harvard Educational Review. Le rédacteur de la revue peut modifier ces instructions, afin que des suggestions puissent être faites pour améliorer le processus pour cette revue. </p>\n\n<h4>Systèmes de révision de texte</h4>\n\n<p><strong>1. Suivi des modifications de Microsoft Word</strong></p>\n\n<p>Sous Outils dans la barre de menu, la fonction Suivi des modifications permet au réviseur de faire des insertions (le texte apparaît en couleur) et des suppressions (le texte apparaît en couleur et barré ou dans la marge comme supprimé). Le réviseur peut diffuser tant des requêtes à l\'auteur (Requêtes à l\'auteur) qu\'au rédacteur (Requêtes au rédacteur) en insérant ces requêtes entre crochets. La version révisée du fichier est alors téléchargée et le rédacteur reçoit un avis. Le rédacteur révise alors le texte et en avise l\'auteur. </p>\n\n<p>Le rédacteur et l\'auteur doivent laisser les modifications dont ils sont satisfaits. Si d\'autres modifications sont nécessaires, le rédacteur et l\'auteur peuvent modifier les insertions ou les suppressions initiales, et aussi faire de nouvelles insertions ou suppressions ailleurs dans le texte. Les auteurs et les rédacteurs doivent répondre à chacune des requêtes qui leur sont adressées, les réponses étant placées entre crochets. </p>\n\n<p>Après que le texte ait été évalué par le rédacteur et l\'auteur, le réviseur revoit une dernière fois le texte et accepte les modifications en préparation de l\'étape de mise en page et de correction d\'épreuves. </p>\n\n\n<p><strong>2. Harvard Educational Review</strong></p>\n\n<p><strong>Instructions pour effectuer des révisions numériques au manuscrit:</strong>\n\nVeuillez suivre le protocole suivant pour faire les révisions numériques de votre manuscrit :</p>\n\n<p><strong>Répondre aux modifications suggérées :</strong>\n<br />Pour chaque modification suggérée que vous acceptez, retirez le gras du texte\n<br />Pour chaque modification suggérée que vous refusez, remettez le texte original et mettez-le en <strong>gras</strong></p>\n\n<p><strong>Insertions et suppressions : </strong>\n<br />Indiquez les insertions en <strong>mettant en gras</strong> le nouveau texte\n<br />Remplacez les sections supprimées par: <strong>[texte supprimé]</strong>\n<br />Si vous supprimez une phrase ou plus, veuillez l\'indiquer dans une note, par ex., <strong>[supprimé 2 phrases]</strong></p>\n\n<p><strong>Répondre aux requêtes à l\'auteur (QetR) :</strong>\n<br /> Gardez toutes les Q et R intactes et en gras dans le texte. Ne les supprimez pas.\n<br /> Pour répondre à une QetR, ajoutez un commentaire à la suite. Les commentaires doivent être délimités par:\n<strong>[Commentaire :</strong>]\n<br />par ex., <strong>[Commentaire : Discussion élargie de la méthodologie telle que vous l\'avez suggéré]</strong></p>\n\n<p><strong>Effectuer des commentaires : </strong>\n<br /> Utilisez les commentaires pour expliquer les modifications organisationnelles ou les révisions majeures.\n<br /> par ex., <strong>[Commentaire : Ai déplacé le paragraphe ci-dessus de la p. 5 à la p. 7]</strong>\n<br /> Note : Lors du renvoi à des numéros de page, veuillez utiliser les numéros de page de la copie imprimée du manuscrit qui vous a été envoyée. C\'est important car les numéros de page peuvent changer lorsqu\'un document est révisé numériquement.</p>\n\n<h4>Illustration d\'une révision numérique</h4>\n\n<p><strong>Fichier « manuscrit » original :</strong>\nAvant d\'apporter des changements importants à la structure ou à l\'organisation de votre manuscrit original, veuillez communiquer avec les co-rapporteurs de votre texte. Lorsque vous avez terminé vos révisions, changez le nom du fichier de AuthorNameQA.doc à AuthorNameQAR.doc (par ex., de GagnonQA.doc à GagnonQAR.doc).Imprimez une copie papier de votre manuscrit et postez-la avec une version numérique contenant le fichier de traitement de texte complètement révisé et renommé.</p>\n\n\n<p><strong>Manuscrit retourné à l\'auteur avec requêtes et suggestions :</strong>\n\nAvant d\'apporter des changements importants à la structure ou à l\'organisation <strong>du manuscrit que nous vous retournons</strong>, veuillez communiquer avec les <strong>rédacteurs qui évaluent</strong> votre texte. Lorsque vos modifications sont terminées, changez le nom du fichier de AuthorNameQA.doc à AuthorNameQAR.doc (par ex., de GagnonQA.doc à GagnonQAR.doc). <br /> Imprimez une copie papier de votre manuscrit et postez-la avec une disquette contenant le fichier de traitement de texte complètement révisé et renommé. </p>\n\n<p><strong>Manuscrit révisé retourné à HER</strong></p>\n\n<p>Avant d\'apporter des changements importants à la structure et à l\'organisation du manuscrit que nous vous retournons, veuillez communiquer avec les <strong>rédacteurs qui révisent</strong> votre article. Sinon, le processus de publication pourrait être considérablement ralenti.</strong></p>\n\n<p>Lorsque que vos révisions sont terminées, changez le nom du fichier de AuthorNameQA.doc à AuthorNameQAR.doc (par ex., de GagnonQA.doc à GagnonQAR.doc). Imprimez une copie papier de votre manuscrit et postez-la avec une disquette contenant le fichier de traitement de texte <strong>[mot supprimé]</strong> révisé et renommé. <br /> <strong>[Commentaire : J\'ai ajouté une phrase en réponse à votre suggestion.]</strong></p>\n\n<ol><strong>Notes :</strong>\n<li>La suppression du gras dans le texte indique que vous acceptez les modifications suggérées à la première phrase.</li>\n<li>Phrase ajoutée en réponse à QetR. Le texte en gras indique un ajout de nouveau texte</li>\n<li>[mot supprimé] indique la suppression de \"entièrement\"</li>\n<li>Le commentaire contient une réponse aux QetR aux rédacteurs</li></ol>','string'),(1,'fr_FR','proofInstructions','<p>L\'étape de correction d\'épreuves vise à corriger toute erreur dans le formatage, la grammaire et l\'orthographe de l\'épreuve. Des modifications plus substantielles ne peuvent être effectuées à cette étape, à moins que cela ne soit discuté avec le Responsable de rubrique. Dans Mise en page, cliquez sur AFFICHER L\'ÉPREUVE pour voir le HTML, le PDF et les autres formats de fichiers disponibles utilisés dans la publication de cet article.</p>\n<h4>Pour les erreurs de grammaire et d\'orthographe</h4>\n\n<p>Copiez le mot ou les groupes de mots problématiques et les coller dans la boîte Corrections d\'épreuves avec les instructions au rédacteur « MODIFIER POUR » comme suit...</p>\n\n<pre>1. MODIFIER...\nthen the others\nPOUR...\nthan the others</pre>\n<br />\n<pre>2. MODIFIER...\nMalinowsky\nPOUR...\nMalinowski</pre>\n<br />\n\n<h4>Pour les erreurs de formatage</h4>\n\n<p>Décrire l\'emplacement et la nature du problème dans la boîte Corrections d\'épreuves après avoir saisi le titre « FORMATAGE » comme suit...</p>\n<br />\n<pre>3. FORMATAGE\nLes chiffres dans le Tableau 3 ne sont pas alignés dans la troisième colonne.</pre>\n<br />\n<pre>4. FORMATAGE\nLe paragraphe qui commence par « Ce dernier sujet... » n\'est pas en retrait.</pre>','string'),(1,'fr_FR','refLinkInstructions','<h4>Pour ajouter des liens de références au processus de mise en page</h4>\n	<p>Quand vous convertissez une soumission en format HTML ou PDF, assurez-vous que tous les hyperliens dans les soumissions sont actifs.</p>\n	<h4>A. Quand l\'auteur fournit un lien avec la référence</h4>\n	<ol>\n	<li>Quand la soumission est encore dans son format de traitement de texte (par ex., Word), ajouter le groupe de mots AFFICHER L\'ÉLÉMENT à la fin de la référence possédant un URL.</li>\n	<li>Convertir cette phrase en hyperlien en la surlignant et en utilisant l\'outil d\'insertion d\'hyperliens de Word et l\'URL préparé au #2.</li>\n	</ol>\n	<h4>B. Permettre aux lecteurs d\'utiliser Google Scholar pour les références</h4>\n	<ol>\n	<li>Quand la soumission est encore dans son format de traitement de texte (par ex., Word), copier le titre de l\'ouvrage concerné dans la liste de références (si le titre semble être trop commun – par ex., « Paix » - copier alors l\'auteur et le titre).</li>\n    <li>Coller le titre de la référence entre les %22, en plaçant un + entre chaque mot : http://scholar.google.com/scholar?q=%22COLLER+LE+TITRE+ICI%22&hl=en&lr=&btnG=Search</li>\n	<li>Ajouter le groupe de mots RECHERCHE GS à la fin de chaque citation dans la liste des références de la soumission.</li>\n	<li>Convertir ce groupe de mots en un hyperlien en le surlignant et en utilisant l\'outil d\'insertion d\'hyperliens de Word et l\'URL préparé au #2.</li>\n	</ol>\n	<h4>C. Permettre aux lecteurs de chercher des références avec un DOI</h4>\n	<ol>\n	<li>Quand la soumission est encore en format Word, copier un ensemble de références dans la requête textuelle de référence croisée http://www.crossref.org/freeTextQuery/</li>\n	<li>Copier chaque DOI que la requête fournie dans l\'URL suivant (entre = et &) : http://www.cmaj.ca/cgi/external_ref?access_num=COLLER LE DOI#ICI&link_type=DOI</li>\n	<li>Ajouter le groupe de mots Référence croisée à la fin de chaque citation dans la liste de références de la soumission.</li>\n	<li>Convertir ce groupe de mots en un hyperlien en le surlignant et en utilisant l\'outil d\'insertion d\'hyperliens de Word et l\'URL préparé au #2.</li>\n	</ol>','string'),(1,'fr_FR','readerInformation','Nous invitons les lecteurs à s\'inscrire pour recevoir les avis de publication de cette revue. Utiliser le lien <a href=\"https://journal.sipsych.org/index.php/IJP/user/register\">S\'inscrire</a> en haut de la page d\'accueil de la revue. Cette inscription permettra au lecteur de recevoir par courriel la table des matières de chaque nouveau numéro de la revue. Cette liste permet aussi à la revue de revendiquer un certain niveau de soutien ou de lectorat. Voir la <a href=\"https://journal.sipsych.org/index.php/IJP/about/submissions#privacyStatement\">Déclaration de confidentialité</a> de la revue qui certifie aux lecteurs que leur nom et leur courriel ne seront pas utilisés à d\'autres fins.','string'),(1,'fr_FR','authorInformation','Intéressé à soumettre à cette revue? Nous vous recommandons de consulter les politiques de rubrique de la revue à la page <a href=\"https://journal.sipsych.org/index.php/IJP/about\">À propos de la revue</a> ainsi que les <a href=\"https://journal.sipsych.org/index.php/IJP/about/submissions#authorGuidelines\">Directives aux auteurs</a>. Les auteurs doivent <a href=\"https://journal.sipsych.org/index.php/IJP/user/register\">S\'inscrire</a> auprès de la revue avant de présenter une soumission, ou s\'ils sont déjà inscrits, simplement <a href=\"https://journal.sipsych.org/index.php/IJP/login\">ouvrir une session</a> et accéder au tableau de bord pour commencer les 5 étapes du processus','string'),(1,'fr_FR','librarianInformation','Nous incitons les bibliothécaires à lister cette revue dans leur fonds de revues numériques. Aussi, il peut être pertinent de mentionner que ce système de publication en accès libre est conçu pour être hébergé par les bibliothèques de recherche pour que les membres de leurs facultés l\'utilisent avec les revues dans lesquelles ils sont impliqués (voir <a href=\"http://pkp.sfu.ca/ojs\">Open Journal Systems</a>).','string'),(1,'fr_FR','lockssLicense','Cette revue utilise le système LOCKSS pour créer un système de distribution des archives parmi les bibliothèques participantes et afin de permettre à ces bibliothèques de créer des archives permanentes pour fins de préservation et de restauration. <a href=\"http://lockss.org/\">En savoir plus...</a>','string'),(1,'fr_FR','clockssLicense','Cette revue utilise le système CLOCKSS pour créer un système d\'archivage distribué parmi les bibliothèques participantes et permet à ces bibliothèques de créer des archives permanentes de la revue à des fins de conservation et de reconstitution. <a href=\"http://clockss.org/\"> Plus ... </a>','string'),(1,'','addThisDisplayStyle','large_toolbox','string'),(1,'','addThisProfileId','','string'),(1,'','addThisUsername','fapolanco','string'),(1,'','addThisPassword','C@ball01','string'),(1,'es_ES','name','Revista Interamericana de Psicología/Interamerican Journal of Psychology','string'),(1,'pt_BR','name','Revista Interamericana de Psicología/Interamerican Journal of Psychology','string'),(1,'fr_FR','name','Revista Interamericana de Psicología/Interamerican Journal of Psychology','string'),(1,'es_ES','acronym','RIP/IJP','string'),(1,'pt_BR','acronym','RIP/IJP','string'),(1,'fr_FR','acronym','RIP/IJP','string'),(1,'es_ES','abbreviation','RIP/IJP','string'),(1,'pt_BR','abbreviation','RIP/IJP','string'),(1,'fr_FR','abbreviation','RIP/IJP','string'),(1,'en_US','favicon','{\"name\":\"favicom.png\",\"uploadName\":\"favicon_en_US.png\",\"width\":743,\"height\":636,\"dateUploaded\":\"2020-03-10 19:57:52\",\"altText\":\"\"}','object'),(1,'en_US','pageHeaderLogoImage','{\"name\":\"Logo (1).jpg\",\"uploadName\":\"pageHeaderLogoImage_en_US.jpg\",\"width\":4253,\"height\":850,\"dateUploaded\":\"2020-02-20 13:27:37\",\"altText\":\"Revista Interamericana de Psicología Interamerican Journal of Psychology\"}','object'),(1,'pt_BR','authorSelfArchivePolicy','<p>Autores tem permissão e são encorajados a submeter seus documentos a páginas pessoais ou portais institucionais, antes e após sua publicação neste periódico (sempre oferecendo a referência bibliográfica do item).</p>','string'),(1,'fr_FR','authorSelfArchivePolicy','<p>Les auteurs ont la permission et sont encouragés à diffuser les travaux soumis à la revue sur un site Web personnel ou un dépôt institutionnel autant avant qu\'après leur publication dans cette revue (tout en donnant les détails bibliographiques du numéro de la revue, le cas échéant).</p>','string'),(1,'es_ES','about','<p><strong>Enfoque y Alcance</strong> </p>\n<p>La política editorial de la Revista Interamericana de Psicología es reflejar los desarrollos que se producen en las Américas y más allá de las perspectivas teóricas, de práctica e investigación y, al hacerlo, nuestro objetivo es promover la comunicación y la colaboración entre los psicólogos de diferentes países de las Américas y en general. Otras partes del mundo. La revista se publica tres veces al año y acepta manuscritos en todas las áreas de la psicología, en inglés, español, portugués, y francés.</p>\n<p> </p>\n<p><strong>Detección de plagios</strong></p>\n<p>Los manuscritos enviados serán sometidos a revisión de plagio mediante la aplicación Google Assignments.</p>\n<p> </p>\n<p><strong>Proceso de Revisión por Pares</strong></p>\n<p> Se asigna un mínimo de dos revisores a cada manuscrito. El criterio utilizado para juzgar la presentación se basa generalmente en la contribución del manuscrito a la psicología interamericana. Un manuscrito suele tardar entre 30 y 90 días en revisarse (dependiendo en lo/as evaluadores, a veces puede tardar más tiempo, estos días son solamente aproximaciones) y los evaluadores se reclutan según su experiencia en esa especialidad en particular.</p>\n<p> </p>\n<p><strong>Política de Acceso Abierto<br /> <br /></strong>Esta revista brinda acceso abierto inmediato a su contenido con el principio de que hacer que la investigación esté disponible gratuitamente para el público apoya un mayor intercambio global de conocimiento. Esta revista también proporciona una salida para que los investigadores publiquen su trabajo de forma gratuita también.</p>\n<p> </p>\n<p><strong>Historia de la Revista</strong><strong><br /></strong></p>\n<p><strong><em>La Revista Interamericana de Psicología se publica desde 1967 por la Sociedad Interamericana de Psicología. La política de la revista es publicar los desarrollos actuales de la psicología interamericana tanto desde el punto de vista teórico como el aplicado. Al hacer esto, la revista pretende promover la comunicación y la cooperación entre los psicólogos de los diferentes países interamericanos.</em></strong></p>','string'),(1,'en_US','reviewGuidelines','<p><strong>Guidelines for Review of Manuscripts Submitted to Interamerican Journal of Psychology</strong></p>\n<hr />\n<p>Although most authors appreciate receiving the reviewer’s comments, it is especially important to provide the rationale for resubmissions or rejections.</p>\n<p>(1) Originality. The manuscript offers a timely, new and significant contribution to Interamerican psychology.</p>\n<p>The manuscript expands the theoretical, empirical, and practical understanding of the topic.</p>\n<p>(2) Research [if applicable].  If the manuscript is based on empirical evidence, does the quantitative or qualitative methodology fit the research question(s)? Are the sampling techniques, systematic data collection, and data analysis appropriate for the study? Do the data support the findings? Are findings contextualized in light of previous literature?</p>\n<p>(3) Theory [if applicable]. The manuscript is based upon a systematic and reflective examination of one or more literature of theoretical or conceptual perspectives.</p>\n<p>(4) Practice [if applicable]. The manuscript provides information that will be useful in the practice of psychology by a targeted audience and/or the interdisciplinary readership of the journal. The content may include, but is not limited to, case studies, narratives of supervision, or demonstration projects. Implications for supervision, practice or further research in clinical, organizational, and educational settings are discussed.</p>\n<p>(5) Literature Review.  Author(s) critically review relevant literature and demonstrate an understanding of current knowledge related to the topic. Author(s) build on existing literature in formulating ideas for this submission.</p>\n<p>(6) Writing. Is the manuscript well written, grammatically correct, free of spelling errors, cohesive, and logically organized? Are conclusions stated clearly? Do the author(s) appropriately reference primary and secondary sources, and indicate any headings and sub-headings, using the style of the current APA publication manual? Feel free to directly correct any English and make suggestions for clarity.  </p>\n<p>(7) Are there are other papers by Interamerican authors, which are pertinent and might be cited in this manuscript?</p>','string'),(1,'es_ES','editorialTeam','<div id=\"editorialTeam\">\n<div id=\"Editores/as\"><strong>Editor</strong>\n<div> </div>\n<div><em><strong>Fernando Andres Polanco</strong></em>\n<div>Universidad Nacional de San Luis/Consejo Nacional de Investigaciones Científicas y Técnicas.\n<div><em>Ciudad de San Luis, San Luis, Argentina.</em></div>\n<div>\n<p> </p>\n<p><strong style=\"font-family: \'Noto Sans\', -apple-system, BlinkMacSystemFont, \'Segoe UI\', Roboto, Oxygen-Sans, Ubuntu, Cantarell, \'Helvetica Neue\', sans-serif;\"><strong>Editores Asociados</strong></strong></p>\n<p> </p>\n</div>\n<div>\n<div><em><strong>Aída Mencía-Ripley</strong></em></div>\n<div>Universidad Iberoamericana.</div>\n<div>Santo Domingo, D.N., República Dominicana.</div>\n<div><em><strong>Melissa L. Morgan</strong></em></div>\n<div>University of California.</div>\n<div>Santa Barbara, California, United States of America.</div>\n<div>\n<div>\n<div dir=\"auto\"><em><strong>Roberto Polanco-Carrasco</strong></em></div>\n</div>\n<div dir=\"auto\">Asociación Chilena de Revistas Científicas de Psicología.</div>\n<div dir=\"auto\">Santiago, D.F., Chile.</div>\n<div><em><strong>Rodrigo Lopes Miranda</strong></em></div>\n<div>Universidade Católica Dom Bosco.</div>\n<div>Campo Grande, Mato Grosso do Sul, Brasil.</div>\n<div><em style=\"font-family: \'Noto Sans\', -apple-system, BlinkMacSystemFont, \'Segoe UI\', Roboto, Oxygen-Sans, Ubuntu, Cantarell, \'Helvetica Neue\', sans-serif;\"><strong>Ramiro Tau</strong></em></div>\n<div>\n<div>Université de Genève.</div>\n<div>Genève, Suisse.</div>\n</div>\n<div> </div>\n<div>\n<div>\n<p><strong style=\"font-family: \'Noto Sans\', -apple-system, BlinkMacSystemFont, \'Segoe UI\', Roboto, Oxygen-Sans, Ubuntu, Cantarell, \'Helvetica Neue\', sans-serif;\"><strong>Editores Temáticos</strong></strong></p>\n</div>\n<div>\n<div><strong><strong style=\"font-family: \'Noto Sans\', -apple-system, BlinkMacSystemFont, \'Segoe UI\', Roboto, Oxygen-Sans, Ubuntu, Cantarell, \'Helvetica Neue\', sans-serif;\">Diversidades sexuales</strong></strong></div>\n<div><em><strong>Jorge Eduardo Moncayo Quevedo</strong></em></div>\n<div>Universidad Antonio Nariño.</div>\n<div>Cali, Colombia.</div>\n<div>\n<div><strong>Evaluación Psicologica</strong></div>\n<div><em style=\"font-family: \'Noto Sans\', -apple-system, BlinkMacSystemFont, \'Segoe UI\', Roboto, Oxygen-Sans, Ubuntu, Cantarell, \'Helvetica Neue\', sans-serif;\"><strong>Solange Muglia Wechsler</strong></em></div>\n<div>\n<div>Pontificia Universidad Catolica de Campinas.</div>\n<div>Campinas, São Paulo, Brasil.</div>\n<div>\n<div><strong>Psicologia y Educacación</strong></div>\n<div><em style=\"font-family: \'Noto Sans\', -apple-system, BlinkMacSystemFont, \'Segoe UI\', Roboto, Oxygen-Sans, Ubuntu, Cantarell, \'Helvetica Neue\', sans-serif;\"><strong>Marilene Proença Rebello de Souza </strong></em></div>\n<div>\n<div>Universidade de São Paulo.</div>\n<div>São Paulo, Brasil.</div>\n<div>\n<div><strong>Psicología Experimental y Comparada</strong></div>\n<div><em style=\"font-family: \'Noto Sans\', -apple-system, BlinkMacSystemFont, \'Segoe UI\', Roboto, Oxygen-Sans, Ubuntu, Cantarell, \'Helvetica Neue\', sans-serif;\"><strong>Mario Arturo Laborda Rojas</strong></em></div>\n<div>\n<div>Universidad de Chile.</div>\n<div>Santiago, Chile.</div>\n</div>\n</div>\n</div>\n</div>\n</div>\n</div>\n<div>\n<div><strong>Psicología del Trabajo y de las Organizaciones</strong></div>\n<div><em style=\"font-family: \'Noto Sans\', -apple-system, BlinkMacSystemFont, \'Segoe UI\', Roboto, Oxygen-Sans, Ubuntu, Cantarell, \'Helvetica Neue\', sans-serif;\"><strong>Juan Diego Vaamonde</strong></em></div>\n<div>\n<div>Universidad Nacional de Rosario y Universidad Nacional de Rafaela.</div>\n<div>Rosario, Argentina.</div>\n<div>\n<div><strong>Historia de la Psicología</strong></div>\n<div><em style=\"font-family: \'Noto Sans\', -apple-system, BlinkMacSystemFont, \'Segoe UI\', Roboto, Oxygen-Sans, Ubuntu, Cantarell, \'Helvetica Neue\', sans-serif;\"><strong>Ana Talak</strong></em></div>\n<div>\n<div>Universidad Nacional de La Plata.</div>\n<div><span style=\"font-family: \'Noto Sans\', -apple-system, BlinkMacSystemFont, \'Segoe UI\', Roboto, Oxygen-Sans, Ubuntu, Cantarell, \'Helvetica Neue\', sans-serif;\">La Plata, Argentina.</span></div>\n<div> </div>\n</div>\n</div>\n</div>\n</div>\n<p><strong style=\"font-family: \'Noto Sans\', -apple-system, BlinkMacSystemFont, \'Segoe UI\', Roboto, Oxygen-Sans, Ubuntu, Cantarell, \'Helvetica Neue\', sans-serif;\">Comité asesor</strong></p>\n<p> </p>\n</div>\n</div>\n<div>\n<div><em><strong>Patricia Arredondo</strong></em></div>\n<div>Arizona State University Tempe.</div>\n<div>Arizona, United States of America.</div>\n<div><strong><em>María Gallardo-Cooper</em></strong></div>\n<div>Private Practice Jupiter.</div>\n<div>Florida, United States of America.</div>\n<div><strong><em>Wilson Lopéz Lopéz</em></strong></div>\n<div>Universidad Javeriana, Bogotá.</div>\n<div>Bogotá, Colombia.</div>\n<div><strong><em>Andrés M. Pérez Acosta</em></strong></div>\n<div>Universidad del Rosario.</div>\n<div>Bogotá, Colombia.</div>\n<div><strong><em>Hugo Klappenbach</em></strong></div>\n<div>Universidad Nacional de San Luis/Consejo Nacional de Investigaciones Científicas y Técnicas.</div>\n<div>Ciudad de San Luis, Argentina.</div>\n<div><strong><em>Alfonso Urzua M.</em></strong></div>\n<div>Universidad Catolica del Norte.</div>\n<div>Antofagasta, Chile.</div>\n<div> </div>\n<div>\n<div><strong>Comité técnico </strong></div>\n<div> </div>\n<div><strong>Editores técnicos</strong></div>\n<div> </div>\n<div>\n<div><strong style=\"font-family: \'Noto Sans\', -apple-system, BlinkMacSystemFont, \'Segoe UI\', Roboto, Oxygen-Sans, Ubuntu, Cantarell, \'Helvetica Neue\', sans-serif;\"><em>María Natalia Piorno</em></strong></div>\n<div>\n<div>Universidad Nacional de San Luis.</div>\n<div>San Luis, Argentina.</div>\n</div>\n</div>\n<div> </div>\n<div><strong>Traducción, corrección de estilo e idioma</strong></div>\n<div> </div>\n<div>\n<div><em><strong>Roberta Garcia Alves</strong></em></div>\n<div>Universidade Católica Dom Bosco.</div>\n<div>Campo Grande, Mato Grosso do Sul, Brasil.</div>\n</div>\n<div><strong style=\"font-family: \'Noto Sans\', -apple-system, BlinkMacSystemFont, \'Segoe UI\', Roboto, Oxygen-Sans, Ubuntu, Cantarell, \'Helvetica Neue\', sans-serif;\"><em>Martín Zapico</em></strong></div>\n<div>\n<div>Universidad Nacional de San Luis.</div>\n<div>San Luis, Argentina.</div>\n<div><em style=\"font-family: \'Noto Sans\', -apple-system, BlinkMacSystemFont, \'Segoe UI\', Roboto, Oxygen-Sans, Ubuntu, Cantarell, \'Helvetica Neue\', sans-serif;\"><strong>Kely Cristina Garcia Vilena Wider</strong></em></div>\n<div>\n<div>Universidade Católica Dom Bosco.</div>\n<div>Campo Grande, Mato Grosso do Sul, Brasil.</div>\n<div>\n<div><strong><em>Victoria Molinari</em></strong></div>\n<div>\n<div>Universidad de Buenos Aires y Universidad Nacional de La Plata/Consejo Nacional de Investigaciones Científicas y Técnicas.</div>\n<div>Buenos Aires, Argentina.</div>\n</div>\n</div>\n</div>\n</div>\n</div>\n</div>\n</div>\n</div>\n</div>\n</div>\n</div>\n</div>','string'),(1,'en_US','editorialTeam','<div id=\"editorialTeam\">\n<div id=\"Editors\"><strong>Editor</strong></div>\n<div>\n<div> </div>\n<div><em><strong>Fernando Andres Polanco</strong></em>\n<div>Universidad Nacional de San Luis/Consejo Nacional de Investigaciones Científicas y Técnicas.</div>\n<div><em>Ciudad de San Luis, San Luis, Argentina.</em>\n<div>\n<p> </p>\n<div>\n<div><strong>Associate Editors</strong></div>\n<div> </div>\n<div>\n<div><em><strong>Aída Mencía-Ripley</strong></em></div>\n<div>Universidad Iberoamericana.</div>\n<div>Santo Domingo, D.N., República Dominicana.</div>\n<div>\n<div><em><strong>Melissa L. Morgan</strong></em></div>\n<div>University of California.</div>\n<div>Santa Barbara, California, United States of America.</div>\n<div>\n<div dir=\"auto\"><em><strong>Roberto Polanco-Carrasco</strong></em></div>\n</div>\n<div dir=\"auto\">Asociación Chilena de Revistas Científicas de Psicología.</div>\n<div dir=\"auto\">Santiago, D.F., Chile.</div>\n<div><em><strong>Rodrigo Lopes Miranda</strong></em></div>\n<div>Universidade Católica Dom Bosco</div>\n<div>Campo Grande, Mato Grosso do Sul, Brasil.</div>\n<div>\n<div><em><strong>Ramiro Tau</strong></em></div>\n<div>Université de Genève</div>\n<div>Genève, Suisse.</div>\n<div> </div>\n<div>\n<div>\n<p><strong style=\"font-family: \'Noto Sans\', -apple-system, BlinkMacSystemFont, \'Segoe UI\', Roboto, Oxygen-Sans, Ubuntu, Cantarell, \'Helvetica Neue\', sans-serif;\"><strong>Thematic Editors</strong></strong></p>\n</div>\n<div>\n<div><strong>Sexual Diversities</strong></div>\n<div><em><strong>Jorge Eduardo Moncayo Quevedo</strong></em></div>\n<div>Universidad Antonio Nariño.</div>\n<div>Cali, Colombia.</div>\n<div>\n<div><strong>Psychological Assessment</strong></div>\n<div><em style=\"font-family: \'Noto Sans\', -apple-system, BlinkMacSystemFont, \'Segoe UI\', Roboto, Oxygen-Sans, Ubuntu, Cantarell, \'Helvetica Neue\', sans-serif;\"><strong>Solange Muglia Wechsler</strong></em></div>\n<div>\n<div>Pontificia Universidad Catolica de Campinas.</div>\n<div>Campinas, São Paulo, Brasil.</div>\n<div>\n<div><strong>Psychology and Education</strong></div>\n<div><em style=\"font-family: \'Noto Sans\', -apple-system, BlinkMacSystemFont, \'Segoe UI\', Roboto, Oxygen-Sans, Ubuntu, Cantarell, \'Helvetica Neue\', sans-serif;\"><strong>Marilene Proença Rebello de Souza </strong></em></div>\n<div>\n<div>Universidade de São Paulo.</div>\n<div>São Paulo, Brasil.</div>\n<div>\n<div><strong>Experimental and Comparative Psychology</strong></div>\n<div><em style=\"font-family: \'Noto Sans\', -apple-system, BlinkMacSystemFont, \'Segoe UI\', Roboto, Oxygen-Sans, Ubuntu, Cantarell, \'Helvetica Neue\', sans-serif;\"><strong>Mario Arturo Laborda Rojas</strong></em></div>\n<div>\n<div>Universidad de Chile.</div>\n<div>Santiago, Chile.</div>\n</div>\n</div>\n</div>\n</div>\n</div>\n</div>\n<div>\n<div><strong>Work and Organizational Psychology</strong></div>\n<div><em style=\"font-family: \'Noto Sans\', -apple-system, BlinkMacSystemFont, \'Segoe UI\', Roboto, Oxygen-Sans, Ubuntu, Cantarell, \'Helvetica Neue\', sans-serif;\"><strong>Juan Diego Vaamonde</strong></em></div>\n<div>\n<div>Universidad Nacional de Rosario y Universidad Nacional de Rafaela.</div>\n<div>Rosario, Argentina.</div>\n<div>\n<div><strong>History of Psychology</strong></div>\n<div><em style=\"font-family: \'Noto Sans\', -apple-system, BlinkMacSystemFont, \'Segoe UI\', Roboto, Oxygen-Sans, Ubuntu, Cantarell, \'Helvetica Neue\', sans-serif;\"><strong>Ana Talak</strong></em></div>\n<div>\n<div>Universidad Nacional de La Plata.</div>\n<div><span style=\"font-family: \'Noto Sans\', -apple-system, BlinkMacSystemFont, \'Segoe UI\', Roboto, Oxygen-Sans, Ubuntu, Cantarell, \'Helvetica Neue\', sans-serif;\">La Plata, Argentina.</span></div>\n</div>\n</div>\n</div>\n</div>\n</div>\n</div>\n<div> </div>\n</div>\n<div><strong>Advisory Board</strong></div>\n<div> </div>\n<div><em><strong>Patricia Arredondo</strong></em></div>\n<div>Arizona State University Tempe.</div>\n<div>Arizona, United States of America.</div>\n<div><strong><em>María Gallardo-Cooper</em></strong></div>\n<div>Private Practice Jupiter.</div>\n<div>Florida, United States of America.</div>\n<div><strong><em>Wilson Lopéz Lopéz</em></strong></div>\n<div>Universidad Javeriana, Bogotá.</div>\n<div>Bogotá, Colombia.</div>\n<div><strong><em>Andrés M. Pérez Acosta</em></strong></div>\n<div>Universidad del Rosario.</div>\n<div>Bogotá, Colombia.</div>\n<div><strong><em>Hugo Klappenbach</em></strong></div>\n<div>Universidad Nacional de San Luis/Consejo Nacional de Investigaciones Científicas y Técnicas.</div>\n<div>Ciudad de San Luis, Argentina.</div>\n<div><strong><em>Alfonso Urzua M.</em></strong></div>\n<div>Universidad Catolica del Norte.</div>\n<div>Antofagasta, Chile.</div>\n<div> </div>\n<div>\n<div><strong>Technical Board</strong></div>\n<div> </div>\n<div><strong><strong style=\"font-family: \'Noto Sans\', -apple-system, BlinkMacSystemFont, \'Segoe UI\', Roboto, Oxygen-Sans, Ubuntu, Cantarell, \'Helvetica Neue\', sans-serif;\">Technical Editors</strong></strong></div>\n<div> </div>\n<div>\n<div><strong style=\"font-family: \'Noto Sans\', -apple-system, BlinkMacSystemFont, \'Segoe UI\', Roboto, Oxygen-Sans, Ubuntu, Cantarell, \'Helvetica Neue\', sans-serif;\"><em>María Natalia Piorno</em></strong></div>\n<div>\n<div>Universidad Nacional de San Luis.</div>\n<div>San Luis, Argentina.</div>\n</div>\n</div>\n<div> </div>\n<div><strong>Translation, proofreading and language</strong></div>\n<div> </div>\n<div>\n<div><em><strong>Roberta Garcia Alves</strong></em></div>\n<div>Universidade Católica Dom Bosco.</div>\n<div>Campo Grande, Mato Grosso do Sul, Brasil.</div>\n</div>\n<div>\n<div><strong><em>Martín Zapico</em></strong></div>\n<div>Universidad Nacional de San Luis.</div>\n<div>San Luis, Argentina.</div>\n<div>\n<div><em><strong>Kely Cristina Garcia Vilena Wider</strong></em></div>\n<div>Universidade Católica Dom Bosco.</div>\n<div>Campo Grande, Mato Grosso do Sul, Brasil.</div>\n<div>\n<div><strong><em>Victoria Molinari</em></strong></div>\n<div>\n<div>Universidad de Buenos Aires y Universidad Nacional de La Plata/Consejo Nacional de Investigaciones Científicas y Técnicas.</div>\n<div>Buenos Aires, Argentina.</div>\n</div>\n</div>\n</div>\n</div>\n</div>\n</div>\n</div>\n</div>\n</div>\n</div>\n</div>\n</div>\n</div>','string'),(1,'pt_BR','homepageImage','{\"name\":\"general.jpg\",\"uploadName\":\"homepageImage_pt_BR.jpg\",\"width\":910,\"height\":608,\"dateUploaded\":\"2020-05-17 03:17:17\",\"altText\":\"Revista Interamericana de Psicología\\/Interamerican Journal of Psychology\"}',NULL),(1,'pt_BR','editorialTeam','<div id=\"editorialTeam\">\n<div id=\"Editores\"><strong>Editor</strong></div>\n<div>\n<div> </div>\n<div><em><strong>Fernando Andres Polanco</strong></em>\n<div>Universidad Nacional de San Luis/Consejo Nacional de Investigaciones Científicas y Técnicas.\n<div><em>Ciudad de San Luis, San Luis, Argentina.</em>\n<p><strong style=\"font-family: \'Noto Sans\', -apple-system, BlinkMacSystemFont, \'Segoe UI\', Roboto, Oxygen-Sans, Ubuntu, Cantarell, \'Helvetica Neue\', sans-serif;\">Editores Associados</strong></p>\n</div>\n<div>\n<div>\n<div><em><strong>Aída Mencía-Ripley</strong></em></div>\n<div>Universidad Iberoamericana.</div>\n<div>Santo Domingo, D.N., República Dominicana.</div>\n<div>\n<div><em><strong>Melissa L. Morgan</strong></em></div>\n<div>University of California.</div>\n<div>Santa Barbara, California, United States of America.</div>\n<div>\n<div dir=\"auto\"><em><strong>Roberto Polanco-Carrasco</strong></em></div>\n</div>\n<div dir=\"auto\">Asociación Chilena de Revistas Científicas de Psicología.</div>\n<div dir=\"auto\">Santiago, D.F., Chile.</div>\n<div><em><strong>Rodrigo Lopes Miranda</strong></em></div>\n<div>Universidade Católica Dom Bosco.</div>\n<div>Campo Grande, Mato Grosso do Sul, Brasil.</div>\n<div>\n<div><em><strong>Ramiro Tau</strong></em></div>\n<div>Université de Genève</div>\n<div>Genève, Suisse.</div>\n<div> </div>\n</div>\n<div>\n<div>\n<div>\n<div>\n<p><strong style=\"font-family: \'Noto Sans\', -apple-system, BlinkMacSystemFont, \'Segoe UI\', Roboto, Oxygen-Sans, Ubuntu, Cantarell, \'Helvetica Neue\', sans-serif;\"><strong>Editores temáticos</strong></strong></p>\n</div>\n<div>\n<div><strong>Diversidades sexuais</strong></div>\n<div><em><strong>Jorge Eduardo Moncayo Quevedo</strong></em></div>\n<div>Universidad Antonio Nariño.</div>\n<div>Cali, Colombia.</div>\n<div>\n<div><strong>Avaliação Psicológica</strong></div>\n<div><em style=\"font-family: \'Noto Sans\', -apple-system, BlinkMacSystemFont, \'Segoe UI\', Roboto, Oxygen-Sans, Ubuntu, Cantarell, \'Helvetica Neue\', sans-serif;\"><strong>Solange Muglia Wechsler</strong></em></div>\n<div>\n<div>Pontificia Universidad Catolica de Campinas.</div>\n<div>Campinas, São Paulo, Brasil.</div>\n<div>\n<div><strong>Psicologia e Educação</strong></div>\n<div><em style=\"font-family: \'Noto Sans\', -apple-system, BlinkMacSystemFont, \'Segoe UI\', Roboto, Oxygen-Sans, Ubuntu, Cantarell, \'Helvetica Neue\', sans-serif;\"><strong>Marilene Proença Rebello de Souza </strong></em></div>\n<div>\n<div>Universidade de São Paulo.</div>\n<div>São Paulo, Brasil.</div>\n<div>\n<div><strong>Psicologia Experimental e Comparativa</strong></div>\n<div><em style=\"font-family: \'Noto Sans\', -apple-system, BlinkMacSystemFont, \'Segoe UI\', Roboto, Oxygen-Sans, Ubuntu, Cantarell, \'Helvetica Neue\', sans-serif;\"><strong>Mario Arturo Laborda Rojas</strong></em></div>\n<div>\n<div>Universidad de Chile.</div>\n<div>Santiago, Chile.</div>\n</div>\n</div>\n</div>\n</div>\n</div>\n</div>\n<div>\n<div><strong>Psicologia do Trabalho e Organizacional</strong></div>\n<div><em style=\"font-family: \'Noto Sans\', -apple-system, BlinkMacSystemFont, \'Segoe UI\', Roboto, Oxygen-Sans, Ubuntu, Cantarell, \'Helvetica Neue\', sans-serif;\"><strong>Juan Diego Vaamonde</strong></em></div>\n<div>\n<div>Universidad Nacional de Rosario y Universidad Nacional de Rafaela.</div>\n<div>Rosario, Argentina.</div>\n<div>\n<div><strong>História da Psicologia</strong></div>\n<div><em style=\"font-family: \'Noto Sans\', -apple-system, BlinkMacSystemFont, \'Segoe UI\', Roboto, Oxygen-Sans, Ubuntu, Cantarell, \'Helvetica Neue\', sans-serif;\"><strong>Ana Talak</strong></em></div>\n<div>\n<div>Universidad Nacional de La Plata.</div>\n<div><span style=\"font-family: \'Noto Sans\', -apple-system, BlinkMacSystemFont, \'Segoe UI\', Roboto, Oxygen-Sans, Ubuntu, Cantarell, \'Helvetica Neue\', sans-serif;\">La Plata, Argentina.</span></div>\n</div>\n</div>\n</div>\n</div>\n</div>\n</div>\n<div> </div>\n</div>\n</div>\n<div><strong><em>Conselho Consultivo</em></strong></div>\n<div> </div>\n<div>\n<div><em><strong>Patricia Arredondo</strong></em></div>\n<div>Arizona State University Tempe.</div>\n<div>Arizona, United States of America.</div>\n<div><strong><em>María Gallardo-Cooper</em></strong></div>\n<div>Private Practice Jupiter.</div>\n<div>Florida, United States of America.</div>\n<div><strong><em>Wilson Lopéz Lopéz</em></strong></div>\n<div>Universidad Javeriana, Bogotá.</div>\n<div>Bogotá, Colombia.</div>\n<div><strong><em>Andrés M. Pérez Acosta</em></strong></div>\n<div>Universidad del Rosario.</div>\n<div>Bogotá, Colombia.</div>\n<div><strong><em>Hugo Klappenbach</em></strong></div>\n<div>Universidad Nacional de San Luis/Consejo Nacional de Investigaciones Científicas y Técnicas.</div>\n<div>Ciudad de San Luis, Argentina.</div>\n<div><strong><em>Alfonso Urzua M.</em></strong></div>\n<div>Universidad Catolica del Norte.</div>\n<div>Antofagasta, Chile.</div>\n<div> </div>\n<div>\n<div><strong>Equipe técnica</strong></div>\n<div> </div>\n<div><strong>Editores técnicos</strong></div>\n<div> </div>\n<div>\n<div><strong style=\"font-family: \'Noto Sans\', -apple-system, BlinkMacSystemFont, \'Segoe UI\', Roboto, Oxygen-Sans, Ubuntu, Cantarell, \'Helvetica Neue\', sans-serif;\"><em>María Natalia Piorno</em></strong></div>\n<div>\n<div>Universidad Nacional de San Luis.</div>\n<div>San Luis, Argentina.</div>\n<div> </div>\n</div>\n</div>\n<div><strong>Tradução, revisão e idioma</strong></div>\n<div> </div>\n<div>\n<div><em><strong>Roberta Garcia Alves</strong></em></div>\n<div>Universidade Católica Dom Bosco.</div>\n<div>Campo Grande, Mato Grosso do Sul, Brasil.</div>\n</div>\n<div>\n<div><strong><em>Martín Zapico</em></strong></div>\n<div>Universidad Nacional de San Luis.</div>\n<div>San Luis, Argentina.</div>\n<div>\n<div><em><strong>Kely Cristina Garcia Vilena Wider</strong></em></div>\n<div>Universidade Católica Dom Bosco.</div>\n<div>Campo Grande, Mato Grosso do Sul, Brasil.</div>\n<div>\n<div><strong><em>Victoria Molinari</em></strong></div>\n<div>\n<div>Universidad de Buenos Aires y Universidad Nacional de La Plata/Consejo Nacional de Investigaciones Científicas y Técnicas.</div>\n<div>Buenos Aires, Argentina.</div>\n</div>\n</div>\n</div>\n</div>\n</div>\n</div>\n</div>\n</div>\n</div>\n</div>\n</div>\n</div>\n</div>','string'),(1,'fr_FR','editorialTeam','<p><strong>Éditeur</strong></p>\n<div id=\"editorialTeam\">\n<div id=\"Editores/as\"><em><strong>Fernando Andres Polanco</strong></em>\n<div>Universidad Nacional de San Luis/Consejo Nacional de Investigaciones Científicas y Técnicas.\n<div><em>Ciudad de San Luis, San Luis, Argentina.</em></div>\n<div>\n<div> </div>\n<div><strong>Editeurs associés</strong>\n<div> </div>\n<div><em><strong>Aída Mencía-Ripley</strong></em></div>\n<div>Universidad Iberoamericana.</div>\n<div>Santo Domingo, D.N., República Dominicana.</div>\n<div>\n<div><em><strong>Melissa L. Morgan</strong></em></div>\n<div>University of California.</div>\n<div>Santa Barbara, California, United States of America.</div>\n<div>\n<div dir=\"auto\"><em><strong>Roberto Polanco-Carrasco</strong></em></div>\n</div>\n<div dir=\"auto\">Asociación Chilena de Revistas Científicas de Psicología.</div>\n<div dir=\"auto\">Santiago, D.F., Chile.</div>\n<div><em><strong>Rodrigo Lopes Miranda</strong></em></div>\n<div>Universidade Católica Dom Bosco</div>\n<div>Campo Grande, Mato Grosso do Sul, Brasil.</div>\n<div>\n<div><em><strong>Ramiro Tau</strong></em></div>\n<div>Université de Genève</div>\n<div>Genève, Suisse.</div>\n<div> </div>\n</div>\n<div>\n<div>\n<p><strong style=\"font-family: \'Noto Sans\', -apple-system, BlinkMacSystemFont, \'Segoe UI\', Roboto, Oxygen-Sans, Ubuntu, Cantarell, \'Helvetica Neue\', sans-serif;\"><strong>Éditeurs thématiques</strong></strong></p>\n</div>\n<div>\n<div><strong>Diversité sexuelle</strong></div>\n<div><em><strong>Jorge Eduardo Moncayo Quevedo</strong></em></div>\n<div>Universidad Antonio Nariño.</div>\n<div>Cali, Colombia.</div>\n<div>\n<div><strong>Évaluation psychologique</strong></div>\n<div><em style=\"font-family: \'Noto Sans\', -apple-system, BlinkMacSystemFont, \'Segoe UI\', Roboto, Oxygen-Sans, Ubuntu, Cantarell, \'Helvetica Neue\', sans-serif;\"><strong>Solange Muglia Wechsler</strong></em></div>\n<div>\n<div>Pontificia Universidad Catolica de Campinas.</div>\n<div>Campinas, São Paulo, Brasil.</div>\n<div>\n<div><strong>Psychologie et éducation</strong></div>\n<div><em style=\"font-family: \'Noto Sans\', -apple-system, BlinkMacSystemFont, \'Segoe UI\', Roboto, Oxygen-Sans, Ubuntu, Cantarell, \'Helvetica Neue\', sans-serif;\"><strong>Marilene Proença Rebello de Souza </strong></em></div>\n<div>\n<div>Universidade de São Paulo.</div>\n<div>São Paulo, Brasil.</div>\n<div>\n<div><strong>Psychologie expérimentale et comparative</strong></div>\n<div><em style=\"font-family: \'Noto Sans\', -apple-system, BlinkMacSystemFont, \'Segoe UI\', Roboto, Oxygen-Sans, Ubuntu, Cantarell, \'Helvetica Neue\', sans-serif;\"><strong>Mario Arturo Laborda Rojas</strong></em></div>\n<div>\n<div>Universidad de Chile.</div>\n<div>Santiago, Chile.</div>\n</div>\n</div>\n</div>\n</div>\n</div>\n</div>\n<div>\n<div><strong>Psychologie du travail et de l\'organisation</strong></div>\n<div><em style=\"font-family: \'Noto Sans\', -apple-system, BlinkMacSystemFont, \'Segoe UI\', Roboto, Oxygen-Sans, Ubuntu, Cantarell, \'Helvetica Neue\', sans-serif;\"><strong>Juan Diego Vaamonde</strong></em></div>\n<div>\n<div>Universidad Nacional de Rosario y Universidad Nacional de Rafaela.</div>\n<div>Rosario, Argentina.</div>\n<div>\n<div><strong>Histoire de la psychologie</strong></div>\n<div><em style=\"font-family: \'Noto Sans\', -apple-system, BlinkMacSystemFont, \'Segoe UI\', Roboto, Oxygen-Sans, Ubuntu, Cantarell, \'Helvetica Neue\', sans-serif;\"><strong>Ana Talak</strong></em></div>\n<div>\n<div>Universidad Nacional de La Plata.</div>\n<div><span style=\"font-family: \'Noto Sans\', -apple-system, BlinkMacSystemFont, \'Segoe UI\', Roboto, Oxygen-Sans, Ubuntu, Cantarell, \'Helvetica Neue\', sans-serif;\">La Plata, Argentina.</span></div>\n<div> </div>\n</div>\n</div>\n</div>\n</div>\n</div>\n</div>\n<div><strong>Conseil consultatif</strong></div>\n<div> </div>\n<div>\n<div><em><strong>Patricia Arredondo</strong></em></div>\n<div>Arizona State University Tempe.</div>\n<div>Arizona, United States of America.</div>\n<div><strong><em>María Gallardo-Cooper</em></strong></div>\n<div>Private Practice Jupiter.</div>\n<div>Florida, United States of America.</div>\n<div><strong><em>Wilson Lopéz Lopéz</em></strong></div>\n<div>Universidad Javeriana, Bogotá.</div>\n<div>Bogotá, Colombia.</div>\n<div><strong><em>Andrés M. Pérez Acosta</em></strong></div>\n<div>Universidad del Rosario.</div>\n<div>Bogotá, Colombia.</div>\n<div><strong><em>Hugo Klappenbach</em></strong></div>\n<div>Universidad Nacional de San Luis/Consejo Nacional de Investigaciones Científicas y Técnicas.</div>\n<div>Ciudad de San Luis, Argentina.</div>\n<div><strong><em>Alfonso Urzua M.</em></strong></div>\n<div>Universidad Catolica del Norte.</div>\n<div>Antofagasta, Chile.</div>\n<div> </div>\n<div>\n<div><strong>Conseil technique </strong></div>\n<div> </div>\n<div><strong><strong><strong style=\"font-family: \'Noto Sans\', -apple-system, BlinkMacSystemFont, \'Segoe UI\', Roboto, Oxygen-Sans, Ubuntu, Cantarell, \'Helvetica Neue\', sans-serif;\">Éditeurs </strong></strong></strong><strong style=\"font-family: \'Noto Sans\', -apple-system, BlinkMacSystemFont, \'Segoe UI\', Roboto, Oxygen-Sans, Ubuntu, Cantarell, \'Helvetica Neue\', sans-serif;\">techniques</strong></div>\n<div> </div>\n<div>\n<div><strong style=\"font-family: \'Noto Sans\', -apple-system, BlinkMacSystemFont, \'Segoe UI\', Roboto, Oxygen-Sans, Ubuntu, Cantarell, \'Helvetica Neue\', sans-serif;\"><em>María Natalia Piorno</em></strong></div>\n<div>\n<div>Universidad Nacional de San Luis.</div>\n<div>San Luis, Argentina.</div>\n</div>\n</div>\n<div> </div>\n<div><strong>Traduction, relecture et langue</strong></div>\n<div> </div>\n<div>\n<div><em><strong>Roberta Garcia Alves</strong></em></div>\n<div>Universidade Católica Dom Bosco.</div>\n<div>Campo Grande, Mato Grosso do Sul, Brasil.</div>\n</div>\n<div>\n<div><strong><em>Martín Zapico</em></strong></div>\n<div>Universidad Nacional de San Luis.</div>\n<div>San Luis, Argentina.</div>\n<div>\n<div><em><strong>Kely Cristina Garcia Vilena Wider</strong></em></div>\n<div>Universidade Católica Dom Bosco.</div>\n<div>Campo Grande, Mato Grosso do Sul, Brasil.</div>\n<div>\n<div><strong><em>Victoria Molinari</em></strong></div>\n<div>\n<div>Universidad de Buenos Aires y Universidad Nacional de La Plata/Consejo Nacional de Investigaciones Científicas y Técnicas.</div>\n<div>Buenos Aires, Argentina.</div>\n</div>\n</div>\n</div>\n</div>\n</div>\n</div>\n</div>\n</div>\n</div>\n</div>\n</div>\n</div>','string'),(1,'','sidebar','[\"WebFeedBlockPlugin\",\"informationblockplugin\",\"developedbyblockplugin\",\"languagetoggleblockplugin\",\"subscriptionblockplugin\",\"makesubmissionblockplugin\"]',NULL),(1,'es_ES','licenseTerms','<p>Los autores que publican con esta revista aceptan los siguientes términos:</p>\r\n<p>Los autores conservan los derechos de autor y otorgan a la revista el derecho de primera publicación, con el trabajo [ESPECIFICAR EL PERÍODO DE TIEMPO] después de la publicación con licencia simultánea bajo una Licencia de Atribución de Creative Commons que permite a otros compartir el trabajo con un reconocimiento de la autoría del trabajo y la publicación inicial en este diario.<br>Los autores pueden celebrar acuerdos contractuales adicionales por separado para la distribución no exclusiva de la versión publicada del trabajo de la revista (por ejemplo, publicarlo en un repositorio institucional o publicarlo en un libro), con un reconocimiento de su publicación inicial en este diario<br>Se permite y alienta a los autores a publicar su trabajo en línea (p. Ej., En repositorios institucionales o en su sitio web) antes y durante el proceso de envío, ya que puede generar intercambios productivos, así como una cita anterior y mayor del trabajo publicado (ver The Efecto del acceso abierto).</p>',NULL),(1,'fr_FR','description','<p>The Interamerican Journal of Psychology (IJP) is published since 1967 by the Interamerican Society of Psychology. It is the policy of the journal to publish the current developments of Interamerican Psychology under both the theoretical and the applied and professional perspective; doing this, the journal aims to promote communication and cooperation among psychologists from the different Interamerican Countries<strong><em>.</em></strong></p>',NULL),(1,'','coverage','0',NULL),(1,'','rights','0',NULL),(1,'','source','0',NULL),(1,'','type','0',NULL),(1,'','enablePublisherId','[\"publication\"]',NULL),(1,'es_ES','contactAffiliation','Universidad Nacional de San Luis',NULL),(1,'pt_BR','contactAffiliation','Universidad Nacional de San Luis',NULL),(1,'fr_FR','contactAffiliation','Universidad Nacional de San Luis',NULL),(1,'fr_FR','homepageImage','{\"name\":\"general.jpg\",\"uploadName\":\"homepageImage_fr_FR.jpg\",\"width\":910,\"height\":608,\"dateUploaded\":\"2020-05-17 03:17:17\",\"altText\":\"Revista Interamericana de Psicología\\/Interamerican Journal of Psychology\"}',NULL),(1,'pt_BR','authorGuidelines','<p><strong>Categorias de Manuscrito</strong></p>\n<p><span style=\"font-weight: 400;\">Os manuscritos aceitos são divididos em quatro categorias: (a) Artigos. que podem incluir relatórios de pesquisa de dados qualitativos ou quantitativos, desenvolvimentos teóricos, revisões sociobibliométricas integrativas e críticas, contribuições metodológicas e historiográficas; (b) Avaliação de programas/relatos breves (não mais de 10 páginas incluindo referências, tabelas e diagramas) que podem incluir experiências profissionais inovadoras, questões políticas, formação ou dados de estudos preliminares ou piloto; (c) Resenhas de livros. Elas devem considerar os méritos do livro e suas contribuições à Psicologia nas Américas, e não devem ter mais de 3 anos; (d) Psicologia Interamericana. Devem incluir entrevistas, relatórios, protocolos e manuscritos de interesse para o trabalho acadêmico, profissional e científico da psicologia interamericana.</span></p>\n<p><span style=\"font-weight: 400;\">Os artigos estudantis seguirão os mesmos critérios dos artigos regulares, com a exceção de que o editor e o comitê editorial ajudarão os estudantes durante todo o processo. A RIP/IJP processa os artigos para o Prêmio SIP de Pesquisa Estudantil (tanto em nível de graduação quanto de pós-graduação) e as apresentações dos vencedores do Prêmio Interamericano que não forem publicadas nos Anais do Congresso.</span></p>\n<p><span style=\"font-weight: 400;\">Também são publicadas Seções Especiais cujas diretrizes devem ser solicitadas ao editor.</span></p>\n<p><strong>Processo Editorial e Tomada de Decisão</strong></p>\n<p><span style=\"font-weight: 400;\">Os manuscritos recebidos não podem ter sido enviados ou serem enviados para qualquer outra publicação profissional ou acadêmica simultaneamente com a RIP/IJP.</span></p>\n<p><span style=\"font-weight: 400;\">Também não devem ter sido publicadas em parte ou na íntegra em nenhuma outra publicação. Os manuscritos passarão por um processo de revisão de plágio através da plataforma Google Assignment.</span></p>\n<p><span style=\"font-weight: 400;\">Devido às políticas editoriais e padrões de publicação científica exigidos na comunidade acadêmica, a RIP/IJP tem espaço para publicar entre 10% e 20% dos manuscritos recebidos. Portanto, cada manuscrito é submetido a uma rigorosa análise de qualidade pelo comitê editorial, que avalia se os diferentes requisitos éticos, estilísticos e científicos de um manuscrito de qualidade foram atendidos, com base nos interesses da publicação da revista. Com base nesta avaliação, o manuscrito pode ser rejeitado ou aceito para o processo de revisão.</span></p>\n<p><span style=\"font-weight: 400;\">Devido à exigência de revisão cega por pares, os autores devem fazer todo o possível para eliminar pistas ou sugestões do manuscrito que possam identificá-las. Ou seja, os dados dos autores e suas instituições devem ser inseridos somente no formulário OJS, enquanto o manuscrito deve ter os elementos posteriormente indicados no Estilo Editorial.</span></p>\n<p><span style=\"font-weight: 400;\">Os revisores e a equipe editorial farão sugestões para publicação ao Editor, que será responsável pelas decisões finais relativas à publicação ou rejeição e as comunicarão aos autores, com quaisquer alterações a serem feitas, se for o caso.</span></p>\n<p><strong>Estilo Editorial</strong></p>\n<p><span style=\"font-weight: 400;\">A RIP/IJP seguirá estritamente as diretrizes do mais recente Manual de Publicação da American Psychological Association. (Download <a href=\"https://docs.google.com/uc?export=download&amp;id=1zCvGNBJiAqjoCBoFMuBBLwqvYe4o3DX3\" target=\"_blank\" rel=\"noopener\">Modelo</a>)</span></p>\n<ol>\n<li><span style=\"font-weight: 400;\"> O manuscrito original não deve exceder 20 páginas (margem A4 2,5 em todos os lados) com um espaçamento de 1,5 e incluindo referências, tabelas e diagramas. Ultrapassar este limite só será possível quando o conteúdo do manuscrito o exigir e for devidamente justificado pelo autor através da abertura de um comentário no sistema de gestão editorial da revista.</span></li>\n<li><span style=\"font-weight: 400;\"> O manuscrito submetido deve começar com a inclusão do título, abstract (máximo 200 palavras) e key-words (na Língua Inglesa); e um título, resumo e palavras-chave, em um dos outros idiomas oficiais da SIP (Língua Espanhola, Língua Portuguesa ou Língua Francesa).</span></li>\n<li><span style=\"font-weight: 400;\"> As informações sobre autores, instituições e outros não devem aparecer em nenhuma parte do manuscrito submetido. Certifique-se de que as informações dos autores e seus contatos sejam carregadas corretamente nos formulários de submissão, incluindo ORCID.</span></li>\n<li><span style=\"font-weight: 400;\"> O título deve explicar a pesquisa que está sendo realizada, ao mesmo tempo em que deve ser atraente e chamar a atenção dos leitores e especialistas na área da qual se origina.</span></li>\n<li><span style=\"font-weight: 400;\"> O uso de notas de rodapé não é recomendado.</span></li>\n<li><span style=\"font-weight: 400;\"> Todas as fontes citadas no manuscrito devem ser incluídas na lista de referência e vice versa.</span></li>\n<li><span style=\"font-weight: 400;\"> O formulário de envio deve ser enviado com as informações nos quatro idiomas, onde nomes e instituições (instituição, cidade, país) devem ser repetidos nos quatro idiomas respeitando sua denominação de origem (por exemplo: Universidad Nacional de Córdoba, Harvard University, Universidade de São Paulo), ou seja, nem nomes próprios nem institucionais devem ser traduzidos para outro idioma. Quanto a títulos, resumos e palavras-chave, todos os campos devem ser preenchidos em inglês, exceto para o outro idioma escolhido (dentre os aceitos pela SIP: Língua Espanhola, Língua Portuguesa ou Língua Francesa).</span></li>\n<li><span style=\"font-weight: 400;\"> O formulário de submissão deve ser preenchido na íntegra, incluindo, se aplicável, a indicação de conflitos de interesse ou não, bem como a inserção das referências bibliográficas dos artigos e outros campos obrigatórios. Estes fazem parte dos metadados e são de vital importância para a correta disseminação das informações publicadas na RIP/IJP, e são o principal veículo para a identificação de autores e instituições financeiras. Assim como a declaração de princípios éticos, estilísticos e metodológicos dos autores, necessários para garantir uma publicação de alto valor científico e humano.</span></li>\n</ol>\n<p><strong>Estilo de Escrita</strong></p>\n<p><span style=\"font-weight: 400;\">A RIP/IJP incentiva o uso de uma linguagem inclusiva com respeito a gênero, etnia, idade, origem nacional, orientação sexual, deficiência e outras características sociodemográficas. O Editor sugere o uso do termo \"participantes\" em vez de \"sujeitos\". Os procedimentos utilizados para obter o consentimento livre e esclarecido dos participantes devem ser descritos. Suas características sociodemográficas devem ser apresentadas tão explicitamente quanto possível. Os termos regionais e técnicos devem ser evitados.</span></p>\n<p><strong>Princípios éticos</strong></p>\n<p><span style=\"font-weight: 400;\">Nos procedimentos, dados e outros elementos necessários para a realização do manuscrito submetido, os autores devem declarar explicitamente no manuscrito que seguiram os padrões éticos gerais e específicos acordados nos países onde a atividade científica, acadêmica e profissional teve lugar. Assim como a Declaração Universal de Princípios Éticos para Psicólogos (<a href=\"https://archive.org/details/iaap-iupsys-declaracion-universal-de-principios-eticos-para-psicologas-y-psicologos\" target=\"_blank\" rel=\"noopener\">IAAP &amp; IUPsyS, 2008</a>), as Diretrizes Éticas Internacionais para Pesquisa Biomédica Envolvendo Temas Humanos (<a href=\"https://cioms.ch/wp-content/uploads/2017/12/CIOMS-EthicalGuideline_SP_INTERIOR-FINAL.pdf\" target=\"_blank\" rel=\"noopener\">CIOMS, OMS &amp; OPAS, 2016</a>) e as atuais declarações da SIP sobre ações éticas no momento da apresentação (SIP, <a href=\"https://archive.org/details/sip-1978-declaracion-sobre-practica-psicologica-y-ddhh/page/n1/mode/2up\" target=\"_blank\" rel=\"noopener\">1978</a>, <a href=\"https://archive.org/details/sip-2008a-declaracion-sobre-terapias-de-conversion\" target=\"_blank\" rel=\"noopener\">2008a</a>, <a href=\"https://archive.org/details/sip-2008b-declaracion-sobre-principios-eticos\" target=\"_blank\" rel=\"noopener\">2008b</a>, <a href=\"https://archive.org/details/sip-2014-declaracion-sobre-ninos-migrantes-en-centro-america\" target=\"_blank\" rel=\"noopener\">2014</a>, <a href=\"https://archive.org/details/sip-2016-declaracion-apoyo-a-acuerdos-de-paz-en-colombia\" target=\"_blank\" rel=\"noopener\">2016</a>, <a href=\"https://archive.org/details/sip-2018-position-statement-on-immigration\" target=\"_blank\" rel=\"noopener\">2018</a>, <a href=\"https://archive.org/details/sip-2019-declaracion-experticia-en-salud-mental\" target=\"_blank\" rel=\"noopener\">2019</a>).</span></p>\n<p><span style=\"font-weight: 400;\">Nos casos em que os princípios éticos o exigirem, em qualquer uma das instâncias acima mencionadas (local, nacional ou internacional); os autores serão responsáveis por anexar à submissão à RIP/IJP a certificação ou endosso do comitê de ética do órgão relevante sobre os procedimentos descritos no manuscrito.</span></p>\n<p><span style=\"font-weight: 400;\">Finalmente, os autores são obrigados a declarar explicitamente no manuscrito qualquer conflito de interesse ou não existência de tal conflito.</span></p>\n<p><span style=\"font-weight: 400;\">A RIP/IJP tem um protocolo para a denúncia de má conduta, no qual, se o manuscrito for considerado inadequado, pode ser retirado de qualquer etapa do processo, incluindo artigos publicados.</span></p>',NULL),(1,'pt_BR','copyrightNotice','<div class=\"kvgmc6g5 cxmmr5t8 oygrvhab hcukyx3x c1et5uql\">Os autores que publicam com esta revista aceitam os seguintes termos:</div>\n<div class=\"o9v6fnle cxmmr5t8 oygrvhab hcukyx3x c1et5uql\">Os autores retêm os direitos autorais e concedem à revista o direito à primeira publicação, com a obra [PERÍODO ESPECÍFICO DE TEMPO], após licenciá-la simultaneamente sob uma <a href=\"http://creativecommons.org/licenses/by/3.0/\" target=\"_blank\" rel=\"noopener\">Creative Commons Attribution License</a> que permite a outros compartilhar a obra com o reconhecimento da autoria da obra e da publicação inicial nesta revista. Os autores podem celebrar acordos contratuais adicionais separados para distribuição não exclusiva da versão publicada do trabalho da revista (por exemplo, publicação em um repositório institucional ou publicação em um livro), com reconhecimento de sua publicação inicial nesta revista Os autores são permitidos e encorajados a publicar seus trabalhos on-line (por exemplo, em repositórios institucionais ou em seu website) antes e durante o processo de submissão, uma vez que isso pode gerar trocas produtivas, bem como citações anteriores e maiores do trabalho publicado (ver <a href=\"http://opcit.eprints.org/oacitation-biblio.html\" target=\"_blank\" rel=\"noopener\">O Efeito do Acesso Aberto</a>).</div>',NULL),(1,'fr_FR','submissionChecklist','[{\"order\":13,\"content\":\"La soumission n\'a pas déjà été publiée et n\'est pas considérée actuellement par une autre revue. Si ce n\'est pas le cas, fournir une explication dans le champ \\\"Commentaires au rédacteur\\\".\"},{\"order\":2,\"content\":\"Le fichier de la soumission est dans un des formats de fichier suivants : OpenOffice, Microsoft Word, RTF ou WordPerfect.\"},{\"order\":15,\"content\":\"Le cas échéant, les URL et DOI des références ont été fournis.\"},{\"order\":16,\"content\":\"Le texte est espacé de 1,5, utilise une police de 12 points, met en italique au lieu de souligner (sauf pour les URL), et tous les chiffres et tableaux sont placés dans le texte aux endroits appropriés avec leur appel correspondant dans le texte, au lieu de se trouver à la fin.\"},{\"order\":17,\"content\":\"Le texte se conforme aux exigences stylistiques et bibliographiques décrites dans les  <a href=\\\"https:\\/\\/journal.sipsych.org\\/index.php\\/IJP\\/about\\/submissions#authorGuidelines\\\">Directives aux auteurs<\\/a>, qui se trouvent dans la section « À propos de la revue », s\'adapter au modèle suggéré.\"},{\"order\":18,\"content\":\"Toutes les informations personnelles ont été supprimées du fichier envoyé (métadonnées), ainsi que du texte qu\'il contient. Garantir un examen en double aveugle.\"},{\"order\":19,\"content\":\"Les principes éthiques requis ont été explicitement énoncés conformément les <a href=\\\"https:\\/\\/journal.sipsych.org\\/index.php\\/IJP\\/about\\/submissions#authorGuidelines\\\">Directives aux auteurs<\\/a>, qui se trouvent dans la section « À propos de la revue ». Le cas échéant, le certificat du comité d\'éthique est joint.\"}]','object'),(2,'fr_FR','acronym',NULL,NULL),(2,'en_US','authorInformation','Interested in submitting to this journal? We recommend that you review the <a href=\"https://journal.sipsych.org/index.php/test/about\">About the Journal</a> page for the journal\'s section policies, as well as the <a href=\"https://journal.sipsych.org/index.php/test/about/submissions#authorGuidelines\">Author Guidelines</a>. Authors need to <a href=\"https://journal.sipsych.org/index.php/test/user/register\">register</a> with the journal prior to submitting or, if already registered, can simply <a href=\"https://journal.sipsych.org/index.php/index/login\">log in</a> and begin the five-step process.',NULL),(1,'pt_BR','submissionChecklist','[{\"order\":13,\"content\":\"A contribuição é original e inédita, e não está sendo avaliada para publicação por outra revista; caso contrário, deve-se justificar em \\\"Comentários ao editor\\\".\"},{\"order\":2,\"content\":\"O arquivo da submissão está em formato Microsoft Word, OpenOffice ou RTF.\"},{\"order\":15,\"content\":\"Quando disponíveis, as URLs e DOIs das referências foram fornecidas.\"},{\"order\":16,\"content\":\"O texto é espaçado 1,5; usa uma fonte de 12 pontos; usa itálico, em vez de sublinhado (exceto com URLs); e todas as figuras e tabelas são colocadas dentro do texto nos pontos apropriados com sua chamada correspondente no texto, em vez de no final.\"},{\"order\":17,\"content\":\"O texto segue os padrões de estilo e requisitos bibliográficos descritos em <a href=\\\"https:\\/\\/journal.sipsych.org\\/index.php\\/IJP\\/about\\/submissions#authorGuidelines\\\">Diretrizes para Autores<\\/a>, na página Sobre a Revista, adaptando-se ao modelo sugerido.\"},{\"order\":18,\"content\":\"Todas as informações pessoais foram removidas do arquivo enviado (metadados), assim como do texto que ele contém. Garantir a revisão em dupla ocultação.\"},{\"order\":19,\"content\":\"Os princípios éticos exigidos foram explicitamente declarados de acordo com ás <a href=\\\"https:\\/\\/journal.sipsych.org\\/index.php\\/IJP\\/about\\/submissions#authorGuidelines\\\">Diretrizes para Autores<\\/a>, na página Sobre a Revista. Quando necessário, o certificado do comitê de ética é anexado.\"}]','object'),(2,'es_AR','acronym',NULL,NULL),(2,'es_ES','acronym',NULL,NULL),(2,'pt_BR','acronym',NULL,NULL),(1,'fr_FR','authorGuidelines','<p><strong>Catégories des manuscrits</strong></p>\n<p>Les manuscrits acceptés sont divisés en quatre catégories : (a) Articles. qui peuvent inclure des rapports de recherche de données qualitatives ou quantitatives, des développements théoriques, des analyses et recherches socio-bliométriques intégratives et critiques, des contributions méthodologiques et historiographiques ; (b) Évaluation du programme/rapport succinct (pas plus de 10 pages, y compris les références, tableaux et diagrammes) qui peuvent inclure des expériences professionnelles innovantes, des questions politiques, des formations ou des données provenant d\'études préliminaires ou pilotes ; (c) Critiques de livres. Ils doivent examiner les mérites du livre et ses contributions à la psychologie en Amériques, et ne doivent pas avoir plus de 3 ans ; (d) Interaméricaine Psychologie. Ils comprennent des entretiens, des rapports, des protocoles et des manuscrits présentant un intérêt pour les travaux universitaires, professionnels et scientifiques de la psychologie interaméricaine.</p>\n<p>Les articles d\'étudiants suivront les mêmes critères que les articles réguliers, à l\'exception du fait que le rédacteur et le comité de rédaction assisteront les étudiants tout au long du processus. La RIP/IJP traite les articles pour le prix de recherche des étudiants de la SIP (tant au niveau du premier cycle que des cycles supérieurs) et les présentations des lauréats du prix interaméricain, qui n\'ont pas été publiées dans les actes du Congrès.</p>\n<p>Elle publiera également des sections spéciales. Les directives à ce sujet doivent être demandées au rédacteur en chef.</p>\n<p><strong>Processus éditorial et prise de décision</strong></p>\n<p>Les manuscrits reçus ne peuvent pas avoir été envoyés ou être envoyés à une autre publication professionnelle ou universitaire en même temps que le RIP/IJP.</p>\n<p>Ils ne doivent pas avoir été publiés en partie ou en totalité dans une autre publication. Ils seront soumis à un processus d\'examen des plagiats par le biais de la plateforme <em>Google Assignment</em>.</p>\n<p>En raison des politiques éditoriales et des normes de publication scientifique requises dans la communauté universitaire, le RIP/IJP dispose d\'un espace pour publier entre 10% et 20% des manuscrits reçus. Par conséquent, chaque manuscrit est soumis à une analyse rigoureuse de la qualité par le comité éditorial, qui évalue si les différentes exigences éthiques, stylistiques et scientifiques d\'un manuscrit de qualité ont été respectées, en fonction des intérêts de la publication de la revue. Sur la base de cette évaluation, le manuscrit peut être rejeté ou accepté pour le processus d\'évaluation.</p>\n<p>En raison de l\'obligation de révision en double aveugle, les auteurs doivent faire tout leur possible pour éliminer du manuscrit les indices ou suggestions qui pourraient les identifier, c\'est-à-dire que les données des auteurs et de leurs institutions doivent être téléchargées uniquement dans le formulaire OJS, tandis que le manuscrit doit comporter les éléments indiqués ci-dessous dans le style rédactionnel.</p>\n<p>Les réviseurs et l\'équipe éditoriale feront des suggestions de publication à l\'éditeur, qui sera responsable des décisions finales concernant la publication ou le rejet et communiquera ces suggestions aux auteurs, avec les modifications à apporter, le cas échéant.</p>\n<p><strong>Style rédactionnel</strong></p>\n<p>Le RIP/IJP suivra strictement les directives du dernier manuel de publication de <em>l\'American Psychological Association</em>. (Télécharger le <a href=\"https://docs.google.com/uc?export=download&amp;id=1a1ZRKccUyPKEkKnjlNyJOA8qVAvQjZDU\" target=\"_blank\" rel=\"noopener\">modèle</a>)</p>\n<ol>\n<li>Le manuscrit original ne doit pas dépasser 20 pages (A4, marges 2,5 sur tous les côtés) avec un espacement de 1,5 et comprenant les références, les tableaux et les diagrammes. Le dépassement de cette limite ne sera possible que lorsque le contenu du manuscrit l\'exigera et sera dûment justifié par l\'auteur par l\'ouverture d\'un commentaire dans le système de gestion éditoriale de la revue.</li>\n<li>Le manuscrit soumis doit commencer par inclure le titre, le résumé (maximum 200 mots) et les mots clés en anglais ; et un titre, un résumé et des mots clés, dans une des autres langues officielles de l\'SIP (Espagnol, Portugais ou Français).</li>\n<li>Les informations sur les auteurs, les institutions et autres ne doivent figurer nulle part dans le manuscrit soumis. Assurez-vous que les informations des auteurs et de leurs contacts sont correctement chargées dans les formulaires de soumission, y compris ORCID.</li>\n<li>Le titre doit expliquer la recherche effectuée, tout en étant attrayant et en attirant l\'attention des lecteurs et des spécialistes du domaine dont il est issu.</li>\n<li>L\'utilisation de notes de bas de page n\'est pas recommandée.</li>\n<li>Toutes les sources citées dans le manuscrit doivent être incluses dans la liste des références et vice versa.</li>\n<li>Le formulaire de soumission doit être envoyé avec les informations dans les quatre langues, où les noms et les institutions (institution, ville, pays) doivent être répétés dans les quatre langues en respectant leur dénomination d\'origine (par exemple : Universidad Nacional de Córdoba, Harvard University, Universidade de São Paulo), c\'est-à-dire que ni les noms propres ni les noms institutionnels ne doivent être traduits dans une autre langue. En ce qui concerne les titres, les résumés et les mots clés, tous les champs doivent être remplis en anglais, sauf l\'autre langue choisie (des fonctionnaires de la SIP : Espagnol, Portugais ou Français) qui doit être chargée dans cette langue.</li>\n<li>Le formulaire de soumission doit être rempli dans son intégralité, y compris, le cas échéant, l\'indication des conflits d\'intérêts ou non, ainsi que le chargement des références bibliographiques des articles et des autres champs obligatoires. Celles-ci font partie des métadonnées et sont d\'une importance vitale pour la diffusion correcte des informations publiées dans le RIP/IJP, et constituent le principal moyen d\'identification des auteurs et des institutions financières. Ainsi que la déclaration des principes éthiques, stylistiques et méthodologiques des auteurs, qui sont nécessaires pour assurer une publication de haute valeur scientifique et humaine.</li>\n</ol>\n<p><strong>Style d\'écriture</strong></p>\n<p>Le RIP/IJP encourage l\'utilisation d\'un langage inclusif en ce qui concerne le sexe, l\'origine ethnique, l\'âge, l\'origine nationale, l\'orientation sexuelle, le handicap et d\'autres caractéristiques sociodémographiques. Le rédacteur en chef suggère d\'utiliser le terme « participants » plutôt que « sujets ». Les procédures utilisées pour obtenir le consentement éclairé des participants doivent être décrites. Leurs caractéristiques sociodémographiques doivent être présentées de manière aussi explicite que possible. Les termes régionaux et techniques doivent être évités.</p>\n<p><strong>Principes éthiques</strong></p>\n<p>Dans les procédures, données et autres éléments nécessaires à la réalisation du manuscrit soumis, les auteurs doivent déclarer (explicitement dans le manuscrit) qu\'ils ont suivi les normes éthiques générales et spécifiques convenues dans les pays où l\'activité scientifique, universitaire et professionnelle a eu lieu. Ainsi que la Déclaration universelle de principes éthiques pour les psychologues <a href=\"https://www.iupsys.net/about/governance/universal-declaration-of-ethical-principles-for-psychologists.html\" target=\"_blank\" rel=\"noopener\">(IAAP &amp; IUPsyS, 2008</a>), les Lignes directrices internationales d\'éthique pour la recherche biomédicale impliquant des sujets humains (<a href=\"https://cioms.ch/wp-content/uploads/2017/12/CIOMS-EthicalGuideline_SP_INTERIOR-FINAL.pdf\" target=\"_blank\" rel=\"noopener\">CIOMS, OMS &amp; OPS, 2016</a>) et les déclarations actuelles de la SIP concernant les actions éthiques au moment de la soumission (SIP, <a href=\"https://archive.org/details/sip-1978-declaracion-sobre-practica-psicologica-y-ddhh/page/n1/mode/2up\" target=\"_blank\" rel=\"noopener\">1978</a>, <a href=\"https://archive.org/details/sip-2008a-declaracion-sobre-terapias-de-conversion\" target=\"_blank\" rel=\"noopener\">2008a</a>, <a href=\"https://archive.org/details/sip-2008b-declaracion-sobre-principios-eticos\" target=\"_blank\" rel=\"noopener\">2008b</a>, <a href=\"https://archive.org/details/sip-2014-declaracion-sobre-ninos-migrantes-en-centro-america\" target=\"_blank\" rel=\"noopener\">2014</a>, <a href=\"https://archive.org/details/sip-2016-declaracion-apoyo-a-acuerdos-de-paz-en-colombia\" target=\"_blank\" rel=\"noopener\">2016</a>, <a href=\"https://archive.org/details/sip-2018-position-statement-on-immigration\" target=\"_blank\" rel=\"noopener\">2018</a>, <a href=\"https://archive.org/details/sip-2019-declaracion-experticia-en-salud-mental\" target=\"_blank\" rel=\"noopener\">2019</a>).</p>\n<p>Dans les cas où les principes éthiques l\'exigent, dans l\'un des cas mentionnés ci-dessus (local, national ou international) ; les auteurs seront responsables de joindre à la soumission du RIP/IJP, la certification ou l\'approbation du comité d\'éthique de l\'organisme concerné sur les procédures décrites dans le manuscrit.</p>\n<p>Enfin, les auteurs sont tenus d\'indiquer explicitement dans le manuscrit tout conflit d\'intérêt ou l\'absence de conflit.</p>\n<p>Le RIP/IJP dispose d\'un protocole de signalement des fautes professionnelles qui, si le manuscrit est jugé inapproprié, peut être retiré à n\'importe quel stade du processus les articles publiés.</p>',NULL),(1,'fr_FR','copyrightNotice','<p>Les auteurs qui publient avec cette revue acceptent les conditions suivantes :</p>\n<p>Les auteurs conservent les droits d\'auteur et accordent à la revue le droit de première publication, le travail [PRÉCISER LA PÉRIODE DE TEMPS] après sa publication étant simultanément sous licence <a href=\"http://creativecommons.org/licenses/by/3.0/\" target=\"_blank\" rel=\"noopener\">Creative Commons Attribution</a> License qui permet à d\'autres de partager le travail avec une reconnaissance de la paternité du travail et de la publication initiale dans cette revue.<br />Les auteurs peuvent conclure des accords contractuels supplémentaires distincts pour la distribution non exclusive de la version publiée de l\'œuvre dans la revue (par exemple, l\'afficher dans un dépôt institutionnel ou la publier dans un livre), avec une reconnaissance de sa publication initiale dans cette revue.<br />Les auteurs sont autorisés et encouragés à publier leur travail en ligne (par exemple, dans des dépôts institutionnels ou sur leur site web) avant et pendant le processus de soumission, car cela peut conduire à des échanges productifs, ainsi qu\'à une citation plus précoce et plus importante des travaux publiés (<a href=\"http://opcit.eprints.org/oacitation-biblio.html\" target=\"_blank\" rel=\"noopener\">voir l\'effet du libre accès</a>).</p>',NULL),(2,'','defaultReviewMode','2',NULL),(2,'en_US','description','<p>test</p>',NULL),(2,'es_AR','description',NULL,NULL),(2,'es_ES','description',NULL,NULL),(2,'pt_BR','description',NULL,NULL),(2,'fr_FR','description',NULL,NULL),(2,'','emailSignature','<br/>\n________________________________________________________________________<br/>\n<a href=\"https://journal.sipsych.org/index.php/test\">test</a>',NULL),(2,'','disableSubmissions','0',NULL),(2,'','itemsPerPage','25',NULL),(2,'','keywords','request',NULL),(2,'en_US','librarianInformation','We encourage research librarians to list this journal among their library\'s electronic journal holdings. As well, it may be worth noting that this journal\'s open source publishing system is suitable for libraries to host for their faculty members to use with journals they are involved in editing (see <a href=\"http://pkp.sfu.ca/ojs\">Open Journal Systems</a>).',NULL),(2,'en_US','name','test',NULL),(2,'es_AR','name',NULL,NULL),(2,'es_ES','name',NULL,NULL),(2,'pt_BR','name',NULL,NULL),(2,'fr_FR','name',NULL,NULL),(2,'','numPageLinks','10',NULL),(2,'','numWeeksPerResponse','4',NULL),(2,'','numWeeksPerReview','4',NULL),(2,'en_US','openAccessPolicy','This journal provides immediate open access to its content on the principle that making research freely available to the public supports a greater global exchange of knowledge.',NULL),(2,'en_US','privacyStatement','<p>The names and email addresses entered in this journal site will be used exclusively for the stated purposes of this journal and will not be made available for any other purpose or to any other party.</p>',NULL),(2,'en_US','readerInformation','We encourage readers to sign up for the publishing notification service for this journal. Use the <a href=\"https://journal.sipsych.org/index.php/test/user/register\">Register</a> link at the top of the home page for the journal. This registration will result in the reader receiving the Table of Contents by email for each new issue of the journal. This list also allows the journal to claim a certain level of support or readership. See the journal\'s <a href=\"https://journal.sipsych.org/index.php/test/about/submissions#privacyStatement\">Privacy Statement</a>, which assures readers that their name and email address will not be used for other purposes.',NULL),(2,'en_US','submissionChecklist','[{\"order\":1,\"content\":\"The submission has not been previously published, nor is it before another journal for consideration (or an explanation has been provided in Comments to the Editor).\"},{\"order\":2,\"content\":\"The submission file is in OpenOffice, Microsoft Word, or RTF document file format.\"},{\"order\":3,\"content\":\"Where available, URLs for the references have been provided.\"},{\"order\":4,\"content\":\"The text is single-spaced; uses a 12-point font; employs italics, rather than underlining (except with URL addresses); and all illustrations, figures, and tables are placed within the text at the appropriate points, rather than at the end.\"},{\"order\":5,\"content\":\"The text adheres to the stylistic and bibliographic requirements outlined in the Author Guidelines.\"}]',NULL),(2,'','supportedFormLocales','[\"en_US\"]',NULL),(2,'','supportedLocales','[\"en_US\"]',NULL),(2,'','supportedSubmissionLocales','[\"en_US\"]',NULL),(2,'','themePluginPath','default',NULL),(2,'en_US','abbreviation','test',NULL),(2,'es_AR','abbreviation',NULL,NULL),(2,'es_ES','abbreviation',NULL,NULL),(2,'pt_BR','abbreviation',NULL,NULL),(2,'fr_FR','abbreviation',NULL,NULL),(2,'en_US','clockssLicense','This journal utilizes the CLOCKSS system to create a distributed archiving system among participating libraries and permits those libraries to create permanent archives of the journal for purposes of preservation and restoration. <a href=\"http://clockss.org/\">More...</a>',NULL),(2,'','copyrightYearBasis','issue',NULL),(2,'','enableOai','1',NULL),(2,'en_US','lockssLicense','This journal utilizes the LOCKSS system to create a distributed archiving system among participating libraries and permits those libraries to create permanent archives of the journal for purposes of preservation and restoration. <a href=\"http://www.lockss.org/\">More...</a>',NULL),(2,'','membershipFee','0',NULL),(2,'','publicationFee','0',NULL),(2,'','purchaseArticleFee','0',NULL);

--
-- Table structure for table `journals`
--

CREATE TABLE `journals` (
  `journal_id` bigint(20) NOT NULL AUTO_INCREMENT,
  `path` varchar(32) NOT NULL,
  `seq` double NOT NULL DEFAULT '0',
  `primary_locale` varchar(14) NOT NULL,
  `enabled` tinyint(4) NOT NULL DEFAULT '1',
  PRIMARY KEY (`journal_id`),
  UNIQUE KEY `journals_path` (`path`)
) ENGINE=MyISAM AUTO_INCREMENT=3 DEFAULT CHARSET=utf8;

--
-- Dumping data for table `journals`
--

INSERT INTO `journals` VALUES (1,'IJP',1,'en_US',1),(2,'test',1,'en_US',0);

--
-- Table structure for table `library_file_settings`
--

CREATE TABLE `library_file_settings` (
  `file_id` bigint(20) NOT NULL,
  `locale` varchar(14) NOT NULL DEFAULT '',
  `setting_name` varchar(255) NOT NULL,
  `setting_value` text,
  `setting_type` varchar(6) NOT NULL,
  UNIQUE KEY `library_file_settings_pkey` (`file_id`,`locale`,`setting_name`),
  KEY `library_file_settings_id` (`file_id`)
) ENGINE=InnoDB DEFAULT CHARSET=utf8;

--
-- Dumping data for table `library_file_settings`
--

INSERT INTO `library_file_settings` VALUES (1,'en_US','name','Lista de autores','string'),(1,'es_ES','name','','string'),(1,'fr_FR','name','','string'),(1,'pt_BR','name','','string'),(2,'en_US','name','Englisn','string'),(2,'es_ES','name','','string'),(2,'fr_FR','name','','string'),(2,'pt_BR','name','franciscabrito, carta','string'),(3,'en_US','name','português','string'),(3,'es_ES','name','','string'),(3,'fr_FR','name','','string'),(3,'pt_BR','name','página de título','string'),(4,'en_US','name','Personality, Facing and Perception of Adaptability to Teleworking in Covid-19 Times','string'),(4,'es_ES','name','Personalidad, Afrontamiento y Percepción de Adaptabilidad al Teletrabajo en Tiempos de Covid-19.docx	','string'),(4,'fr_FR','name','','string'),(4,'pt_BR','name','','string'),(5,'en_US','name','','string'),(5,'es_ES','name','SIP_RIP MS masked for peer reviewers','string'),(5,'fr_FR','name','','string'),(5,'pt_BR','name','','string'),(6,'en_US','name','','string'),(6,'es_ES','name','SIP_RIP MS original complete','string'),(6,'fr_FR','name','','string'),(6,'pt_BR','name','','string');

--
-- Table structure for table `library_files`
--

CREATE TABLE `library_files` (
  `file_id` bigint(20) NOT NULL AUTO_INCREMENT,
  `context_id` bigint(20) NOT NULL,
  `file_name` varchar(255) NOT NULL,
  `original_file_name` varchar(255) NOT NULL,
  `file_type` varchar(255) NOT NULL,
  `file_size` bigint(20) NOT NULL,
  `type` tinyint(4) NOT NULL,
  `date_uploaded` datetime NOT NULL,
  `date_modified` datetime NOT NULL,
  `submission_id` bigint(20) NOT NULL,
  `public_access` tinyint(4) DEFAULT '0',
  PRIMARY KEY (`file_id`),
  KEY `library_files_submission_id` (`submission_id`)
) ENGINE=InnoDB AUTO_INCREMENT=7 DEFAULT CHARSET=utf8;

--
-- Dumping data for table `library_files`
--

INSERT INTO `library_files` VALUES (1,1,'PortadaRiesgo suicida en adolescentes escolarizados-OTH.docx','PortadaRiesgo suicida en adolescentes escolarizados.docx','application/vnd.openxmlformats-officedocument.wordprocessingml.document',13138,5,'2020-06-25 14:19:39','2020-06-25 14:19:39',1360,0),(2,1,'Carta-PER.docx','Carta.docx','application/vnd.openxmlformats-officedocument.wordprocessingml.document',657573,3,'2020-07-22 08:57:57','2020-07-22 08:57:57',1386,0),(3,1,'página de título-OTH.docx','página de título.docx','application/vnd.openxmlformats-officedocument.wordprocessingml.document',14503,5,'2020-07-22 09:00:44','2020-07-22 09:00:44',1386,0),(4,1,'Personalidad, Afrontamiento y Percepción de Adaptabilidad al Teletrabajo en Tiempos de Covid-19-OTH.docx','Personalidad, Afrontamiento y Percepción de Adaptabilidad al Teletrabajo en Tiempos de Covid-19.docx','application/vnd.openxmlformats-officedocument.wordprocessingml.document',85742,5,'2020-08-21 11:47:23','2020-08-21 11:47:23',1388,0),(5,1,'SIP_RIP MS masked for peer reviewers-OTH.docx','SIP_RIP MS masked for peer reviewers.docx','application/vnd.openxmlformats-officedocument.wordprocessingml.document',101935,5,'2021-05-18 20:21:29','2021-05-18 20:21:29',1627,0),(6,1,'SIP_RIP MS original complete-OTH.docx','SIP_RIP MS original complete.docx','application/vnd.openxmlformats-officedocument.wordprocessingml.document',106935,5,'2021-05-18 20:22:26','2021-05-18 20:22:26',1627,0);

--
-- Table structure for table `metadata_description_settings`
--

CREATE TABLE `metadata_description_settings` (
  `metadata_description_id` bigint(20) NOT NULL,
  `locale` varchar(14) NOT NULL DEFAULT '',
  `setting_name` varchar(255) NOT NULL,
  `setting_value` text,
  `setting_type` varchar(6) NOT NULL,
  UNIQUE KEY `metadata_descripton_settings_pkey` (`metadata_description_id`,`locale`,`setting_name`),
  KEY `metadata_description_settings_id` (`metadata_description_id`)
) ENGINE=MyISAM DEFAULT CHARSET=utf8;

--
-- Dumping data for table `metadata_description_settings`
--


--
-- Table structure for table `metadata_descriptions`
--

CREATE TABLE `metadata_descriptions` (
  `metadata_description_id` bigint(20) NOT NULL AUTO_INCREMENT,
  `assoc_type` bigint(20) NOT NULL DEFAULT '0',
  `assoc_id` bigint(20) NOT NULL DEFAULT '0',
  `schema_namespace` varchar(255) NOT NULL,
  `schema_name` varchar(255) NOT NULL,
  `display_name` varchar(255) DEFAULT NULL,
  `seq` bigint(20) NOT NULL DEFAULT '0',
  PRIMARY KEY (`metadata_description_id`),
  KEY `metadata_descriptions_assoc` (`assoc_type`,`assoc_id`)
) ENGINE=MyISAM DEFAULT CHARSET=utf8;

--
-- Dumping data for table `metadata_descriptions`
--


--
-- Table structure for table `metrics`
--

CREATE TABLE `metrics` (
  `load_id` varchar(255) NOT NULL,
  `assoc_type` bigint(20) NOT NULL,
  `context_id` bigint(20) NOT NULL,
  `submission_id` bigint(20) DEFAULT NULL,
  `assoc_id` bigint(20) NOT NULL,
  `day` varchar(8) DEFAULT NULL,
  `month` varchar(6) DEFAULT NULL,
  `file_type` tinyint(4) DEFAULT NULL,
  `country_id` varchar(2) DEFAULT NULL,
  `region` varchar(2) DEFAULT NULL,
  `city` varchar(255) DEFAULT NULL,
  `metric_type` varchar(255) NOT NULL,
  `metric` int(11) NOT NULL,
  `pkp_section_id` bigint(20) DEFAULT NULL,
  `assoc_object_type` bigint(20) DEFAULT NULL,
  `assoc_object_id` bigint(20) DEFAULT NULL,
  `representation_id` bigint(20) DEFAULT NULL,
  KEY `metrics_load_id` (`load_id`),
  KEY `metrics_metric_type_context_id` (`metric_type`,`context_id`),
  KEY `metrics_metric_type_submission_id_assoc_type` (`metric_type`,`submission_id`,`assoc_type`),
  KEY `metrics_metric_type_submission_id_assoc` (`metric_type`,`context_id`,`assoc_type`,`assoc_id`)
) ENGINE=MyISAM DEFAULT CHARSET=utf8;

--
-- Dumping data for table `metrics`
--

INSERT INTO `metrics` VALUES ('usage_events_20150319.log',256,1,NULL,1,'20150319','201503',NULL,NULL,NULL,NULL,'ojs::counter',10,NULL,NULL,NULL,NULL),('usage_events_20150320.log',256,1,NULL,1,'20150320','201503',NULL,NULL,NULL,NULL,'ojs::counter',5,NULL,NULL,NULL,NULL),('usage_events_20150321.log',256,1,NULL,1,'20150321','201503',NULL,NULL,NULL,NULL,'ojs::counter',8,NULL,NULL,NULL,NULL),('usage_events_20150322.log',256,1,NULL,1,'20150322','201503',NULL,NULL,NULL,NULL,'ojs::counter',10,NULL,NULL,NULL,NULL),('usage_events_20150323.log',256,1,NULL,1,'20150323','201503',NULL,NULL,NULL,NULL,'ojs::counter',1,NULL,NULL,NULL,NULL),('usage_events_20150331.log',256,1,NULL,1,'20150331','201503',NULL,NULL,NULL,NULL,'ojs::counter',1,NULL,NULL,NULL,NULL),('usage_events_20150504.log',256,1,NULL,1,'20150504','201505',NULL,NULL,NULL,NULL,'ojs::counter',1,NULL,NULL,NULL,NULL),('usage_events_20150523.log',256,1,NULL,1,'20150523','201505',NULL,NULL,NULL,NULL,'ojs::counter',2,NULL,NULL,NULL,NULL),('usage_events_20150524.log',256,1,NULL,1,'20150524','201505',NULL,NULL,NULL,NULL,'ojs::counter',1,NULL,NULL,NULL,NULL),('usage_events_20150525.log',256,1,NULL,1,'20150525','201505',NULL,NULL,NULL,NULL,'ojs::counter',2,NULL,NULL,NULL,NULL),('usage_events_20150526.log',256,1,NULL,1,'20150526','201505',NULL,NULL,NULL,NULL,'ojs::counter',1,NULL,NULL,NULL,NULL),('usage_events_20150529.log',256,1,NULL,1,'20150529','201505',NULL,NULL,NULL,NULL,'ojs::counter',9,NULL,NULL,NULL,NULL),('usage_events_20150603.log',256,1,NULL,1,'20150603','201506',NULL,NULL,NULL,NULL,'ojs::counter',10,NULL,NULL,NULL,NULL),('usage_events_20150608.log',256,1,NULL,1,'20150608','201506',NULL,NULL,NULL,NULL,'ojs::counter',20,NULL,NULL,NULL,NULL),('usage_events_20150609.log',256,1,NULL,1,'20150609','201506',NULL,NULL,NULL,NULL,'ojs::counter',10,NULL,NULL,NULL,NULL),('usage_events_20150610.log',256,1,NULL,1,'20150610','201506',NULL,NULL,NULL,NULL,'ojs::counter',1,NULL,NULL,NULL,NULL),('usage_events_20150616.log',256,1,NULL,1,'20150616','201506',NULL,NULL,NULL,NULL,'ojs::counter',1,NULL,NULL,NULL,NULL),('usage_events_20150623.log',256,1,NULL,1,'20150623','201506',NULL,NULL,NULL,NULL,'ojs::counter',1,NULL,NULL,NULL,NULL),('usage_events_20150627.log',256,1,NULL,1,'20150627','201506',NULL,NULL,NULL,NULL,'ojs::counter',2,NULL,NULL,NULL,NULL),('usage_events_20150626.log',256,1,NULL,1,'20150626','201506',NULL,NULL,NULL,NULL,'ojs::counter',5,NULL,NULL,NULL,NULL),('usage_events_20150628.log',256,1,NULL,1,'20150628','201506',NULL,NULL,NULL,NULL,'ojs::counter',3,NULL,NULL,NULL,NULL),('usage_events_20150629.log',256,1,NULL,1,'20150629','201506',NULL,NULL,NULL,NULL,'ojs::counter',1,NULL,NULL,NULL,NULL),('usage_events_20150701.log',256,1,NULL,1,'20150701','201507',NULL,NULL,NULL,NULL,'ojs::counter',3,NULL,NULL,NULL,NULL),('usage_events_20150630.log',256,1,NULL,1,'20150630','201506',NULL,NULL,NULL,NULL,'ojs::counter',1,NULL,NULL,NULL,NULL),('usage_events_20150702.log',256,1,NULL,1,'20150702','201507',NULL,NULL,NULL,NULL,'ojs::counter',3,NULL,NULL,NULL,NULL),('usage_events_20150703.log',256,1,NULL,1,'20150703','201507',NULL,NULL,NULL,NULL,'ojs::counter',1,NULL,NULL,NULL,NULL),('usage_events_20150705.log',256,1,NULL,1,'20150705','201507',NULL,NULL,NULL,NULL,'ojs::counter',2,NULL,NULL,NULL,NULL),('usage_events_20150706.log',256,1,NULL,1,'20150706','201507',NULL,NULL,NULL,NULL,'ojs::counter',3,NULL,NULL,NULL,NULL),('usage_events_20150707.log',256,1,NULL,1,'20150707','201507',NULL,NULL,NULL,NULL,'ojs::counter',9,NULL,NULL,NULL,NULL),('usage_events_20150708.log',256,1,NULL,1,'20150708','201507',NULL,NULL,NULL,NULL,'ojs::counter',3,NULL,NULL,NULL,NULL),('usage_events_20150710.log',256,1,NULL,1,'20150710','201507',NULL,NULL,NULL,NULL,'ojs::counter',1,NULL,NULL,NULL,NULL),('usage_events_20150711.log',256,1,NULL,1,'20150711','201507',NULL,NULL,NULL,NULL,'ojs::counter',1,NULL,NULL,NULL,NULL),('usage_events_20150712.log',256,1,NULL,1,'20150712','201507',NULL,NULL,NULL,NULL,'ojs::counter',2,NULL,NULL,NULL,NULL),('usage_events_20150713.log',256,1,NULL,1,'20150713','201507',NULL,NULL,NULL,NULL,'ojs::counter',3,NULL,NULL,NULL,NULL),('usage_events_20150714.log',256,1,NULL,1,'20150714','201507',NULL,NULL,NULL,NULL,'ojs::counter',2,NULL,NULL,NULL,NULL),('usage_events_20150715.log',256,1,NULL,1,'20150715','201507',NULL,NULL,NULL,NULL,'ojs::counter',4,NULL,NULL,NULL,NULL),('usage_events_20150716.log',256,1,NULL,1,'20150716','201507',NULL,NULL,NULL,NULL,'ojs::counter',6,NULL,NULL,NULL,NULL),('usage_events_20150717.log',256,1,NULL,1,'20150717','201507',NULL,NULL,NULL,NULL,'ojs::counter',3,NULL,NULL,NULL,NULL),('usage_events_20150718.log',256,1,NULL,1,'20150718','201507',NULL,NULL,NULL,NULL,'ojs::counter',1,NULL,NULL,NULL,NULL),('usage_events_20150719.log',256,1,NULL,1,'20150719','201507',NULL,NULL,NULL,NULL,'ojs::counter',3,NULL,NULL,NULL,NULL),('usage_events_20150720.log',256,1,NULL,1,'20150720','201507',NULL,NULL,NULL,NULL,'ojs::counter',4,NULL,NULL,NULL,NULL),('usage_events_20150721.log',256,1,NULL,1,'20150721','201507',NULL,NULL,NULL,NULL,'ojs::counter',4,NULL,NULL,NULL,NULL),('usage_events_20150722.log',256,1,NULL,1,'20150722','201507',NULL,NULL,NULL,NULL,'ojs::counter',2,NULL,NULL,NULL,NULL),('usage_events_20150723.log',256,1,NULL,1,'20150723','201507',NULL,NULL,NULL,NULL,'ojs::counter',1,NULL,NULL,NULL,NULL),('usage_events_20150724.log',256,1,NULL,1,'20150724','201507',NULL,NULL,NULL,NULL,'ojs::counter',4,NULL,NULL,NULL,NULL),('usage_events_20150725.log',256,1,NULL,1,'20150725','201507',NULL,NULL,NULL,NULL,'ojs::counter',1,NULL,NULL,NULL,NULL),('usage_events_20150727.log',256,1,NULL,1,'20150727','201507',NULL,NULL,NULL,NULL,'ojs::counter',1,NULL,NULL,NULL,NULL),('usage_events_20150729.log',256,1,NULL,1,'20150729','201507',NULL,NULL,NULL,NULL,'ojs::counter',1,NULL,NULL,NULL,NULL),('usage_events_20150731.log',256,1,NULL,1,'20150731','201507',NULL,NULL,NULL,NULL,'ojs::counter',2,NULL,NULL,NULL,NULL),('usage_events_20150801.log',256,1,NULL,1,'20150801','201508',NULL,NULL,NULL,NULL,'ojs::counter',2,NULL,NULL,NULL,NULL),('usage_events_20150802.log',256,1,NULL,1,'20150802','201508',NULL,NULL,NULL,NULL,'ojs::counter',1,NULL,NULL,NULL,NULL),('usage_events_20150803.log',256,1,NULL,1,'20150803','201508',NULL,NULL,NULL,NULL,'ojs::counter',2,NULL,NULL,NULL,NULL),('usage_events_20150804.log',256,1,NULL,1,'20150804','201508',NULL,NULL,NULL,NULL,'ojs::counter',4,NULL,NULL,NULL,NULL),('usage_events_20150806.log',256,1,NULL,1,'20150806','201508',NULL,NULL,NULL,NULL,'ojs::counter',1,NULL,NULL,NULL,NULL),('usage_events_20150805.log',256,1,NULL,1,'20150805','201508',NULL,NULL,NULL,NULL,'ojs::counter',3,NULL,NULL,NULL,NULL),('usage_events_20150808.log',256,1,NULL,1,'20150808','201508',NULL,NULL,NULL,NULL,'ojs::counter',3,NULL,NULL,NULL,NULL),('usage_events_20150809.log',256,1,NULL,1,'20150809','201508',NULL,NULL,NULL,NULL,'ojs::counter',2,NULL,NULL,NULL,NULL),('usage_events_20150811.log',256,1,NULL,1,'20150811','201508',NULL,NULL,NULL,NULL,'ojs::counter',3,NULL,NULL,NULL,NULL),('usage_events_20150810.log',256,1,NULL,1,'20150810','201508',NULL,NULL,NULL,NULL,'ojs::counter',7,NULL,NULL,NULL,NULL),('usage_events_20150813.log',256,1,NULL,1,'20150813','201508',NULL,NULL,NULL,NULL,'ojs::counter',5,NULL,NULL,NULL,NULL),('usage_events_20150815.log',256,1,NULL,1,'20150815','201508',NULL,NULL,NULL,NULL,'ojs::counter',4,NULL,NULL,NULL,NULL),('usage_events_20150816.log',256,1,NULL,1,'20150816','201508',NULL,NULL,NULL,NULL,'ojs::counter',1,NULL,NULL,NULL,NULL),('usage_events_20150818.log',256,1,NULL,1,'20150818','201508',NULL,NULL,NULL,NULL,'ojs::counter',3,NULL,NULL,NULL,NULL),('usage_events_20150819.log',256,1,NULL,1,'20150819','201508',NULL,NULL,NULL,NULL,'ojs::counter',5,NULL,NULL,NULL,NULL),('usage_events_20150820.log',256,1,NULL,1,'20150820','201508',NULL,NULL,NULL,NULL,'ojs::counter',5,NULL,NULL,NULL,NULL),('usage_events_20150821.log',256,1,NULL,1,'20150821','201508',NULL,NULL,NULL,NULL,'ojs::counter',2,NULL,NULL,NULL,NULL),('usage_events_20150824.log',256,1,NULL,1,'20150824','201508',NULL,NULL,NULL,NULL,'ojs::counter',5,NULL,NULL,NULL,NULL),('usage_events_20150825.log',256,1,NULL,1,'20150825','201508',NULL,NULL,NULL,NULL,'ojs::counter',1,NULL,NULL,NULL,NULL),('usage_events_20150826.log',256,1,NULL,1,'20150826','201508',NULL,NULL,NULL,NULL,'ojs::counter',1,NULL,NULL,NULL,NULL),('usage_events_20150827.log',256,1,NULL,1,'20150827','201508',NULL,NULL,NULL,NULL,'ojs::counter',1,NULL,NULL,NULL,NULL),('usage_events_20150828.log',256,1,NULL,1,'20150828','201508',NULL,NULL,NULL,NULL,'ojs::counter',13,NULL,NULL,NULL,NULL),('usage_events_20150830.log',256,1,NULL,1,'20150830','201508',NULL,NULL,NULL,NULL,'ojs::counter',3,NULL,NULL,NULL,NULL),('usage_events_20150829.log',256,1,NULL,1,'20150829','201508',NULL,NULL,NULL,NULL,'ojs::counter',3,NULL,NULL,NULL,NULL),('usage_events_20150831.log',256,1,NULL,1,'20150831','201508',NULL,NULL,NULL,NULL,'ojs::counter',7,NULL,NULL,NULL,NULL),('usage_events_20150902.log',256,1,NULL,1,'20150902','201509',NULL,NULL,NULL,NULL,'ojs::counter',8,NULL,NULL,NULL,NULL),('usage_events_20150903.log',256,1,NULL,1,'20150903','201509',NULL,NULL,NULL,NULL,'ojs::counter',5,NULL,NULL,NULL,NULL),('usage_events_20150906.log',256,1,NULL,1,'20150906','201509',NULL,NULL,NULL,NULL,'ojs::counter',2,NULL,NULL,NULL,NULL),('usage_events_20150907.log',256,1,NULL,1,'20150907','201509',NULL,NULL,NULL,NULL,'ojs::counter',2,NULL,NULL,NULL,NULL),('usage_events_20150908.log',256,1,NULL,1,'20150908','201509',NULL,NULL,NULL,NULL,'ojs::counter',7,NULL,NULL,NULL,NULL),('usage_events_20150909.log',256,1,NULL,1,'20150909','201509',NULL,NULL,NULL,NULL,'ojs::counter',1,NULL,NULL,NULL,NULL),('usage_events_20150910.log',256,1,NULL,1,'20150910','201509',NULL,NULL,NULL,NULL,'ojs::counter',5,NULL,NULL,NULL,NULL),('usage_events_20150911.log',256,1,NULL,1,'20150911','201509',NULL,NULL,NULL,NULL,'ojs::counter',2,NULL,NULL,NULL,NULL),('usage_events_20150912.log',256,1,NULL,1,'20150912','201509',NULL,NULL,NULL,NULL,'ojs::counter',1,NULL,NULL,NULL,NULL),('usage_events_20150913.log',256,1,NULL,1,'20150913','201509',NULL,NULL,NULL,NULL,'ojs::counter',5,NULL,NULL,NULL,NULL),('usage_events_20150914.log',256,1,NULL,1,'20150914','201509',NULL,NULL,NULL,NULL,'ojs::counter',7,NULL,NULL,NULL,NULL),('usage_events_20150915.log',256,1,NULL,1,'20150915','201509',NULL,NULL,NULL,NULL,'ojs::counter',2,NULL,NULL,NULL,NULL),('usage_events_20150916.log',256,1,NULL,1,'20150916','201509',NULL,NULL,NULL,NULL,'ojs::counter',2,NULL,NULL,NULL,NULL),('usage_events_20150917.log',256,1,NULL,1,'20150917','201509',NULL,NULL,NULL,NULL,'ojs::counter',3,NULL,NULL,NULL,NULL),('usage_events_20150918.log',256,1,NULL,1,'20150918','201509',NULL,NULL,NULL,NULL,'ojs::counter',5,NULL,NULL,NULL,NULL),('usage_events_20150921.log',256,1,NULL,1,'20150921','201509',NULL,NULL,NULL,NULL,'ojs::counter',10,NULL,NULL,NULL,NULL),('usage_events_20150920.log',256,1,NULL,1,'20150920','201509',NULL,NULL,NULL,NULL,'ojs::counter',2,NULL,NULL,NULL,NULL),('usage_events_20150922.log',256,1,NULL,1,'20150922','201509',NULL,NULL,NULL,NULL,'ojs::counter',3,NULL,NULL,NULL,NULL),('usage_events_20150923.log',256,1,NULL,1,'20150923','201509',NULL,NULL,NULL,NULL,'ojs::counter',8,NULL,NULL,NULL,NULL),('usage_events_20150924.log',256,1,NULL,1,'20150924','201509',NULL,NULL,NULL,NULL,'ojs::counter',6,NULL,NULL,NULL,NULL),('usage_events_20150925.log',256,1,NULL,1,'20150925','201509',NULL,NULL,NULL,NULL,'ojs::counter',5,NULL,NULL,NULL,NULL),('usage_events_20150926.log',256,1,NULL,1,'20150926','201509',NULL,NULL,NULL,NULL,'ojs::counter',5,NULL,NULL,NULL,NULL),('usage_events_20150927.log',256,1,NULL,1,'20150927','201509',NULL,NULL,NULL,NULL,'ojs::counter',9,NULL,NULL,NULL,NULL),('usage_events_20150928.log',256,1,NULL,1,'20150928','201509',NULL,NULL,NULL,NULL,'ojs::counter',7,NULL,NULL,NULL,NULL),('usage_events_20150929.log',256,1,NULL,1,'20150929','201509',NULL,NULL,NULL,NULL,'ojs::counter',9,NULL,NULL,NULL,NULL),('usage_events_20150930.log',256,1,NULL,1,'20150930','201509',NULL,NULL,NULL,NULL,'ojs::counter',1,NULL,NULL,NULL,NULL),('usage_events_20151001.log',256,1,NULL,1,'20151001','201510',NULL,NULL,NULL,NULL,'ojs::counter',1,NULL,NULL,NULL,NULL),('usage_events_20151002.log',256,1,NULL,1,'20151002','201510',NULL,NULL,NULL,NULL,'ojs::counter',4,NULL,NULL,NULL,NULL),('usage_events_20151004.log',256,1,NULL,1,'20151004','201510',NULL,NULL,NULL,NULL,'ojs::counter',2,NULL,NULL,NULL,NULL),('usage_events_20151005.log',256,1,NULL,1,'20151005','201510',NULL,NULL,NULL,NULL,'ojs::counter',3,NULL,NULL,NULL,NULL),('usage_events_20151006.log',256,1,NULL,1,'20151006','201510',NULL,NULL,NULL,NULL,'ojs::counter',4,NULL,NULL,NULL,NULL),('usage_events_20151008.log',256,1,NULL,1,'20151008','201510',NULL,NULL,NULL,NULL,'ojs::counter',2,NULL,NULL,NULL,NULL),('usage_events_20151007.log',256,1,NULL,1,'20151007','201510',NULL,NULL,NULL,NULL,'ojs::counter',1,NULL,NULL,NULL,NULL),('usage_events_20151010.log',256,1,NULL,1,'20151010','201510',NULL,NULL,NULL,NULL,'ojs::counter',2,NULL,NULL,NULL,NULL),('usage_events_20151011.log',256,1,NULL,1,'20151011','201510',NULL,NULL,NULL,NULL,'ojs::counter',1,NULL,NULL,NULL,NULL),('usage_events_20151012.log',256,1,NULL,1,'20151012','201510',NULL,NULL,NULL,NULL,'ojs::counter',4,NULL,NULL,NULL,NULL),('usage_events_20151013.log',256,1,NULL,1,'20151013','201510',NULL,NULL,NULL,NULL,'ojs::counter',1,NULL,NULL,NULL,NULL),('usage_events_20151014.log',256,1,NULL,1,'20151014','201510',NULL,NULL,NULL,NULL,'ojs::counter',3,NULL,NULL,NULL,NULL),('usage_events_20151015.log',256,1,NULL,1,'20151015','201510',NULL,NULL,NULL,NULL,'ojs::counter',5,NULL,NULL,NULL,NULL),('usage_events_20151016.log',256,1,NULL,1,'20151016','201510',NULL,NULL,NULL,NULL,'ojs::counter',8,NULL,NULL,NULL,NULL),('usage_events_20151017.log',256,1,NULL,1,'20151017','201510',NULL,NULL,NULL,NULL,'ojs::counter',6,NULL,NULL,NULL,NULL),('usage_events_20151018.log',256,1,NULL,1,'20151018','201510',NULL,NULL,NULL,NULL,'ojs::counter',4,NULL,NULL,NULL,NULL),('usage_events_20151019.log',256,1,NULL,1,'20151019','201510',NULL,NULL,NULL,NULL,'ojs::counter',2,NULL,NULL,NULL,NULL),('usage_events_20151030.log',256,1,NULL,1,'20151030','201510',NULL,NULL,NULL,NULL,'ojs::counter',1,NULL,NULL,NULL,NULL),('usage_events_20151031.log',256,1,NULL,1,'20151031','201510',NULL,NULL,NULL,NULL,'ojs::counter',2,NULL,NULL,NULL,NULL),('usage_events_20151101.log',256,1,NULL,1,'20151101','201511',NULL,NULL,NULL,NULL,'ojs::counter',4,NULL,NULL,NULL,NULL),('usage_events_20151102.log',256,1,NULL,1,'20151102','201511',NULL,NULL,NULL,NULL,'ojs::counter',2,NULL,NULL,NULL,NULL),('usage_events_20151103.log',256,1,NULL,1,'20151103','201511',NULL,NULL,NULL,NULL,'ojs::counter',7,NULL,NULL,NULL,NULL),('usage_events_20151104.log',256,1,NULL,1,'20151104','201511',NULL,NULL,NULL,NULL,'ojs::counter',1,NULL,NULL,NULL,NULL),('usage_events_20151105.log',256,1,NULL,1,'20151105','201511',NULL,NULL,NULL,NULL,'ojs::counter',3,NULL,NULL,NULL,NULL),('usage_events_20151106.log',256,1,NULL,1,'20151106','201511',NULL,NULL,NULL,NULL,'ojs::counter',1,NULL,NULL,NULL,NULL),('usage_events_20151107.log',256,1,NULL,1,'20151107','201511',NULL,NULL,NULL,NULL,'ojs::counter',2,NULL,NULL,NULL,NULL),('usage_events_20151108.log',256,1,NULL,1,'20151108','201511',NULL,NULL,NULL,NULL,'ojs::counter',1,NULL,NULL,NULL,NULL),('usage_events_20151110.log',256,1,NULL,1,'20151110','201511',NULL,NULL,NULL,NULL,'ojs::counter',7,NULL,NULL,NULL,NULL),('usage_events_20151109.log',256,1,NULL,1,'20151109','201511',NULL,NULL,NULL,NULL,'ojs::counter',7,NULL,NULL,NULL,NULL),('usage_events_20151111.log',256,1,NULL,1,'20151111','201511',NULL,NULL,NULL,NULL,'ojs::counter',5,NULL,NULL,NULL,NULL),('usage_events_20151113.log',256,1,NULL,1,'20151113','201511',NULL,NULL,NULL,NULL,'ojs::counter',2,NULL,NULL,NULL,NULL),('usage_events_20151114.log',256,1,NULL,1,'20151114','201511',NULL,NULL,NULL,NULL,'ojs::counter',2,NULL,NULL,NULL,NULL),('usage_events_20151115.log',256,1,NULL,1,'20151115','201511',NULL,NULL,NULL,NULL,'ojs::counter',2,NULL,NULL,NULL,NULL),('usage_events_20151116.log',256,1,NULL,1,'20151116','201511',NULL,NULL,NULL,NULL,'ojs::counter',6,NULL,NULL,NULL,NULL),('usage_events_20151117.log',256,1,NULL,1,'20151117','201511',NULL,NULL,NULL,NULL,'ojs::counter',1,NULL,NULL,NULL,NULL),('usage_events_20151118.log',256,1,NULL,1,'20151118','201511',NULL,NULL,NULL,NULL,'ojs::counter',12,NULL,NULL,NULL,NULL),('usage_events_20151119.log',256,1,NULL,1,'20151119','201511',NULL,NULL,NULL,NULL,'ojs::counter',4,NULL,NULL,NULL,NULL),('usage_events_20151120.log',256,1,NULL,1,'20151120','201511',NULL,NULL,NULL,NULL,'ojs::counter',73,NULL,NULL,NULL,NULL),('usage_events_20151121.log',256,1,NULL,1,'20151121','201511',NULL,NULL,NULL,NULL,'ojs::counter',23,NULL,NULL,NULL,NULL),('usage_events_20151122.log',256,1,NULL,1,'20151122','201511',NULL,NULL,NULL,NULL,'ojs::counter',24,NULL,NULL,NULL,NULL),('usage_events_20151123.log',256,1,NULL,1,'20151123','201511',NULL,NULL,NULL,NULL,'ojs::counter',44,NULL,NULL,NULL,NULL),('usage_events_20151124.log',256,1,NULL,1,'20151124','201511',NULL,NULL,NULL,NULL,'ojs::counter',18,NULL,NULL,NULL,NULL),('usage_events_20151125.log',256,1,NULL,1,'20151125','201511',NULL,NULL,NULL,NULL,'ojs::counter',6,NULL,NULL,NULL,NULL),('usage_events_20151126.log',256,1,NULL,1,'20151126','201511',NULL,NULL,NULL,NULL,'ojs::counter',13,NULL,NULL,NULL,NULL),('usage_events_20151127.log',256,1,NULL,1,'20151127','201511',NULL,NULL,NULL,NULL,'ojs::counter',20,NULL,NULL,NULL,NULL),('usage_events_20151128.log',256,1,NULL,1,'20151128','201511',NULL,NULL,NULL,NULL,'ojs::counter',36,NULL,NULL,NULL,NULL),('usage_events_20160909.log',256,1,NULL,1,'20160909','201609',NULL,NULL,NULL,NULL,'ojs::counter',161,NULL,NULL,NULL,NULL),('usage_events_20160909.log',1048585,1,2,2,'20160909','201609',NULL,NULL,NULL,NULL,'ojs::counter',10,1,259,17,NULL),('usage_events_20160909.log',1048585,1,17,17,'20160909','201609',NULL,NULL,NULL,NULL,'ojs::counter',158,1,259,1,NULL),('usage_events_20160909.log',1048585,1,34,34,'20160909','201609',NULL,NULL,NULL,NULL,'ojs::counter',3,1,259,17,NULL),('usage_events_20160909.log',1048585,1,61,61,'20160909','201609',NULL,NULL,NULL,NULL,'ojs::counter',2,3,259,17,NULL),('usage_events_20160909.log',1048585,1,66,66,'20160909','201609',NULL,NULL,NULL,NULL,'ojs::counter',2,1,259,17,NULL),('usage_events_20160909.log',1048585,1,75,75,'20160909','201609',NULL,NULL,NULL,NULL,'ojs::counter',6,1,259,17,NULL),('usage_events_20160909.log',1048585,1,79,79,'20160909','201609',NULL,NULL,NULL,NULL,'ojs::counter',5,1,259,17,NULL),('usage_events_20160909.log',1048585,1,93,93,'20160909','201609',NULL,NULL,NULL,NULL,'ojs::counter',5,1,259,17,NULL),('usage_events_20160909.log',1048585,1,100,100,'20160909','201609',NULL,NULL,NULL,NULL,'ojs::counter',1,1,259,17,NULL),('usage_events_20160909.log',1048585,1,102,102,'20160909','201609',NULL,NULL,NULL,NULL,'ojs::counter',1,1,259,17,NULL),('usage_events_20160909.log',259,1,NULL,2,'20160909','201609',NULL,NULL,NULL,NULL,'ojs::counter',2,NULL,NULL,NULL,NULL),('usage_events_20160909.log',259,1,NULL,3,'20160909','201609',NULL,NULL,NULL,NULL,'ojs::counter',2,NULL,NULL,NULL,NULL),('usage_events_20160909.log',259,1,NULL,4,'20160909','201609',NULL,NULL,NULL,NULL,'ojs::counter',12,NULL,NULL,NULL,NULL),('usage_events_20160909.log',259,1,NULL,11,'20160909','201609',NULL,NULL,NULL,NULL,'ojs::counter',2,NULL,NULL,NULL,NULL),('usage_events_20160909.log',259,1,NULL,14,'20160909','201609',NULL,NULL,NULL,NULL,'ojs::counter',2,NULL,NULL,NULL,NULL),('usage_events_20160909.log',259,1,NULL,17,'20160909','201609',NULL,NULL,NULL,NULL,'ojs::counter',71,NULL,NULL,NULL,NULL),('usage_events_20160909.log',515,1,8,206,'20160909','201609',2,NULL,NULL,NULL,'ojs::counter',1,1,259,2,22),('usage_events_20160909.log',515,1,46,217,'20160909','201609',2,NULL,NULL,NULL,'ojs::counter',1,1,259,2,31),('usage_events_20160909.log',515,1,27,224,'20160909','201609',2,NULL,NULL,NULL,'ojs::counter',1,1,259,2,34),('usage_events_20160909.log',515,1,40,292,'20160909','201609',2,NULL,NULL,NULL,'ojs::counter',1,1,259,4,74),('usage_events_20160909.log',515,1,37,302,'20160909','201609',2,NULL,NULL,NULL,'ojs::counter',1,1,259,4,84),('usage_events_20160909.log',515,1,43,304,'20160909','201609',2,NULL,NULL,NULL,'ojs::counter',1,1,259,4,86),('usage_events_20160909.log',515,1,39,308,'20160909','201609',2,NULL,NULL,NULL,'ojs::counter',2,1,259,4,90),('usage_events_20160909.log',515,1,59,318,'20160909','201609',2,NULL,NULL,NULL,'ojs::counter',1,1,259,3,96),('usage_events_20160909.log',515,1,73,322,'20160909','201609',2,NULL,NULL,NULL,'ojs::counter',1,1,259,3,100),('usage_events_20160909.log',515,1,78,326,'20160909','201609',2,NULL,NULL,NULL,'ojs::counter',3,1,259,4,104),('usage_events_20160909.log',515,1,92,332,'20160909','201609',2,NULL,NULL,NULL,'ojs::counter',2,4,259,4,106),('usage_events_20160909.log',515,1,132,423,'20160909','201609',2,NULL,NULL,NULL,'ojs::counter',1,1,259,5,110),('usage_events_20160909.log',515,1,133,424,'20160909','201609',2,NULL,NULL,NULL,'ojs::counter',1,1,259,5,111),('usage_events_20160909.log',515,1,148,439,'20160909','201609',2,NULL,NULL,NULL,'ojs::counter',1,1,259,6,126),('usage_events_20160909.log',515,1,153,444,'20160909','201609',2,NULL,NULL,NULL,'ojs::counter',1,1,259,6,131),('usage_events_20160909.log',515,1,230,540,'20160909','201609',2,NULL,NULL,NULL,'ojs::counter',1,1,259,11,209),('usage_events_20160909.log',515,1,273,608,'20160909','201609',2,NULL,NULL,NULL,'ojs::counter',1,1,259,14,252),('usage_events_20160909.log',521,1,67,286,'20160909','201609',2,NULL,NULL,NULL,'ojs::counter',2,1,259,17,286),('usage_events_20160910.log',256,1,NULL,1,'20160910','201609',NULL,NULL,NULL,NULL,'ojs::counter',79,NULL,NULL,NULL,NULL),('usage_events_20160910.log',1048585,1,34,34,'20160910','201609',NULL,NULL,NULL,NULL,'ojs::counter',1,1,259,17,NULL),('usage_events_20160910.log',1048585,1,44,44,'20160910','201609',NULL,NULL,NULL,NULL,'ojs::counter',1,1,259,2,NULL),('usage_events_20160910.log',1048585,1,65,65,'20160910','201609',NULL,NULL,NULL,NULL,'ojs::counter',1,1,259,4,NULL),('usage_events_20160910.log',1048585,1,75,75,'20160910','201609',NULL,NULL,NULL,NULL,'ojs::counter',149,1,259,17,NULL),('usage_events_20160910.log',1048585,1,77,77,'20160910','201609',NULL,NULL,NULL,NULL,'ojs::counter',2,1,259,4,NULL),('usage_events_20160910.log',1048585,1,79,79,'20160910','201609',NULL,NULL,NULL,NULL,'ojs::counter',1,1,259,17,NULL),('usage_events_20160910.log',1048585,1,93,93,'20160910','201609',NULL,NULL,NULL,NULL,'ojs::counter',1,1,259,17,NULL),('usage_events_20160910.log',1048585,1,96,96,'20160910','201609',NULL,NULL,NULL,NULL,'ojs::counter',4,1,259,4,NULL),('usage_events_20160910.log',1048585,1,99,99,'20160910','201609',NULL,NULL,NULL,NULL,'ojs::counter',1,1,259,17,NULL),('usage_events_20160910.log',1048585,1,100,100,'20160910','201609',NULL,NULL,NULL,NULL,'ojs::counter',3,1,259,17,NULL),('usage_events_20160910.log',1048585,1,102,102,'20160910','201609',NULL,NULL,NULL,NULL,'ojs::counter',1,1,259,17,NULL),('usage_events_20160910.log',259,1,NULL,4,'20160910','201609',NULL,NULL,NULL,NULL,'ojs::counter',6,NULL,NULL,NULL,NULL),('usage_events_20160910.log',259,1,NULL,17,'20160910','201609',NULL,NULL,NULL,NULL,'ojs::counter',24,NULL,NULL,NULL,NULL),('usage_events_20160910.log',515,1,13,70,'20160910','201609',2,NULL,NULL,NULL,'ojs::counter',1,1,259,1,6),('usage_events_20160910.log',515,1,35,208,'20160910','201609',2,NULL,NULL,NULL,'ojs::counter',2,1,259,2,24),('usage_events_20160910.log',515,1,94,299,'20160910','201609',2,NULL,NULL,NULL,'ojs::counter',1,1,259,4,81),('usage_events_20160910.log',515,1,43,304,'20160910','201609',2,NULL,NULL,NULL,'ojs::counter',1,1,259,4,86),('usage_events_20160910.log',515,1,77,305,'20160910','201609',2,NULL,NULL,NULL,'ojs::counter',1,1,259,4,87),('usage_events_20160910.log',515,1,42,310,'20160910','201609',2,NULL,NULL,NULL,'ojs::counter',4,1,259,4,92),('usage_events_20160910.log',515,1,60,319,'20160910','201609',2,NULL,NULL,NULL,'ojs::counter',1,1,259,3,97),('usage_events_20160910.log',515,1,92,332,'20160910','201609',2,NULL,NULL,NULL,'ojs::counter',1,4,259,4,106),('usage_events_20160910.log',515,1,169,462,'20160910','201609',2,NULL,NULL,NULL,'ojs::counter',1,1,259,7,147),('usage_events_20160910.log',515,1,197,500,'20160910','201609',2,NULL,NULL,NULL,'ojs::counter',1,1,259,9,175),('usage_events_20160910.log',515,1,222,531,'20160910','201609',2,NULL,NULL,NULL,'ojs::counter',1,1,259,10,201),('usage_events_20160910.log',515,1,34,755,'20160910','201609',2,NULL,NULL,NULL,'ojs::counter',2,1,259,17,297),('usage_events_20160910.log',515,1,67,756,'20160910','201609',2,NULL,NULL,NULL,'ojs::counter',1,1,259,17,298),('usage_events_20160910.log',515,1,2,757,'20160910','201609',2,NULL,NULL,NULL,'ojs::counter',1,1,259,17,299),('usage_events_20160910.log',515,1,93,758,'20160910','201609',2,NULL,NULL,NULL,'ojs::counter',1,1,259,17,300),('usage_events_20160910.log',515,1,75,759,'20160910','201609',2,NULL,NULL,NULL,'ojs::counter',4,1,259,17,301),('usage_events_20160910.log',521,1,99,302,'20160910','201609',2,NULL,NULL,NULL,'ojs::counter',1,1,259,17,302),('usage_events_20160910.log',515,1,66,762,'20160910','201609',2,NULL,NULL,NULL,'ojs::counter',1,1,259,17,304),('usage_events_20160910.log',515,1,102,763,'20160910','201609',2,NULL,NULL,NULL,'ojs::counter',2,1,259,17,305),('usage_events_20160910.log',515,1,100,765,'20160910','201609',2,NULL,NULL,NULL,'ojs::counter',1,1,259,17,307),('usage_events_20160910.log',515,1,61,766,'20160910','201609',2,NULL,NULL,NULL,'ojs::counter',9,3,259,17,308),('usage_events_20160911.log',256,1,NULL,1,'20160911','201609',NULL,NULL,NULL,NULL,'ojs::counter',159,NULL,NULL,NULL,NULL),('usage_events_20160911.log',1048585,1,11,11,'20160911','201609',NULL,NULL,NULL,NULL,'ojs::counter',1,1,259,1,NULL),('usage_events_20160911.log',1048585,1,15,15,'20160911','201609',NULL,NULL,NULL,NULL,'ojs::counter',1,1,259,1,NULL),('usage_events_20160911.log',1048585,1,29,29,'20160911','201609',NULL,NULL,NULL,NULL,'ojs::counter',2,1,259,2,NULL),('usage_events_20160911.log',1048585,1,33,33,'20160911','201609',NULL,NULL,NULL,NULL,'ojs::counter',1,1,259,2,NULL),('usage_events_20160911.log',1048585,1,35,35,'20160911','201609',NULL,NULL,NULL,NULL,'ojs::counter',1,1,259,2,NULL),('usage_events_20160911.log',1048585,1,36,36,'20160911','201609',NULL,NULL,NULL,NULL,'ojs::counter',1,1,259,2,NULL),('usage_events_20160911.log',1048585,1,44,44,'20160911','201609',NULL,NULL,NULL,NULL,'ojs::counter',1,1,259,2,NULL),('usage_events_20160911.log',1048585,1,67,67,'20160911','201609',NULL,NULL,NULL,NULL,'ojs::counter',4,1,259,17,NULL),('usage_events_20160911.log',1048585,1,69,69,'20160911','201609',NULL,NULL,NULL,NULL,'ojs::counter',1,1,259,3,NULL),('usage_events_20160911.log',1048585,1,75,75,'20160911','201609',NULL,NULL,NULL,NULL,'ojs::counter',73,1,259,17,NULL),('usage_events_20160911.log',1048585,1,76,76,'20160911','201609',NULL,NULL,NULL,NULL,'ojs::counter',2,1,259,4,NULL),('usage_events_20160911.log',1048585,1,77,77,'20160911','201609',NULL,NULL,NULL,NULL,'ojs::counter',2,1,259,4,NULL),('usage_events_20160911.log',1048585,1,79,79,'20160911','201609',NULL,NULL,NULL,NULL,'ojs::counter',2,1,259,17,NULL),('usage_events_20160911.log',1048585,1,87,87,'20160911','201609',NULL,NULL,NULL,NULL,'ojs::counter',2,1,259,3,NULL),('usage_events_20160911.log',1048585,1,90,90,'20160911','201609',NULL,NULL,NULL,NULL,'ojs::counter',1,1,259,4,NULL),('usage_events_20160911.log',1048585,1,93,93,'20160911','201609',NULL,NULL,NULL,NULL,'ojs::counter',3,1,259,17,NULL),('usage_events_20160911.log',1048585,1,99,99,'20160911','201609',NULL,NULL,NULL,NULL,'ojs::counter',2,1,259,17,NULL),('usage_events_20160911.log',1048585,1,100,100,'20160911','201609',NULL,NULL,NULL,NULL,'ojs::counter',1,1,259,17,NULL),('usage_events_20160911.log',1048585,1,102,102,'20160911','201609',NULL,NULL,NULL,NULL,'ojs::counter',3,1,259,17,NULL),('usage_events_20160911.log',1048585,1,298,298,'20160911','201609',NULL,NULL,NULL,NULL,'ojs::counter',2,1,259,15,NULL),('usage_events_20160911.log',259,1,NULL,1,'20160911','201609',NULL,NULL,NULL,NULL,'ojs::counter',1,NULL,NULL,NULL,NULL),('usage_events_20160911.log',259,1,NULL,2,'20160911','201609',NULL,NULL,NULL,NULL,'ojs::counter',2,NULL,NULL,NULL,NULL),('usage_events_20160911.log',259,1,NULL,3,'20160911','201609',NULL,NULL,NULL,NULL,'ojs::counter',3,NULL,NULL,NULL,NULL),('usage_events_20160911.log',259,1,NULL,4,'20160911','201609',NULL,NULL,NULL,NULL,'ojs::counter',1,NULL,NULL,NULL,NULL),('usage_events_20160911.log',259,1,NULL,9,'20160911','201609',NULL,NULL,NULL,NULL,'ojs::counter',1,NULL,NULL,NULL,NULL),('usage_events_20160911.log',259,1,NULL,10,'20160911','201609',NULL,NULL,NULL,NULL,'ojs::counter',1,NULL,NULL,NULL,NULL),('usage_events_20160911.log',259,1,NULL,11,'20160911','201609',NULL,NULL,NULL,NULL,'ojs::counter',1,NULL,NULL,NULL,NULL),('usage_events_20160911.log',259,1,NULL,12,'20160911','201609',NULL,NULL,NULL,NULL,'ojs::counter',1,NULL,NULL,NULL,NULL),('usage_events_20160911.log',259,1,NULL,13,'20160911','201609',NULL,NULL,NULL,NULL,'ojs::counter',1,NULL,NULL,NULL,NULL),('usage_events_20160911.log',259,1,NULL,14,'20160911','201609',NULL,NULL,NULL,NULL,'ojs::counter',2,NULL,NULL,NULL,NULL),('usage_events_20160911.log',259,1,NULL,17,'20160911','201609',NULL,NULL,NULL,NULL,'ojs::counter',28,NULL,NULL,NULL,NULL),('usage_events_20160911.log',515,1,13,70,'20160911','201609',2,NULL,NULL,NULL,'ojs::counter',1,1,259,1,6),('usage_events_20160911.log',515,1,11,76,'20160911','201609',2,NULL,NULL,NULL,'ojs::counter',1,1,259,1,11),('usage_events_20160911.log',515,1,17,81,'20160911','201609',2,NULL,NULL,NULL,'ojs::counter',1,1,259,1,16),('usage_events_20160911.log',515,1,19,84,'20160911','201609',2,NULL,NULL,NULL,'ojs::counter',1,3,259,1,19),('usage_events_20160911.log',515,1,35,208,'20160911','201609',2,NULL,NULL,NULL,'ojs::counter',1,1,259,2,24),('usage_events_20160911.log',515,1,29,209,'20160911','201609',2,NULL,NULL,NULL,'ojs::counter',1,1,259,2,25),('usage_events_20160911.log',515,1,44,210,'20160911','201609',2,NULL,NULL,NULL,'ojs::counter',4,1,259,2,26),('usage_events_20160911.log',515,1,33,213,'20160911','201609',2,NULL,NULL,NULL,'ojs::counter',1,1,259,2,27),('usage_events_20160911.log',515,1,36,214,'20160911','201609',2,NULL,NULL,NULL,'ojs::counter',1,1,259,2,28),('usage_events_20160911.log',515,1,32,218,'20160911','201609',2,NULL,NULL,NULL,'ojs::counter',1,1,259,2,32),('usage_events_20160911.log',515,1,65,291,'20160911','201609',2,NULL,NULL,NULL,'ojs::counter',1,1,259,4,73),('usage_events_20160911.log',515,1,40,292,'20160911','201609',2,NULL,NULL,NULL,'ojs::counter',2,1,259,4,74),('usage_events_20160911.log',515,1,76,296,'20160911','201609',2,NULL,NULL,NULL,'ojs::counter',1,1,259,4,78),('usage_events_20160911.log',515,1,94,299,'20160911','201609',2,NULL,NULL,NULL,'ojs::counter',1,1,259,4,81),('usage_events_20160911.log',515,1,77,305,'20160911','201609',2,NULL,NULL,NULL,'ojs::counter',1,1,259,4,87),('usage_events_20160911.log',515,1,42,310,'20160911','201609',2,NULL,NULL,NULL,'ojs::counter',2,1,259,4,92),('usage_events_20160911.log',515,1,73,322,'20160911','201609',2,NULL,NULL,NULL,'ojs::counter',1,1,259,3,100),('usage_events_20160911.log',515,1,87,327,'20160911','201609',2,NULL,NULL,NULL,'ojs::counter',1,1,259,3,105),('usage_events_20160911.log',515,1,137,428,'20160911','201609',2,NULL,NULL,NULL,'ojs::counter',4,1,259,5,115),('usage_events_20160911.log',515,1,148,439,'20160911','201609',2,NULL,NULL,NULL,'ojs::counter',2,1,259,6,126),('usage_events_20160911.log',515,1,153,444,'20160911','201609',2,NULL,NULL,NULL,'ojs::counter',1,1,259,6,131),('usage_events_20160911.log',515,1,155,446,'20160911','201609',2,NULL,NULL,NULL,'ojs::counter',1,1,259,6,133),('usage_events_20160911.log',515,1,162,453,'20160911','201609',2,NULL,NULL,NULL,'ojs::counter',1,1,259,7,140),('usage_events_20160911.log',515,1,168,461,'20160911','201609',2,NULL,NULL,NULL,'ojs::counter',1,1,259,7,146),('usage_events_20160911.log',515,1,182,480,'20160911','201609',2,NULL,NULL,NULL,'ojs::counter',1,1,259,8,160),('usage_events_20160911.log',515,1,198,502,'20160911','201609',2,NULL,NULL,NULL,'ojs::counter',1,1,259,9,176),('usage_events_20160911.log',515,1,220,529,'20160911','201609',2,NULL,NULL,NULL,'ojs::counter',1,1,259,10,199),('usage_events_20160911.log',515,1,222,531,'20160911','201609',2,NULL,NULL,NULL,'ojs::counter',1,1,259,10,201),('usage_events_20160911.log',515,1,298,676,'20160911','201609',2,NULL,NULL,NULL,'ojs::counter',1,1,259,15,259),('usage_events_20160911.log',515,1,67,756,'20160911','201609',2,NULL,NULL,NULL,'ojs::counter',3,1,259,17,298),('usage_events_20160911.log',515,1,2,757,'20160911','201609',2,NULL,NULL,NULL,'ojs::counter',2,1,259,17,299),('usage_events_20160911.log',515,1,93,758,'20160911','201609',2,NULL,NULL,NULL,'ojs::counter',3,1,259,17,300),('usage_events_20160911.log',515,1,75,759,'20160911','201609',2,NULL,NULL,NULL,'ojs::counter',3,1,259,17,301),('usage_events_20160911.log',521,1,99,302,'20160911','201609',2,NULL,NULL,NULL,'ojs::counter',1,1,259,17,302),('usage_events_20160911.log',515,1,79,761,'20160911','201609',2,NULL,NULL,NULL,'ojs::counter',1,1,259,17,303),('usage_events_20160911.log',515,1,102,763,'20160911','201609',2,NULL,NULL,NULL,'ojs::counter',1,1,259,17,305),('usage_events_20160911.log',515,1,61,766,'20160911','201609',2,NULL,NULL,NULL,'ojs::counter',16,3,259,17,308),('usage_events_20160912.log',256,1,NULL,1,'20160912','201609',NULL,NULL,NULL,NULL,'ojs::counter',105,NULL,NULL,NULL,NULL),('usage_events_20160912.log',1048585,1,2,2,'20160912','201609',NULL,NULL,NULL,NULL,'ojs::counter',1,1,259,17,NULL),('usage_events_20160912.log',1048585,1,7,7,'20160912','201609',NULL,NULL,NULL,NULL,'ojs::counter',2,1,259,1,NULL),('usage_events_20160912.log',1048585,1,12,12,'20160912','201609',NULL,NULL,NULL,NULL,'ojs::counter',1,1,259,1,NULL),('usage_events_20160912.log',1048585,1,14,14,'20160912','201609',NULL,NULL,NULL,NULL,'ojs::counter',1,1,259,1,NULL),('usage_events_20160912.log',1048585,1,16,16,'20160912','201609',NULL,NULL,NULL,NULL,'ojs::counter',1,1,259,1,NULL),('usage_events_20160912.log',1048585,1,17,17,'20160912','201609',NULL,NULL,NULL,NULL,'ojs::counter',1,1,259,1,NULL),('usage_events_20160912.log',1048585,1,20,20,'20160912','201609',NULL,NULL,NULL,NULL,'ojs::counter',3,1,259,1,NULL),('usage_events_20160912.log',1048585,1,26,26,'20160912','201609',NULL,NULL,NULL,NULL,'ojs::counter',1,1,259,2,NULL),('usage_events_20160912.log',1048585,1,30,30,'20160912','201609',NULL,NULL,NULL,NULL,'ojs::counter',1,1,259,3,NULL),('usage_events_20160912.log',1048585,1,34,34,'20160912','201609',NULL,NULL,NULL,NULL,'ojs::counter',4,1,259,17,NULL),('usage_events_20160912.log',1048585,1,35,35,'20160912','201609',NULL,NULL,NULL,NULL,'ojs::counter',1,1,259,2,NULL),('usage_events_20160912.log',1048585,1,40,40,'20160912','201609',NULL,NULL,NULL,NULL,'ojs::counter',4,1,259,4,NULL),('usage_events_20160912.log',1048585,1,43,43,'20160912','201609',NULL,NULL,NULL,NULL,'ojs::counter',4,1,259,4,NULL),('usage_events_20160912.log',1048585,1,45,45,'20160912','201609',NULL,NULL,NULL,NULL,'ojs::counter',1,1,259,3,NULL),('usage_events_20160912.log',1048585,1,59,59,'20160912','201609',NULL,NULL,NULL,NULL,'ojs::counter',3,1,259,3,NULL),('usage_events_20160912.log',1048585,1,60,60,'20160912','201609',NULL,NULL,NULL,NULL,'ojs::counter',2,1,259,3,NULL),('usage_events_20160912.log',1048585,1,65,65,'20160912','201609',NULL,NULL,NULL,NULL,'ojs::counter',1,1,259,4,NULL),('usage_events_20160912.log',1048585,1,67,67,'20160912','201609',NULL,NULL,NULL,NULL,'ojs::counter',4,1,259,17,NULL),('usage_events_20160912.log',1048585,1,69,69,'20160912','201609',NULL,NULL,NULL,NULL,'ojs::counter',4,1,259,3,NULL),('usage_events_20160912.log',1048585,1,75,75,'20160912','201609',NULL,NULL,NULL,NULL,'ojs::counter',27,1,259,17,NULL),('usage_events_20160912.log',1048585,1,76,76,'20160912','201609',NULL,NULL,NULL,NULL,'ojs::counter',1,1,259,4,NULL),('usage_events_20160912.log',1048585,1,78,78,'20160912','201609',NULL,NULL,NULL,NULL,'ojs::counter',2,1,259,4,NULL),('usage_events_20160912.log',1048585,1,79,79,'20160912','201609',NULL,NULL,NULL,NULL,'ojs::counter',1,1,259,17,NULL),('usage_events_20160912.log',1048585,1,87,87,'20160912','201609',NULL,NULL,NULL,NULL,'ojs::counter',1,1,259,3,NULL),('usage_events_20160912.log',1048585,1,90,90,'20160912','201609',NULL,NULL,NULL,NULL,'ojs::counter',2,1,259,4,NULL),('usage_events_20160912.log',1048585,1,93,93,'20160912','201609',NULL,NULL,NULL,NULL,'ojs::counter',16,1,259,17,NULL),('usage_events_20160912.log',1048585,1,99,99,'20160912','201609',NULL,NULL,NULL,NULL,'ojs::counter',1,1,259,17,NULL),('usage_events_20160912.log',1048585,1,100,100,'20160912','201609',NULL,NULL,NULL,NULL,'ojs::counter',2,1,259,17,NULL),('usage_events_20160912.log',1048585,1,102,102,'20160912','201609',NULL,NULL,NULL,NULL,'ojs::counter',5,1,259,17,NULL),('usage_events_20160912.log',1048585,1,315,315,'20160912','201609',NULL,NULL,NULL,NULL,'ojs::counter',2,1,259,16,NULL),('usage_events_20160912.log',259,1,NULL,3,'20160912','201609',NULL,NULL,NULL,NULL,'ojs::counter',1,NULL,NULL,NULL,NULL),('usage_events_20160912.log',259,1,NULL,4,'20160912','201609',NULL,NULL,NULL,NULL,'ojs::counter',2,NULL,NULL,NULL,NULL),('usage_events_20160912.log',259,1,NULL,14,'20160912','201609',NULL,NULL,NULL,NULL,'ojs::counter',5,NULL,NULL,NULL,NULL),('usage_events_20160912.log',259,1,NULL,17,'20160912','201609',NULL,NULL,NULL,NULL,'ojs::counter',38,NULL,NULL,NULL,NULL),('usage_events_20160912.log',515,1,13,70,'20160912','201609',2,NULL,NULL,NULL,'ojs::counter',5,1,259,1,6),('usage_events_20160912.log',515,1,44,210,'20160912','201609',2,NULL,NULL,NULL,'ojs::counter',3,1,259,2,26),('usage_events_20160912.log',515,1,32,218,'20160912','201609',2,NULL,NULL,NULL,'ojs::counter',3,1,259,2,32),('usage_events_20160912.log',515,1,65,291,'20160912','201609',2,NULL,NULL,NULL,'ojs::counter',1,1,259,4,73),('usage_events_20160912.log',515,1,40,292,'20160912','201609',2,NULL,NULL,NULL,'ojs::counter',2,1,259,4,74),('usage_events_20160912.log',515,1,90,295,'20160912','201609',2,NULL,NULL,NULL,'ojs::counter',1,1,259,4,77),('usage_events_20160912.log',515,1,53,298,'20160912','201609',2,NULL,NULL,NULL,'ojs::counter',1,1,259,4,80),('usage_events_20160912.log',515,1,94,299,'20160912','201609',2,NULL,NULL,NULL,'ojs::counter',1,1,259,4,81),('usage_events_20160912.log',515,1,43,304,'20160912','201609',2,NULL,NULL,NULL,'ojs::counter',5,1,259,4,86),('usage_events_20160912.log',515,1,42,310,'20160912','201609',2,NULL,NULL,NULL,'ojs::counter',3,1,259,4,92),('usage_events_20160912.log',515,1,49,317,'20160912','201609',2,NULL,NULL,NULL,'ojs::counter',1,1,259,3,95),('usage_events_20160912.log',515,1,59,318,'20160912','201609',2,NULL,NULL,NULL,'ojs::counter',2,1,259,3,96),('usage_events_20160912.log',515,1,60,319,'20160912','201609',2,NULL,NULL,NULL,'ojs::counter',2,1,259,3,97),('usage_events_20160912.log',515,1,69,320,'20160912','201609',2,NULL,NULL,NULL,'ojs::counter',2,1,259,3,98),('usage_events_20160912.log',515,1,78,326,'20160912','201609',2,NULL,NULL,NULL,'ojs::counter',1,1,259,4,104),('usage_events_20160912.log',515,1,153,444,'20160912','201609',2,NULL,NULL,NULL,'ojs::counter',1,1,259,6,131),('usage_events_20160912.log',515,1,162,453,'20160912','201609',2,NULL,NULL,NULL,'ojs::counter',3,1,259,7,140),('usage_events_20160912.log',515,1,166,459,'20160912','201609',2,NULL,NULL,NULL,'ojs::counter',1,1,259,7,144),('usage_events_20160912.log',515,1,181,479,'20160912','201609',2,NULL,NULL,NULL,'ojs::counter',1,1,259,8,159),('usage_events_20160912.log',515,1,197,500,'20160912','201609',2,NULL,NULL,NULL,'ojs::counter',2,1,259,9,175),('usage_events_20160912.log',515,1,222,531,'20160912','201609',2,NULL,NULL,NULL,'ojs::counter',1,1,259,10,201),('usage_events_20160912.log',515,1,237,556,'20160912','201609',2,NULL,NULL,NULL,'ojs::counter',1,1,259,11,216),('usage_events_20160912.log',515,1,315,696,'20160912','201609',2,NULL,NULL,NULL,'ojs::counter',1,1,259,16,276),('usage_events_20160912.log',515,1,67,756,'20160912','201609',2,NULL,NULL,NULL,'ojs::counter',3,1,259,17,298),('usage_events_20160912.log',515,1,2,757,'20160912','201609',2,NULL,NULL,NULL,'ojs::counter',1,1,259,17,299),('usage_events_20160912.log',515,1,93,758,'20160912','201609',2,NULL,NULL,NULL,'ojs::counter',4,1,259,17,300),('usage_events_20160912.log',515,1,75,759,'20160912','201609',2,NULL,NULL,NULL,'ojs::counter',4,1,259,17,301),('usage_events_20160912.log',521,1,99,302,'20160912','201609',2,NULL,NULL,NULL,'ojs::counter',1,1,259,17,302),('usage_events_20160912.log',515,1,79,761,'20160912','201609',2,NULL,NULL,NULL,'ojs::counter',1,1,259,17,303),('usage_events_20160912.log',515,1,102,763,'20160912','201609',2,NULL,NULL,NULL,'ojs::counter',3,1,259,17,305),('usage_events_20160912.log',515,1,100,765,'20160912','201609',2,NULL,NULL,NULL,'ojs::counter',1,1,259,17,307),('usage_events_20160912.log',515,1,61,766,'20160912','201609',2,NULL,NULL,NULL,'ojs::counter',9,3,259,17,308),('usage_events_20160913.log',256,1,NULL,1,'20160913','201609',NULL,NULL,NULL,NULL,'ojs::counter',71,NULL,NULL,NULL,NULL),('usage_events_20160913.log',1048585,1,2,2,'20160913','201609',NULL,NULL,NULL,NULL,'ojs::counter',4,1,259,17,NULL),('usage_events_20160913.log',1048585,1,11,11,'20160913','201609',NULL,NULL,NULL,NULL,'ojs::counter',1,1,259,1,NULL),('usage_events_20160913.log',1048585,1,15,15,'20160913','201609',NULL,NULL,NULL,NULL,'ojs::counter',1,1,259,1,NULL),('usage_events_20160913.log',1048585,1,18,18,'20160913','201609',NULL,NULL,NULL,NULL,'ojs::counter',1,1,259,2,NULL),('usage_events_20160913.log',1048585,1,20,20,'20160913','201609',NULL,NULL,NULL,NULL,'ojs::counter',3,1,259,1,NULL),('usage_events_20160913.log',1048585,1,34,34,'20160913','201609',NULL,NULL,NULL,NULL,'ojs::counter',6,1,259,17,NULL),('usage_events_20160913.log',1048585,1,40,40,'20160913','201609',NULL,NULL,NULL,NULL,'ojs::counter',1,1,259,4,NULL),('usage_events_20160913.log',1048585,1,43,43,'20160913','201609',NULL,NULL,NULL,NULL,'ojs::counter',4,1,259,4,NULL),('usage_events_20160913.log',1048585,1,44,44,'20160913','201609',NULL,NULL,NULL,NULL,'ojs::counter',3,1,259,2,NULL),('usage_events_20160913.log',1048585,1,59,59,'20160913','201609',NULL,NULL,NULL,NULL,'ojs::counter',1,1,259,3,NULL),('usage_events_20160913.log',1048585,1,65,65,'20160913','201609',NULL,NULL,NULL,NULL,'ojs::counter',1,1,259,4,NULL),('usage_events_20160913.log',1048585,1,66,66,'20160913','201609',NULL,NULL,NULL,NULL,'ojs::counter',2,1,259,17,NULL),('usage_events_20160913.log',1048585,1,67,67,'20160913','201609',NULL,NULL,NULL,NULL,'ojs::counter',1,1,259,17,NULL),('usage_events_20160913.log',1048585,1,75,75,'20160913','201609',NULL,NULL,NULL,NULL,'ojs::counter',6,1,259,17,NULL),('usage_events_20160913.log',1048585,1,77,77,'20160913','201609',NULL,NULL,NULL,NULL,'ojs::counter',2,1,259,4,NULL),('usage_events_20160913.log',1048585,1,78,78,'20160913','201609',NULL,NULL,NULL,NULL,'ojs::counter',1,1,259,4,NULL),('usage_events_20160913.log',1048585,1,79,79,'20160913','201609',NULL,NULL,NULL,NULL,'ojs::counter',10,1,259,17,NULL),('usage_events_20160913.log',1048585,1,93,93,'20160913','201609',NULL,NULL,NULL,NULL,'ojs::counter',7,1,259,17,NULL),('usage_events_20160913.log',1048585,1,99,99,'20160913','201609',NULL,NULL,NULL,NULL,'ojs::counter',15,1,259,17,NULL),('usage_events_20160913.log',1048585,1,100,100,'20160913','201609',NULL,NULL,NULL,NULL,'ojs::counter',4,1,259,17,NULL),('usage_events_20160913.log',1048585,1,102,102,'20160913','201609',NULL,NULL,NULL,NULL,'ojs::counter',4,1,259,17,NULL),('usage_events_20160913.log',1048585,1,125,125,'20160913','201609',NULL,NULL,NULL,NULL,'ojs::counter',6,1,259,17,NULL),('usage_events_20160913.log',1048585,1,186,186,'20160913','201609',NULL,NULL,NULL,NULL,'ojs::counter',3,1,259,8,NULL),('usage_events_20160913.log',1048585,1,270,270,'20160913','201609',NULL,NULL,NULL,NULL,'ojs::counter',1,1,259,14,NULL),('usage_events_20160913.log',1048585,1,298,298,'20160913','201609',NULL,NULL,NULL,NULL,'ojs::counter',1,1,259,15,NULL),('usage_events_20160913.log',259,1,NULL,4,'20160913','201609',NULL,NULL,NULL,NULL,'ojs::counter',2,NULL,NULL,NULL,NULL),('usage_events_20160913.log',259,1,NULL,8,'20160913','201609',NULL,NULL,NULL,NULL,'ojs::counter',1,NULL,NULL,NULL,NULL),('usage_events_20160913.log',259,1,NULL,14,'20160913','201609',NULL,NULL,NULL,NULL,'ojs::counter',7,NULL,NULL,NULL,NULL),('usage_events_20160913.log',259,1,NULL,17,'20160913','201609',NULL,NULL,NULL,NULL,'ojs::counter',12,NULL,NULL,NULL,NULL),('usage_events_20160913.log',515,1,6,68,'20160913','201609',2,NULL,NULL,NULL,'ojs::counter',1,1,259,1,4),('usage_events_20160913.log',515,1,7,69,'20160913','201609',2,NULL,NULL,NULL,'ojs::counter',1,1,259,1,5),('usage_events_20160913.log',515,1,13,70,'20160913','201609',2,NULL,NULL,NULL,'ojs::counter',2,1,259,1,6),('usage_events_20160913.log',515,1,14,78,'20160913','201609',2,NULL,NULL,NULL,'ojs::counter',1,1,259,1,13),('usage_events_20160913.log',515,1,15,79,'20160913','201609',2,NULL,NULL,NULL,'ojs::counter',1,1,259,1,14),('usage_events_20160913.log',515,1,20,88,'20160913','201609',2,NULL,NULL,NULL,'ojs::counter',1,1,259,1,20),('usage_events_20160913.log',515,1,44,210,'20160913','201609',2,NULL,NULL,NULL,'ojs::counter',2,1,259,2,26),('usage_events_20160913.log',515,1,33,213,'20160913','201609',2,NULL,NULL,NULL,'ojs::counter',1,1,259,2,27),('usage_events_20160913.log',515,1,32,218,'20160913','201609',2,NULL,NULL,NULL,'ojs::counter',1,1,259,2,32),('usage_events_20160913.log',515,1,40,292,'20160913','201609',2,NULL,NULL,NULL,'ojs::counter',2,1,259,4,74),('usage_events_20160913.log',515,1,76,296,'20160913','201609',2,NULL,NULL,NULL,'ojs::counter',1,1,259,4,78),('usage_events_20160913.log',515,1,43,304,'20160913','201609',2,NULL,NULL,NULL,'ojs::counter',3,1,259,4,86),('usage_events_20160913.log',515,1,42,310,'20160913','201609',2,NULL,NULL,NULL,'ojs::counter',2,1,259,4,92),('usage_events_20160913.log',515,1,69,320,'20160913','201609',2,NULL,NULL,NULL,'ojs::counter',1,1,259,3,98),('usage_events_20160913.log',515,1,73,322,'20160913','201609',2,NULL,NULL,NULL,'ojs::counter',1,1,259,3,100),('usage_events_20160913.log',515,1,78,326,'20160913','201609',2,NULL,NULL,NULL,'ojs::counter',1,1,259,4,104),('usage_events_20160913.log',515,1,132,423,'20160913','201609',2,NULL,NULL,NULL,'ojs::counter',1,1,259,5,110),('usage_events_20160913.log',515,1,137,428,'20160913','201609',2,NULL,NULL,NULL,'ojs::counter',1,1,259,5,115),('usage_events_20160913.log',515,1,145,436,'20160913','201609',2,NULL,NULL,NULL,'ojs::counter',1,1,259,6,123),('usage_events_20160913.log',515,1,153,444,'20160913','201609',2,NULL,NULL,NULL,'ojs::counter',1,1,259,6,131),('usage_events_20160913.log',515,1,154,445,'20160913','201609',2,NULL,NULL,NULL,'ojs::counter',2,1,259,6,132),('usage_events_20160913.log',515,1,162,453,'20160913','201609',2,NULL,NULL,NULL,'ojs::counter',2,1,259,7,140),('usage_events_20160913.log',515,1,186,484,'20160913','201609',2,NULL,NULL,NULL,'ojs::counter',1,1,259,8,164),('usage_events_20160913.log',515,1,197,500,'20160913','201609',2,NULL,NULL,NULL,'ojs::counter',2,1,259,9,175),('usage_events_20160913.log',515,1,216,521,'20160913','201609',2,NULL,NULL,NULL,'ojs::counter',2,1,259,10,195),('usage_events_20160913.log',515,1,252,575,'20160913','201609',2,NULL,NULL,NULL,'ojs::counter',1,1,259,12,231),('usage_events_20160913.log',515,1,270,601,'20160913','201609',2,NULL,NULL,NULL,'ojs::counter',2,1,259,14,249),('usage_events_20160913.log',515,1,299,678,'20160913','201609',2,NULL,NULL,NULL,'ojs::counter',3,1,259,15,260),('usage_events_20160913.log',515,1,303,682,'20160913','201609',2,NULL,NULL,NULL,'ojs::counter',1,1,259,15,264),('usage_events_20160913.log',515,1,306,685,'20160913','201609',2,NULL,NULL,NULL,'ojs::counter',2,1,259,15,267),('usage_events_20160913.log',515,1,311,692,'20160913','201609',2,NULL,NULL,NULL,'ojs::counter',1,1,259,16,272),('usage_events_20160913.log',515,1,320,702,'20160913','201609',2,NULL,NULL,NULL,'ojs::counter',1,1,259,16,281),('usage_events_20160913.log',515,1,321,704,'20160913','201609',2,NULL,NULL,NULL,'ojs::counter',1,1,259,16,282),('usage_events_20160913.log',515,1,34,755,'20160913','201609',2,NULL,NULL,NULL,'ojs::counter',9,1,259,17,297),('usage_events_20160913.log',515,1,67,756,'20160913','201609',2,NULL,NULL,NULL,'ojs::counter',2,1,259,17,298),('usage_events_20160913.log',515,1,2,757,'20160913','201609',2,NULL,NULL,NULL,'ojs::counter',2,1,259,17,299),('usage_events_20160913.log',515,1,93,758,'20160913','201609',2,NULL,NULL,NULL,'ojs::counter',6,1,259,17,300),('usage_events_20160913.log',515,1,75,759,'20160913','201609',2,NULL,NULL,NULL,'ojs::counter',2,1,259,17,301),('usage_events_20160913.log',521,1,99,302,'20160913','201609',2,NULL,NULL,NULL,'ojs::counter',3,1,259,17,302),('usage_events_20160913.log',515,1,79,761,'20160913','201609',2,NULL,NULL,NULL,'ojs::counter',12,1,259,17,303),('usage_events_20160913.log',515,1,66,762,'20160913','201609',2,NULL,NULL,NULL,'ojs::counter',2,1,259,17,304),('usage_events_20160913.log',515,1,102,763,'20160913','201609',2,NULL,NULL,NULL,'ojs::counter',3,1,259,17,305),('usage_events_20160913.log',515,1,125,764,'20160913','201609',2,NULL,NULL,NULL,'ojs::counter',3,1,259,17,306),('usage_events_20160913.log',515,1,100,765,'20160913','201609',2,NULL,NULL,NULL,'ojs::counter',2,1,259,17,307),('usage_events_20160913.log',515,1,61,766,'20160913','201609',2,NULL,NULL,NULL,'ojs::counter',5,3,259,17,308),('usage_events_20160914.log',256,1,NULL,1,'20160914','201609',NULL,NULL,NULL,NULL,'ojs::counter',37,NULL,NULL,NULL,NULL),('usage_events_20160914.log',1048585,1,12,12,'20160914','201609',NULL,NULL,NULL,NULL,'ojs::counter',1,1,259,1,NULL),('usage_events_20160914.log',1048585,1,15,15,'20160914','201609',NULL,NULL,NULL,NULL,'ojs::counter',1,1,259,1,NULL),('usage_events_20160914.log',1048585,1,20,20,'20160914','201609',NULL,NULL,NULL,NULL,'ojs::counter',1,1,259,1,NULL),('usage_events_20160914.log',1048585,1,34,34,'20160914','201609',NULL,NULL,NULL,NULL,'ojs::counter',3,1,259,17,NULL),('usage_events_20160914.log',1048585,1,35,35,'20160914','201609',NULL,NULL,NULL,NULL,'ojs::counter',3,1,259,2,NULL),('usage_events_20160914.log',1048585,1,36,36,'20160914','201609',NULL,NULL,NULL,NULL,'ojs::counter',2,1,259,2,NULL),('usage_events_20160914.log',1048585,1,40,40,'20160914','201609',NULL,NULL,NULL,NULL,'ojs::counter',1,1,259,4,NULL),('usage_events_20160914.log',1048585,1,43,43,'20160914','201609',NULL,NULL,NULL,NULL,'ojs::counter',2,1,259,4,NULL),('usage_events_20160914.log',1048585,1,44,44,'20160914','201609',NULL,NULL,NULL,NULL,'ojs::counter',1,1,259,2,NULL),('usage_events_20160914.log',1048585,1,67,67,'20160914','201609',NULL,NULL,NULL,NULL,'ojs::counter',2,1,259,17,NULL),('usage_events_20160914.log',1048585,1,75,75,'20160914','201609',NULL,NULL,NULL,NULL,'ojs::counter',1,1,259,17,NULL),('usage_events_20160914.log',1048585,1,79,79,'20160914','201609',NULL,NULL,NULL,NULL,'ojs::counter',8,1,259,17,NULL),('usage_events_20160914.log',1048585,1,93,93,'20160914','201609',NULL,NULL,NULL,NULL,'ojs::counter',5,1,259,17,NULL),('usage_events_20160914.log',1048585,1,94,94,'20160914','201609',NULL,NULL,NULL,NULL,'ojs::counter',2,1,259,4,NULL),('usage_events_20160914.log',1048585,1,99,99,'20160914','201609',NULL,NULL,NULL,NULL,'ojs::counter',3,1,259,17,NULL),('usage_events_20160914.log',1048585,1,100,100,'20160914','201609',NULL,NULL,NULL,NULL,'ojs::counter',1,1,259,17,NULL),('usage_events_20160914.log',1048585,1,102,102,'20160914','201609',NULL,NULL,NULL,NULL,'ojs::counter',2,1,259,17,NULL),('usage_events_20160914.log',1048585,1,125,125,'20160914','201609',NULL,NULL,NULL,NULL,'ojs::counter',3,1,259,17,NULL),('usage_events_20160914.log',1048585,1,154,154,'20160914','201609',NULL,NULL,NULL,NULL,'ojs::counter',1,1,259,6,NULL),('usage_events_20160914.log',1048585,1,270,270,'20160914','201609',NULL,NULL,NULL,NULL,'ojs::counter',1,1,259,14,NULL),('usage_events_20160914.log',1048585,1,298,298,'20160914','201609',NULL,NULL,NULL,NULL,'ojs::counter',2,1,259,15,NULL),('usage_events_20160914.log',1048585,1,314,314,'20160914','201609',NULL,NULL,NULL,NULL,'ojs::counter',1,1,259,16,NULL),('usage_events_20160914.log',1048585,1,315,315,'20160914','201609',NULL,NULL,NULL,NULL,'ojs::counter',1,1,259,16,NULL),('usage_events_20160914.log',259,1,NULL,4,'20160914','201609',NULL,NULL,NULL,NULL,'ojs::counter',1,NULL,NULL,NULL,NULL),('usage_events_20160914.log',259,1,NULL,14,'20160914','201609',NULL,NULL,NULL,NULL,'ojs::counter',1,NULL,NULL,NULL,NULL),('usage_events_20160914.log',259,1,NULL,17,'20160914','201609',NULL,NULL,NULL,NULL,'ojs::counter',5,NULL,NULL,NULL,NULL),('usage_events_20160914.log',515,1,13,70,'20160914','201609',2,NULL,NULL,NULL,'ojs::counter',10,1,259,1,6),('usage_events_20160914.log',515,1,11,76,'20160914','201609',2,NULL,NULL,NULL,'ojs::counter',1,1,259,1,11),('usage_events_20160914.log',515,1,14,78,'20160914','201609',2,NULL,NULL,NULL,'ojs::counter',1,1,259,1,13),('usage_events_20160914.log',515,1,20,88,'20160914','201609',2,NULL,NULL,NULL,'ojs::counter',1,1,259,1,20),('usage_events_20160914.log',515,1,35,208,'20160914','201609',2,NULL,NULL,NULL,'ojs::counter',1,1,259,2,24),('usage_events_20160914.log',515,1,44,210,'20160914','201609',2,NULL,NULL,NULL,'ojs::counter',2,1,259,2,26),('usage_events_20160914.log',515,1,36,214,'20160914','201609',2,NULL,NULL,NULL,'ojs::counter',2,1,259,2,28),('usage_events_20160914.log',515,1,26,215,'20160914','201609',2,NULL,NULL,NULL,'ojs::counter',1,1,259,2,29),('usage_events_20160914.log',515,1,90,295,'20160914','201609',2,NULL,NULL,NULL,'ojs::counter',1,1,259,4,77),('usage_events_20160914.log',515,1,94,299,'20160914','201609',2,NULL,NULL,NULL,'ojs::counter',1,1,259,4,81),('usage_events_20160914.log',515,1,96,306,'20160914','201609',2,NULL,NULL,NULL,'ojs::counter',2,1,259,4,88),('usage_events_20160914.log',515,1,39,308,'20160914','201609',2,NULL,NULL,NULL,'ojs::counter',1,1,259,4,90),('usage_events_20160914.log',515,1,5,315,'20160914','201609',2,NULL,NULL,NULL,'ojs::counter',2,1,259,3,93),('usage_events_20160914.log',515,1,137,428,'20160914','201609',2,NULL,NULL,NULL,'ojs::counter',1,1,259,5,115),('usage_events_20160914.log',515,1,146,437,'20160914','201609',2,NULL,NULL,NULL,'ojs::counter',1,1,259,6,124),('usage_events_20160914.log',515,1,150,441,'20160914','201609',2,NULL,NULL,NULL,'ojs::counter',1,1,259,6,128),('usage_events_20160914.log',515,1,270,601,'20160914','201609',2,NULL,NULL,NULL,'ojs::counter',1,1,259,14,249),('usage_events_20160914.log',515,1,298,676,'20160914','201609',2,NULL,NULL,NULL,'ojs::counter',1,1,259,15,259),('usage_events_20160914.log',515,1,34,755,'20160914','201609',2,NULL,NULL,NULL,'ojs::counter',2,1,259,17,297),('usage_events_20160914.log',515,1,67,756,'20160914','201609',2,NULL,NULL,NULL,'ojs::counter',1,1,259,17,298),('usage_events_20160914.log',515,1,93,758,'20160914','201609',2,NULL,NULL,NULL,'ojs::counter',4,1,259,17,300),('usage_events_20160914.log',515,1,79,761,'20160914','201609',2,NULL,NULL,NULL,'ojs::counter',1,1,259,17,303),('usage_events_20160914.log',515,1,102,763,'20160914','201609',2,NULL,NULL,NULL,'ojs::counter',1,1,259,17,305),('usage_events_20160914.log',515,1,125,764,'20160914','201609',2,NULL,NULL,NULL,'ojs::counter',1,1,259,17,306),('usage_events_20160914.log',515,1,100,765,'20160914','201609',2,NULL,NULL,NULL,'ojs::counter',1,1,259,17,307),('usage_events_20160915.log',256,1,NULL,1,'20160915','201609',NULL,NULL,NULL,NULL,'ojs::counter',44,NULL,NULL,NULL,NULL),('usage_events_20160915.log',1048585,1,2,2,'20160915','201609',NULL,NULL,NULL,NULL,'ojs::counter',2,1,259,17,NULL),('usage_events_20160915.log',1048585,1,9,9,'20160915','201609',NULL,NULL,NULL,NULL,'ojs::counter',1,1,259,1,NULL),('usage_events_20160915.log',1048585,1,17,17,'20160915','201609',NULL,NULL,NULL,NULL,'ojs::counter',1,1,259,1,NULL),('usage_events_20160915.log',1048585,1,20,20,'20160915','201609',NULL,NULL,NULL,NULL,'ojs::counter',2,1,259,1,NULL),('usage_events_20160915.log',1048585,1,33,33,'20160915','201609',NULL,NULL,NULL,NULL,'ojs::counter',2,1,259,2,NULL),('usage_events_20160915.log',1048585,1,34,34,'20160915','201609',NULL,NULL,NULL,NULL,'ojs::counter',2,1,259,17,NULL),('usage_events_20160915.log',1048585,1,35,35,'20160915','201609',NULL,NULL,NULL,NULL,'ojs::counter',1,1,259,2,NULL),('usage_events_20160915.log',1048585,1,37,37,'20160915','201609',NULL,NULL,NULL,NULL,'ojs::counter',4,1,259,4,NULL),('usage_events_20160915.log',1048585,1,40,40,'20160915','201609',NULL,NULL,NULL,NULL,'ojs::counter',1,1,259,4,NULL),('usage_events_20160915.log',1048585,1,43,43,'20160915','201609',NULL,NULL,NULL,NULL,'ojs::counter',1,1,259,4,NULL),('usage_events_20160915.log',1048585,1,44,44,'20160915','201609',NULL,NULL,NULL,NULL,'ojs::counter',3,1,259,2,NULL),('usage_events_20160915.log',1048585,1,45,45,'20160915','201609',NULL,NULL,NULL,NULL,'ojs::counter',2,1,259,3,NULL),('usage_events_20160915.log',1048585,1,53,53,'20160915','201609',NULL,NULL,NULL,NULL,'ojs::counter',1,1,259,4,NULL),('usage_events_20160915.log',1048585,1,59,59,'20160915','201609',NULL,NULL,NULL,NULL,'ojs::counter',2,1,259,3,NULL),('usage_events_20160915.log',1048585,1,61,61,'20160915','201609',NULL,NULL,NULL,NULL,'ojs::counter',3,3,259,17,NULL),('usage_events_20160915.log',1048585,1,67,67,'20160915','201609',NULL,NULL,NULL,NULL,'ojs::counter',3,1,259,17,NULL),('usage_events_20160915.log',1048585,1,78,78,'20160915','201609',NULL,NULL,NULL,NULL,'ojs::counter',5,1,259,4,NULL),('usage_events_20160915.log',1048585,1,79,79,'20160915','201609',NULL,NULL,NULL,NULL,'ojs::counter',3,1,259,17,NULL),('usage_events_20160915.log',1048585,1,86,86,'20160915','201609',NULL,NULL,NULL,NULL,'ojs::counter',1,1,259,4,NULL),('usage_events_20160915.log',1048585,1,93,93,'20160915','201609',NULL,NULL,NULL,NULL,'ojs::counter',2,1,259,17,NULL),('usage_events_20160915.log',1048585,1,100,100,'20160915','201609',NULL,NULL,NULL,NULL,'ojs::counter',3,1,259,17,NULL),('usage_events_20160915.log',1048585,1,102,102,'20160915','201609',NULL,NULL,NULL,NULL,'ojs::counter',1,1,259,17,NULL),('usage_events_20160915.log',1048585,1,190,190,'20160915','201609',NULL,NULL,NULL,NULL,'ojs::counter',1,1,259,8,NULL),('usage_events_20160915.log',1048585,1,217,217,'20160915','201609',NULL,NULL,NULL,NULL,'ojs::counter',2,1,259,10,NULL),('usage_events_20160915.log',1048585,1,263,263,'20160915','201609',NULL,NULL,NULL,NULL,'ojs::counter',2,1,259,14,NULL),('usage_events_20160915.log',1048585,1,315,315,'20160915','201609',NULL,NULL,NULL,NULL,'ojs::counter',1,1,259,16,NULL),('usage_events_20160915.log',259,1,NULL,4,'20160915','201609',NULL,NULL,NULL,NULL,'ojs::counter',1,NULL,NULL,NULL,NULL),('usage_events_20160915.log',259,1,NULL,5,'20160915','201609',NULL,NULL,NULL,NULL,'ojs::counter',2,NULL,NULL,NULL,NULL),('usage_events_20160915.log',259,1,NULL,14,'20160915','201609',NULL,NULL,NULL,NULL,'ojs::counter',2,NULL,NULL,NULL,NULL),('usage_events_20160915.log',259,1,NULL,17,'20160915','201609',NULL,NULL,NULL,NULL,'ojs::counter',8,NULL,NULL,NULL,NULL),('usage_events_20160915.log',515,1,13,70,'20160915','201609',2,NULL,NULL,NULL,'ojs::counter',2,1,259,1,6),('usage_events_20160915.log',515,1,12,75,'20160915','201609',2,NULL,NULL,NULL,'ojs::counter',1,1,259,1,10),('usage_events_20160915.log',515,1,17,81,'20160915','201609',2,NULL,NULL,NULL,'ojs::counter',1,1,259,1,16),('usage_events_20160915.log',515,1,19,84,'20160915','201609',2,NULL,NULL,NULL,'ojs::counter',2,3,259,1,19),('usage_events_20160915.log',515,1,20,88,'20160915','201609',2,NULL,NULL,NULL,'ojs::counter',1,1,259,1,20),('usage_events_20160915.log',515,1,35,208,'20160915','201609',2,NULL,NULL,NULL,'ojs::counter',1,1,259,2,24),('usage_events_20160915.log',515,1,44,210,'20160915','201609',2,NULL,NULL,NULL,'ojs::counter',3,1,259,2,26),('usage_events_20160915.log',515,1,33,213,'20160915','201609',2,NULL,NULL,NULL,'ojs::counter',1,1,259,2,27),('usage_events_20160915.log',515,1,36,214,'20160915','201609',2,NULL,NULL,NULL,'ojs::counter',2,1,259,2,28),('usage_events_20160915.log',515,1,26,215,'20160915','201609',2,NULL,NULL,NULL,'ojs::counter',1,1,259,2,29),('usage_events_20160915.log',515,1,40,292,'20160915','201609',2,NULL,NULL,NULL,'ojs::counter',1,1,259,4,74),('usage_events_20160915.log',515,1,76,296,'20160915','201609',2,NULL,NULL,NULL,'ojs::counter',1,1,259,4,78),('usage_events_20160915.log',515,1,94,299,'20160915','201609',2,NULL,NULL,NULL,'ojs::counter',1,1,259,4,81),('usage_events_20160915.log',515,1,59,318,'20160915','201609',2,NULL,NULL,NULL,'ojs::counter',3,1,259,3,96),('usage_events_20160915.log',515,1,72,321,'20160915','201609',2,NULL,NULL,NULL,'ojs::counter',1,1,259,3,99),('usage_events_20160915.log',515,1,73,322,'20160915','201609',2,NULL,NULL,NULL,'ojs::counter',2,1,259,3,100),('usage_events_20160915.log',515,1,45,325,'20160915','201609',2,NULL,NULL,NULL,'ojs::counter',1,1,259,3,103),('usage_events_20160915.log',515,1,86,359,'20160915','201609',2,NULL,NULL,NULL,'ojs::counter',1,1,259,4,108),('usage_events_20160915.log',515,1,137,428,'20160915','201609',2,NULL,NULL,NULL,'ojs::counter',1,1,259,5,115),('usage_events_20160915.log',515,1,207,512,'20160915','201609',2,NULL,NULL,NULL,'ojs::counter',1,1,259,9,186),('usage_events_20160915.log',515,1,217,523,'20160915','201609',2,NULL,NULL,NULL,'ojs::counter',1,1,259,10,196),('usage_events_20160915.log',515,1,222,531,'20160915','201609',2,NULL,NULL,NULL,'ojs::counter',3,1,259,10,201),('usage_events_20160915.log',515,1,237,556,'20160915','201609',2,NULL,NULL,NULL,'ojs::counter',1,1,259,11,216),('usage_events_20160915.log',515,1,259,584,'20160915','201609',2,NULL,NULL,NULL,'ojs::counter',1,1,259,13,238),('usage_events_20160915.log',515,1,263,590,'20160915','201609',2,NULL,NULL,NULL,'ojs::counter',1,1,259,14,242),('usage_events_20160915.log',515,1,273,608,'20160915','201609',2,NULL,NULL,NULL,'ojs::counter',1,1,259,14,252),('usage_events_20160915.log',515,1,299,678,'20160915','201609',2,NULL,NULL,NULL,'ojs::counter',1,1,259,15,260),('usage_events_20160915.log',515,1,34,755,'20160915','201609',2,NULL,NULL,NULL,'ojs::counter',3,1,259,17,297),('usage_events_20160915.log',515,1,67,756,'20160915','201609',2,NULL,NULL,NULL,'ojs::counter',2,1,259,17,298),('usage_events_20160915.log',515,1,2,757,'20160915','201609',2,NULL,NULL,NULL,'ojs::counter',1,1,259,17,299),('usage_events_20160915.log',515,1,93,758,'20160915','201609',2,NULL,NULL,NULL,'ojs::counter',4,1,259,17,300),('usage_events_20160915.log',515,1,75,759,'20160915','201609',2,NULL,NULL,NULL,'ojs::counter',1,1,259,17,301),('usage_events_20160915.log',515,1,79,761,'20160915','201609',2,NULL,NULL,NULL,'ojs::counter',1,1,259,17,303),('usage_events_20160915.log',515,1,100,765,'20160915','201609',2,NULL,NULL,NULL,'ojs::counter',3,1,259,17,307),('usage_events_20160916.log',256,1,NULL,1,'20160916','201609',NULL,NULL,NULL,NULL,'ojs::counter',7,NULL,NULL,NULL,NULL),('usage_events_20160916.log',1048585,1,2,2,'20160916','201609',NULL,NULL,NULL,NULL,'ojs::counter',2,1,259,17,NULL),('usage_events_20160916.log',1048585,1,5,5,'20160916','201609',NULL,NULL,NULL,NULL,'ojs::counter',1,1,259,3,NULL),('usage_events_20160916.log',1048585,1,6,6,'20160916','201609',NULL,NULL,NULL,NULL,'ojs::counter',1,1,259,1,NULL),('usage_events_20160916.log',1048585,1,7,7,'20160916','201609',NULL,NULL,NULL,NULL,'ojs::counter',3,1,259,1,NULL),('usage_events_20160916.log',1048585,1,8,8,'20160916','201609',NULL,NULL,NULL,NULL,'ojs::counter',1,1,259,2,NULL),('usage_events_20160916.log',1048585,1,9,9,'20160916','201609',NULL,NULL,NULL,NULL,'ojs::counter',1,1,259,1,NULL),('usage_events_20160916.log',1048585,1,10,10,'20160916','201609',NULL,NULL,NULL,NULL,'ojs::counter',1,1,259,3,NULL),('usage_events_20160916.log',1048585,1,11,11,'20160916','201609',NULL,NULL,NULL,NULL,'ojs::counter',1,1,259,1,NULL),('usage_events_20160916.log',1048585,1,12,12,'20160916','201609',NULL,NULL,NULL,NULL,'ojs::counter',1,1,259,1,NULL),('usage_events_20160916.log',1048585,1,13,13,'20160916','201609',NULL,NULL,NULL,NULL,'ojs::counter',1,1,259,1,NULL),('usage_events_20160916.log',1048585,1,14,14,'20160916','201609',NULL,NULL,NULL,NULL,'ojs::counter',1,1,259,1,NULL),('usage_events_20160916.log',1048585,1,15,15,'20160916','201609',NULL,NULL,NULL,NULL,'ojs::counter',1,1,259,1,NULL),('usage_events_20160916.log',1048585,1,16,16,'20160916','201609',NULL,NULL,NULL,NULL,'ojs::counter',1,1,259,1,NULL),('usage_events_20160916.log',1048585,1,17,17,'20160916','201609',NULL,NULL,NULL,NULL,'ojs::counter',1,1,259,1,NULL),('usage_events_20160916.log',1048585,1,18,18,'20160916','201609',NULL,NULL,NULL,NULL,'ojs::counter',1,1,259,2,NULL),('usage_events_20160916.log',1048585,1,20,20,'20160916','201609',NULL,NULL,NULL,NULL,'ojs::counter',1,1,259,1,NULL),('usage_events_20160916.log',1048585,1,26,26,'20160916','201609',NULL,NULL,NULL,NULL,'ojs::counter',1,1,259,2,NULL),('usage_events_20160916.log',1048585,1,27,27,'20160916','201609',NULL,NULL,NULL,NULL,'ojs::counter',1,1,259,2,NULL),('usage_events_20160916.log',1048585,1,29,29,'20160916','201609',NULL,NULL,NULL,NULL,'ojs::counter',1,1,259,2,NULL),('usage_events_20160916.log',1048585,1,30,30,'20160916','201609',NULL,NULL,NULL,NULL,'ojs::counter',1,1,259,3,NULL),('usage_events_20160916.log',1048585,1,32,32,'20160916','201609',NULL,NULL,NULL,NULL,'ojs::counter',1,1,259,2,NULL),('usage_events_20160916.log',1048585,1,33,33,'20160916','201609',NULL,NULL,NULL,NULL,'ojs::counter',1,1,259,2,NULL),('usage_events_20160916.log',1048585,1,34,34,'20160916','201609',NULL,NULL,NULL,NULL,'ojs::counter',2,1,259,17,NULL),('usage_events_20160916.log',1048585,1,35,35,'20160916','201609',NULL,NULL,NULL,NULL,'ojs::counter',1,1,259,2,NULL),('usage_events_20160916.log',1048585,1,36,36,'20160916','201609',NULL,NULL,NULL,NULL,'ojs::counter',1,1,259,2,NULL),('usage_events_20160916.log',1048585,1,37,37,'20160916','201609',NULL,NULL,NULL,NULL,'ojs::counter',1,1,259,4,NULL),('usage_events_20160916.log',1048585,1,39,39,'20160916','201609',NULL,NULL,NULL,NULL,'ojs::counter',1,1,259,4,NULL),('usage_events_20160916.log',1048585,1,40,40,'20160916','201609',NULL,NULL,NULL,NULL,'ojs::counter',2,1,259,4,NULL),('usage_events_20160916.log',1048585,1,42,42,'20160916','201609',NULL,NULL,NULL,NULL,'ojs::counter',1,1,259,4,NULL),('usage_events_20160916.log',1048585,1,43,43,'20160916','201609',NULL,NULL,NULL,NULL,'ojs::counter',2,1,259,4,NULL),('usage_events_20160916.log',1048585,1,44,44,'20160916','201609',NULL,NULL,NULL,NULL,'ojs::counter',1,1,259,2,NULL),('usage_events_20160916.log',1048585,1,45,45,'20160916','201609',NULL,NULL,NULL,NULL,'ojs::counter',1,1,259,3,NULL),('usage_events_20160916.log',1048585,1,46,46,'20160916','201609',NULL,NULL,NULL,NULL,'ojs::counter',1,1,259,2,NULL),('usage_events_20160916.log',1048585,1,48,48,'20160916','201609',NULL,NULL,NULL,NULL,'ojs::counter',1,1,259,2,NULL),('usage_events_20160916.log',1048585,1,49,49,'20160916','201609',NULL,NULL,NULL,NULL,'ojs::counter',1,1,259,3,NULL),('usage_events_20160916.log',1048585,1,53,53,'20160916','201609',NULL,NULL,NULL,NULL,'ojs::counter',1,1,259,4,NULL),('usage_events_20160916.log',1048585,1,59,59,'20160916','201609',NULL,NULL,NULL,NULL,'ojs::counter',1,1,259,3,NULL),('usage_events_20160916.log',1048585,1,60,60,'20160916','201609',NULL,NULL,NULL,NULL,'ojs::counter',1,1,259,3,NULL),('usage_events_20160916.log',1048585,1,65,65,'20160916','201609',NULL,NULL,NULL,NULL,'ojs::counter',2,1,259,4,NULL),('usage_events_20160916.log',1048585,1,66,66,'20160916','201609',NULL,NULL,NULL,NULL,'ojs::counter',2,1,259,17,NULL),('usage_events_20160916.log',1048585,1,67,67,'20160916','201609',NULL,NULL,NULL,NULL,'ojs::counter',2,1,259,17,NULL),('usage_events_20160916.log',1048585,1,69,69,'20160916','201609',NULL,NULL,NULL,NULL,'ojs::counter',1,1,259,3,NULL),('usage_events_20160916.log',1048585,1,72,72,'20160916','201609',NULL,NULL,NULL,NULL,'ojs::counter',1,1,259,3,NULL),('usage_events_20160916.log',1048585,1,73,73,'20160916','201609',NULL,NULL,NULL,NULL,'ojs::counter',1,1,259,3,NULL),('usage_events_20160916.log',1048585,1,75,75,'20160916','201609',NULL,NULL,NULL,NULL,'ojs::counter',2,1,259,17,NULL),('usage_events_20160916.log',1048585,1,76,76,'20160916','201609',NULL,NULL,NULL,NULL,'ojs::counter',1,1,259,4,NULL),('usage_events_20160916.log',1048585,1,77,77,'20160916','201609',NULL,NULL,NULL,NULL,'ojs::counter',1,1,259,4,NULL),('usage_events_20160916.log',1048585,1,78,78,'20160916','201609',NULL,NULL,NULL,NULL,'ojs::counter',1,1,259,4,NULL),('usage_events_20160916.log',1048585,1,79,79,'20160916','201609',NULL,NULL,NULL,NULL,'ojs::counter',2,1,259,17,NULL),('usage_events_20160916.log',1048585,1,86,86,'20160916','201609',NULL,NULL,NULL,NULL,'ojs::counter',1,1,259,4,NULL),('usage_events_20160916.log',1048585,1,87,87,'20160916','201609',NULL,NULL,NULL,NULL,'ojs::counter',1,1,259,3,NULL),('usage_events_20160916.log',1048585,1,90,90,'20160916','201609',NULL,NULL,NULL,NULL,'ojs::counter',1,1,259,4,NULL),('usage_events_20160916.log',1048585,1,93,93,'20160916','201609',NULL,NULL,NULL,NULL,'ojs::counter',2,1,259,17,NULL),('usage_events_20160916.log',1048585,1,94,94,'20160916','201609',NULL,NULL,NULL,NULL,'ojs::counter',1,1,259,4,NULL),('usage_events_20160916.log',1048585,1,95,95,'20160916','201609',NULL,NULL,NULL,NULL,'ojs::counter',1,1,259,4,NULL),('usage_events_20160916.log',1048585,1,96,96,'20160916','201609',NULL,NULL,NULL,NULL,'ojs::counter',1,1,259,4,NULL),('usage_events_20160916.log',1048585,1,99,99,'20160916','201609',NULL,NULL,NULL,NULL,'ojs::counter',2,1,259,17,NULL),('usage_events_20160916.log',1048585,1,100,100,'20160916','201609',NULL,NULL,NULL,NULL,'ojs::counter',2,1,259,17,NULL),('usage_events_20160916.log',1048585,1,102,102,'20160916','201609',NULL,NULL,NULL,NULL,'ojs::counter',2,1,259,17,NULL),('usage_events_20160916.log',1048585,1,125,125,'20160916','201609',NULL,NULL,NULL,NULL,'ojs::counter',2,1,259,17,NULL),('usage_events_20160916.log',1048585,1,141,141,'20160916','201609',NULL,NULL,NULL,NULL,'ojs::counter',1,1,259,6,NULL),('usage_events_20160916.log',1048585,1,143,143,'20160916','201609',NULL,NULL,NULL,NULL,'ojs::counter',1,1,259,6,NULL),('usage_events_20160916.log',1048585,1,147,147,'20160916','201609',NULL,NULL,NULL,NULL,'ojs::counter',1,1,259,6,NULL),('usage_events_20160916.log',1048585,1,168,168,'20160916','201609',NULL,NULL,NULL,NULL,'ojs::counter',1,1,259,7,NULL),('usage_events_20160916.log',1048585,1,173,173,'20160916','201609',NULL,NULL,NULL,NULL,'ojs::counter',1,1,259,7,NULL),('usage_events_20160916.log',1048585,1,190,190,'20160916','201609',NULL,NULL,NULL,NULL,'ojs::counter',1,1,259,8,NULL),('usage_events_20160916.log',1048585,1,203,203,'20160916','201609',NULL,NULL,NULL,NULL,'ojs::counter',1,1,259,9,NULL),('usage_events_20160916.log',1048585,1,216,216,'20160916','201609',NULL,NULL,NULL,NULL,'ojs::counter',3,1,259,10,NULL),('usage_events_20160916.log',1048585,1,226,226,'20160916','201609',NULL,NULL,NULL,NULL,'ojs::counter',1,1,259,10,NULL),('usage_events_20160916.log',1048585,1,234,234,'20160916','201609',NULL,NULL,NULL,NULL,'ojs::counter',1,1,259,11,NULL),('usage_events_20160916.log',1048585,1,240,240,'20160916','201609',NULL,NULL,NULL,NULL,'ojs::counter',1,1,259,12,NULL),('usage_events_20160916.log',1048585,1,241,241,'20160916','201609',NULL,NULL,NULL,NULL,'ojs::counter',1,1,259,12,NULL),('usage_events_20160916.log',1048585,1,244,244,'20160916','201609',NULL,NULL,NULL,NULL,'ojs::counter',1,1,259,12,NULL),('usage_events_20160916.log',1048585,1,250,250,'20160916','201609',NULL,NULL,NULL,NULL,'ojs::counter',1,1,259,12,NULL),('usage_events_20160916.log',1048585,1,255,255,'20160916','201609',NULL,NULL,NULL,NULL,'ojs::counter',1,1,259,13,NULL),('usage_events_20160916.log',1048585,1,256,256,'20160916','201609',NULL,NULL,NULL,NULL,'ojs::counter',1,1,259,13,NULL),('usage_events_20160916.log',1048585,1,257,257,'20160916','201609',NULL,NULL,NULL,NULL,'ojs::counter',1,1,259,13,NULL),('usage_events_20160916.log',1048585,1,258,258,'20160916','201609',NULL,NULL,NULL,NULL,'ojs::counter',1,1,259,13,NULL),('usage_events_20160916.log',1048585,1,259,259,'20160916','201609',NULL,NULL,NULL,NULL,'ojs::counter',1,1,259,13,NULL),('usage_events_20160916.log',1048585,1,260,260,'20160916','201609',NULL,NULL,NULL,NULL,'ojs::counter',1,1,259,13,NULL),('usage_events_20160916.log',1048585,1,261,261,'20160916','201609',NULL,NULL,NULL,NULL,'ojs::counter',1,1,259,13,NULL),('usage_events_20160916.log',1048585,1,262,262,'20160916','201609',NULL,NULL,NULL,NULL,'ojs::counter',1,1,259,13,NULL),('usage_events_20160916.log',1048585,1,263,263,'20160916','201609',NULL,NULL,NULL,NULL,'ojs::counter',1,1,259,14,NULL),('usage_events_20160916.log',1048585,1,264,264,'20160916','201609',NULL,NULL,NULL,NULL,'ojs::counter',1,1,259,14,NULL),('usage_events_20160916.log',1048585,1,265,265,'20160916','201609',NULL,NULL,NULL,NULL,'ojs::counter',1,1,259,14,NULL),('usage_events_20160916.log',1048585,1,266,266,'20160916','201609',NULL,NULL,NULL,NULL,'ojs::counter',1,1,259,14,NULL),('usage_events_20160916.log',1048585,1,267,267,'20160916','201609',NULL,NULL,NULL,NULL,'ojs::counter',1,1,259,14,NULL),('usage_events_20160916.log',1048585,1,268,268,'20160916','201609',NULL,NULL,NULL,NULL,'ojs::counter',1,1,259,14,NULL),('usage_events_20160916.log',1048585,1,269,269,'20160916','201609',NULL,NULL,NULL,NULL,'ojs::counter',1,1,259,14,NULL),('usage_events_20160916.log',1048585,1,270,270,'20160916','201609',NULL,NULL,NULL,NULL,'ojs::counter',1,1,259,14,NULL),('usage_events_20160916.log',1048585,1,271,271,'20160916','201609',NULL,NULL,NULL,NULL,'ojs::counter',1,1,259,14,NULL),('usage_events_20160916.log',1048585,1,272,272,'20160916','201609',NULL,NULL,NULL,NULL,'ojs::counter',1,1,259,14,NULL),('usage_events_20160916.log',1048585,1,273,273,'20160916','201609',NULL,NULL,NULL,NULL,'ojs::counter',1,1,259,14,NULL),('usage_events_20160916.log',1048585,1,274,274,'20160916','201609',NULL,NULL,NULL,NULL,'ojs::counter',1,1,259,14,NULL),('usage_events_20160916.log',1048585,1,305,305,'20160916','201609',NULL,NULL,NULL,NULL,'ojs::counter',1,1,259,15,NULL),('usage_events_20160916.log',1048585,1,319,319,'20160916','201609',NULL,NULL,NULL,NULL,'ojs::counter',1,1,259,16,NULL),('usage_events_20160916.log',259,1,NULL,1,'20160916','201609',NULL,NULL,NULL,NULL,'ojs::counter',1,NULL,NULL,NULL,NULL),('usage_events_20160916.log',259,1,NULL,2,'20160916','201609',NULL,NULL,NULL,NULL,'ojs::counter',1,NULL,NULL,NULL,NULL),('usage_events_20160916.log',259,1,NULL,3,'20160916','201609',NULL,NULL,NULL,NULL,'ojs::counter',1,NULL,NULL,NULL,NULL),('usage_events_20160916.log',259,1,NULL,4,'20160916','201609',NULL,NULL,NULL,NULL,'ojs::counter',1,NULL,NULL,NULL,NULL),('usage_events_20160916.log',259,1,NULL,5,'20160916','201609',NULL,NULL,NULL,NULL,'ojs::counter',1,NULL,NULL,NULL,NULL),('usage_events_20160916.log',259,1,NULL,6,'20160916','201609',NULL,NULL,NULL,NULL,'ojs::counter',1,NULL,NULL,NULL,NULL),('usage_events_20160916.log',259,1,NULL,7,'20160916','201609',NULL,NULL,NULL,NULL,'ojs::counter',1,NULL,NULL,NULL,NULL),('usage_events_20160916.log',259,1,NULL,8,'20160916','201609',NULL,NULL,NULL,NULL,'ojs::counter',1,NULL,NULL,NULL,NULL),('usage_events_20160916.log',259,1,NULL,9,'20160916','201609',NULL,NULL,NULL,NULL,'ojs::counter',1,NULL,NULL,NULL,NULL),('usage_events_20160916.log',259,1,NULL,10,'20160916','201609',NULL,NULL,NULL,NULL,'ojs::counter',1,NULL,NULL,NULL,NULL),('usage_events_20160916.log',259,1,NULL,11,'20160916','201609',NULL,NULL,NULL,NULL,'ojs::counter',1,NULL,NULL,NULL,NULL),('usage_events_20160916.log',259,1,NULL,12,'20160916','201609',NULL,NULL,NULL,NULL,'ojs::counter',1,NULL,NULL,NULL,NULL),('usage_events_20160916.log',259,1,NULL,13,'20160916','201609',NULL,NULL,NULL,NULL,'ojs::counter',1,NULL,NULL,NULL,NULL),('usage_events_20160916.log',259,1,NULL,14,'20160916','201609',NULL,NULL,NULL,NULL,'ojs::counter',1,NULL,NULL,NULL,NULL),('usage_events_20160916.log',259,1,NULL,15,'20160916','201609',NULL,NULL,NULL,NULL,'ojs::counter',1,NULL,NULL,NULL,NULL),('usage_events_20160916.log',259,1,NULL,16,'20160916','201609',NULL,NULL,NULL,NULL,'ojs::counter',1,NULL,NULL,NULL,NULL),('usage_events_20160916.log',259,1,NULL,17,'20160916','201609',NULL,NULL,NULL,NULL,'ojs::counter',2,NULL,NULL,NULL,NULL),('usage_events_20160916.log',515,1,7,69,'20160916','201609',2,NULL,NULL,NULL,'ojs::counter',1,1,259,1,5),('usage_events_20160916.log',515,1,16,83,'20160916','201609',2,NULL,NULL,NULL,'ojs::counter',1,1,259,1,18),('usage_events_20160916.log',515,1,92,332,'20160916','201609',2,NULL,NULL,NULL,'ojs::counter',2,4,259,4,106),('usage_events_20160916.log',515,1,216,521,'20160916','201609',2,NULL,NULL,NULL,'ojs::counter',1,1,259,10,195),('usage_events_20160916.log',515,1,225,534,'20160916','201609',2,NULL,NULL,NULL,'ojs::counter',1,1,259,10,204),('usage_events_20160916.log',515,1,34,755,'20160916','201609',2,NULL,NULL,NULL,'ojs::counter',1,1,259,17,297),('usage_events_20160916.log',515,1,67,756,'20160916','201609',2,NULL,NULL,NULL,'ojs::counter',2,1,259,17,298),('usage_events_20160916.log',515,1,2,757,'20160916','201609',2,NULL,NULL,NULL,'ojs::counter',1,1,259,17,299),('usage_events_20160916.log',515,1,93,758,'20160916','201609',2,NULL,NULL,NULL,'ojs::counter',1,1,259,17,300),('usage_events_20160916.log',515,1,75,759,'20160916','201609',2,NULL,NULL,NULL,'ojs::counter',1,1,259,17,301),('usage_events_20160916.log',521,1,99,302,'20160916','201609',2,NULL,NULL,NULL,'ojs::counter',1,1,259,17,302),('usage_events_20160916.log',515,1,79,761,'20160916','201609',2,NULL,NULL,NULL,'ojs::counter',1,1,259,17,303),('usage_events_20160916.log',515,1,66,762,'20160916','201609',2,NULL,NULL,NULL,'ojs::counter',1,1,259,17,304),('usage_events_20160916.log',515,1,102,763,'20160916','201609',2,NULL,NULL,NULL,'ojs::counter',1,1,259,17,305),('usage_events_20160916.log',515,1,125,764,'20160916','201609',2,NULL,NULL,NULL,'ojs::counter',1,1,259,17,306),('usage_events_20160916.log',515,1,100,765,'20160916','201609',2,NULL,NULL,NULL,'ojs::counter',1,1,259,17,307),('usage_events_20160916.log',515,1,61,766,'20160916','201609',2,NULL,NULL,NULL,'ojs::counter',1,3,259,17,308),('usage_events_20160917.log',256,1,NULL,1,'20160917','201609',NULL,NULL,NULL,NULL,'ojs::counter',27,NULL,NULL,NULL,NULL),('usage_events_20160917.log',1048585,1,32,32,'20160917','201609',NULL,NULL,NULL,NULL,'ojs::counter',2,1,259,2,NULL),('usage_events_20160917.log',1048585,1,35,35,'20160917','201609',NULL,NULL,NULL,NULL,'ojs::counter',1,1,259,2,NULL),('usage_events_20160917.log',1048585,1,40,40,'20160917','201609',NULL,NULL,NULL,NULL,'ojs::counter',1,1,259,4,NULL),('usage_events_20160917.log',1048585,1,43,43,'20160917','201609',NULL,NULL,NULL,NULL,'ojs::counter',4,1,259,4,NULL),('usage_events_20160917.log',1048585,1,49,49,'20160917','201609',NULL,NULL,NULL,NULL,'ojs::counter',1,1,259,3,NULL),('usage_events_20160917.log',1048585,1,59,59,'20160917','201609',NULL,NULL,NULL,NULL,'ojs::counter',4,1,259,3,NULL),('usage_events_20160917.log',1048585,1,67,67,'20160917','201609',NULL,NULL,NULL,NULL,'ojs::counter',1,1,259,17,NULL),('usage_events_20160917.log',1048585,1,75,75,'20160917','201609',NULL,NULL,NULL,NULL,'ojs::counter',2,1,259,17,NULL),('usage_events_20160917.log',1048585,1,76,76,'20160917','201609',NULL,NULL,NULL,NULL,'ojs::counter',1,1,259,4,NULL),('usage_events_20160917.log',1048585,1,96,96,'20160917','201609',NULL,NULL,NULL,NULL,'ojs::counter',1,1,259,4,NULL),('usage_events_20160917.log',1048585,1,100,100,'20160917','201609',NULL,NULL,NULL,NULL,'ojs::counter',2,1,259,17,NULL),('usage_events_20160917.log',1048585,1,184,184,'20160917','201609',NULL,NULL,NULL,NULL,'ojs::counter',1,1,259,8,NULL),('usage_events_20160917.log',1048585,1,298,298,'20160917','201609',NULL,NULL,NULL,NULL,'ojs::counter',2,1,259,15,NULL),('usage_events_20160917.log',259,1,NULL,1,'20160917','201609',NULL,NULL,NULL,NULL,'ojs::counter',2,NULL,NULL,NULL,NULL),('usage_events_20160917.log',259,1,NULL,2,'20160917','201609',NULL,NULL,NULL,NULL,'ojs::counter',1,NULL,NULL,NULL,NULL),('usage_events_20160917.log',259,1,NULL,3,'20160917','201609',NULL,NULL,NULL,NULL,'ojs::counter',1,NULL,NULL,NULL,NULL),('usage_events_20160917.log',259,1,NULL,4,'20160917','201609',NULL,NULL,NULL,NULL,'ojs::counter',2,NULL,NULL,NULL,NULL),('usage_events_20160917.log',259,1,NULL,12,'20160917','201609',NULL,NULL,NULL,NULL,'ojs::counter',2,NULL,NULL,NULL,NULL),('usage_events_20160917.log',259,1,NULL,13,'20160917','201609',NULL,NULL,NULL,NULL,'ojs::counter',1,NULL,NULL,NULL,NULL),('usage_events_20160917.log',259,1,NULL,14,'20160917','201609',NULL,NULL,NULL,NULL,'ojs::counter',2,NULL,NULL,NULL,NULL),('usage_events_20160917.log',259,1,NULL,17,'20160917','201609',NULL,NULL,NULL,NULL,'ojs::counter',2,NULL,NULL,NULL,NULL),('usage_events_20160917.log',515,1,9,71,'20160917','201609',2,NULL,NULL,NULL,'ojs::counter',1,1,259,1,7),('usage_events_20160917.log',515,1,12,75,'20160917','201609',2,NULL,NULL,NULL,'ojs::counter',3,1,259,1,10),('usage_events_20160917.log',515,1,44,210,'20160917','201609',2,NULL,NULL,NULL,'ojs::counter',2,1,259,2,26),('usage_events_20160917.log',515,1,32,218,'20160917','201609',2,NULL,NULL,NULL,'ojs::counter',1,1,259,2,32),('usage_events_20160917.log',515,1,76,296,'20160917','201609',2,NULL,NULL,NULL,'ojs::counter',2,1,259,4,78),('usage_events_20160917.log',515,1,5,315,'20160917','201609',2,NULL,NULL,NULL,'ojs::counter',2,1,259,3,93),('usage_events_20160917.log',515,1,59,318,'20160917','201609',2,NULL,NULL,NULL,'ojs::counter',3,1,259,3,96),('usage_events_20160917.log',515,1,69,320,'20160917','201609',2,NULL,NULL,NULL,'ojs::counter',1,1,259,3,98),('usage_events_20160917.log',515,1,72,321,'20160917','201609',2,NULL,NULL,NULL,'ojs::counter',2,1,259,3,99),('usage_events_20160917.log',515,1,73,322,'20160917','201609',2,NULL,NULL,NULL,'ojs::counter',1,1,259,3,100),('usage_events_20160917.log',515,1,165,458,'20160917','201609',2,NULL,NULL,NULL,'ojs::counter',1,1,259,7,143),('usage_events_20160917.log',515,1,184,482,'20160917','201609',2,NULL,NULL,NULL,'ojs::counter',1,1,259,8,162),('usage_events_20160917.log',515,1,222,531,'20160917','201609',2,NULL,NULL,NULL,'ojs::counter',1,1,259,10,201),('usage_events_20160917.log',515,1,244,566,'20160917','201609',2,NULL,NULL,NULL,'ojs::counter',1,1,259,12,223),('usage_events_20160917.log',515,1,246,569,'20160917','201609',2,NULL,NULL,NULL,'ojs::counter',1,1,259,12,225),('usage_events_20160917.log',515,1,298,676,'20160917','201609',2,NULL,NULL,NULL,'ojs::counter',1,1,259,15,259),('usage_events_20160917.log',515,1,67,756,'20160917','201609',2,NULL,NULL,NULL,'ojs::counter',1,1,259,17,298),('usage_events_20160918.log',256,1,NULL,1,'20160918','201609',NULL,NULL,NULL,NULL,'ojs::counter',31,NULL,NULL,NULL,NULL),('usage_events_20160918.log',1048585,1,2,2,'20160918','201609',NULL,NULL,NULL,NULL,'ojs::counter',1,1,259,17,NULL),('usage_events_20160918.log',1048585,1,12,12,'20160918','201609',NULL,NULL,NULL,NULL,'ojs::counter',3,1,259,1,NULL),('usage_events_20160918.log',1048585,1,32,32,'20160918','201609',NULL,NULL,NULL,NULL,'ojs::counter',5,1,259,2,NULL),('usage_events_20160918.log',1048585,1,40,40,'20160918','201609',NULL,NULL,NULL,NULL,'ojs::counter',1,1,259,4,NULL),('usage_events_20160918.log',1048585,1,44,44,'20160918','201609',NULL,NULL,NULL,NULL,'ojs::counter',1,1,259,2,NULL),('usage_events_20160918.log',1048585,1,46,46,'20160918','201609',NULL,NULL,NULL,NULL,'ojs::counter',1,1,259,2,NULL),('usage_events_20160918.log',1048585,1,48,48,'20160918','201609',NULL,NULL,NULL,NULL,'ojs::counter',1,1,259,2,NULL),('usage_events_20160918.log',1048585,1,75,75,'20160918','201609',NULL,NULL,NULL,NULL,'ojs::counter',2,1,259,17,NULL),('usage_events_20160918.log',1048585,1,79,79,'20160918','201609',NULL,NULL,NULL,NULL,'ojs::counter',2,1,259,17,NULL),('usage_events_20160918.log',1048585,1,93,93,'20160918','201609',NULL,NULL,NULL,NULL,'ojs::counter',1,1,259,17,NULL),('usage_events_20160918.log',1048585,1,94,94,'20160918','201609',NULL,NULL,NULL,NULL,'ojs::counter',2,1,259,4,NULL),('usage_events_20160918.log',1048585,1,102,102,'20160918','201609',NULL,NULL,NULL,NULL,'ojs::counter',5,1,259,17,NULL),('usage_events_20160918.log',1048585,1,234,234,'20160918','201609',NULL,NULL,NULL,NULL,'ojs::counter',1,1,259,11,NULL),('usage_events_20160918.log',1048585,1,263,263,'20160918','201609',NULL,NULL,NULL,NULL,'ojs::counter',1,1,259,14,NULL),('usage_events_20160918.log',259,1,NULL,1,'20160918','201609',NULL,NULL,NULL,NULL,'ojs::counter',1,NULL,NULL,NULL,NULL),('usage_events_20160918.log',259,1,NULL,2,'20160918','201609',NULL,NULL,NULL,NULL,'ojs::counter',1,NULL,NULL,NULL,NULL),('usage_events_20160918.log',259,1,NULL,3,'20160918','201609',NULL,NULL,NULL,NULL,'ojs::counter',1,NULL,NULL,NULL,NULL),('usage_events_20160918.log',259,1,NULL,4,'20160918','201609',NULL,NULL,NULL,NULL,'ojs::counter',2,NULL,NULL,NULL,NULL),('usage_events_20160918.log',259,1,NULL,11,'20160918','201609',NULL,NULL,NULL,NULL,'ojs::counter',2,NULL,NULL,NULL,NULL),('usage_events_20160918.log',259,1,NULL,12,'20160918','201609',NULL,NULL,NULL,NULL,'ojs::counter',1,NULL,NULL,NULL,NULL),('usage_events_20160918.log',259,1,NULL,14,'20160918','201609',NULL,NULL,NULL,NULL,'ojs::counter',3,NULL,NULL,NULL,NULL),('usage_events_20160918.log',259,1,NULL,17,'20160918','201609',NULL,NULL,NULL,NULL,'ojs::counter',5,NULL,NULL,NULL,NULL),('usage_events_20160918.log',515,1,13,70,'20160918','201609',2,NULL,NULL,NULL,'ojs::counter',8,1,259,1,6),('usage_events_20160918.log',515,1,12,75,'20160918','201609',2,NULL,NULL,NULL,'ojs::counter',1,1,259,1,10),('usage_events_20160918.log',515,1,35,208,'20160918','201609',2,NULL,NULL,NULL,'ojs::counter',1,1,259,2,24),('usage_events_20160918.log',515,1,44,210,'20160918','201609',2,NULL,NULL,NULL,'ojs::counter',1,1,259,2,26),('usage_events_20160918.log',515,1,33,213,'20160918','201609',2,NULL,NULL,NULL,'ojs::counter',1,1,259,2,27),('usage_events_20160918.log',515,1,48,216,'20160918','201609',2,NULL,NULL,NULL,'ojs::counter',1,1,259,2,30),('usage_events_20160918.log',515,1,32,218,'20160918','201609',2,NULL,NULL,NULL,'ojs::counter',10,1,259,2,32),('usage_events_20160918.log',515,1,40,292,'20160918','201609',2,NULL,NULL,NULL,'ojs::counter',1,1,259,4,74),('usage_events_20160918.log',515,1,53,298,'20160918','201609',2,NULL,NULL,NULL,'ojs::counter',1,1,259,4,80),('usage_events_20160918.log',515,1,94,299,'20160918','201609',2,NULL,NULL,NULL,'ojs::counter',1,1,259,4,81),('usage_events_20160918.log',515,1,72,321,'20160918','201609',2,NULL,NULL,NULL,'ojs::counter',1,1,259,3,99),('usage_events_20160918.log',515,1,73,322,'20160918','201609',2,NULL,NULL,NULL,'ojs::counter',1,1,259,3,100),('usage_events_20160918.log',515,1,30,352,'20160918','201609',2,NULL,NULL,NULL,'ojs::counter',1,1,259,3,107),('usage_events_20160918.log',515,1,198,502,'20160918','201609',2,NULL,NULL,NULL,'ojs::counter',1,1,259,9,176),('usage_events_20160918.log',515,1,222,531,'20160918','201609',2,NULL,NULL,NULL,'ojs::counter',1,1,259,10,201),('usage_events_20160918.log',515,1,234,547,'20160918','201609',2,NULL,NULL,NULL,'ojs::counter',1,1,259,11,213),('usage_events_20160918.log',515,1,237,556,'20160918','201609',2,NULL,NULL,NULL,'ojs::counter',1,1,259,11,216),('usage_events_20160918.log',515,1,34,755,'20160918','201609',2,NULL,NULL,NULL,'ojs::counter',3,1,259,17,297),('usage_events_20160918.log',515,1,2,757,'20160918','201609',2,NULL,NULL,NULL,'ojs::counter',5,1,259,17,299),('usage_events_20160918.log',515,1,93,758,'20160918','201609',2,NULL,NULL,NULL,'ojs::counter',1,1,259,17,300),('usage_events_20160918.log',515,1,79,761,'20160918','201609',2,NULL,NULL,NULL,'ojs::counter',4,1,259,17,303),('usage_events_20160918.log',515,1,102,763,'20160918','201609',2,NULL,NULL,NULL,'ojs::counter',2,1,259,17,305),('usage_events_20160919.log',256,1,NULL,1,'20160919','201609',NULL,NULL,NULL,NULL,'ojs::counter',46,NULL,NULL,NULL,NULL),('usage_events_20160919.log',1048585,1,2,2,'20160919','201609',NULL,NULL,NULL,NULL,'ojs::counter',4,1,259,17,NULL),('usage_events_20160919.log',1048585,1,11,11,'20160919','201609',NULL,NULL,NULL,NULL,'ojs::counter',2,1,259,1,NULL),('usage_events_20160919.log',1048585,1,20,20,'20160919','201609',NULL,NULL,NULL,NULL,'ojs::counter',6,1,259,1,NULL),('usage_events_20160919.log',1048585,1,32,32,'20160919','201609',NULL,NULL,NULL,NULL,'ojs::counter',3,1,259,2,NULL),('usage_events_20160919.log',1048585,1,34,34,'20160919','201609',NULL,NULL,NULL,NULL,'ojs::counter',2,1,259,17,NULL),('usage_events_20160919.log',1048585,1,43,43,'20160919','201609',NULL,NULL,NULL,NULL,'ojs::counter',2,1,259,4,NULL),('usage_events_20160919.log',1048585,1,59,59,'20160919','201609',NULL,NULL,NULL,NULL,'ojs::counter',3,1,259,3,NULL),('usage_events_20160919.log',1048585,1,66,66,'20160919','201609',NULL,NULL,NULL,NULL,'ojs::counter',1,1,259,17,NULL),('usage_events_20160919.log',1048585,1,67,67,'20160919','201609',NULL,NULL,NULL,NULL,'ojs::counter',1,1,259,17,NULL),('usage_events_20160919.log',1048585,1,69,69,'20160919','201609',NULL,NULL,NULL,NULL,'ojs::counter',1,1,259,3,NULL),('usage_events_20160919.log',1048585,1,73,73,'20160919','201609',NULL,NULL,NULL,NULL,'ojs::counter',3,1,259,3,NULL),('usage_events_20160919.log',1048585,1,76,76,'20160919','201609',NULL,NULL,NULL,NULL,'ojs::counter',1,1,259,4,NULL),('usage_events_20160919.log',1048585,1,77,77,'20160919','201609',NULL,NULL,NULL,NULL,'ojs::counter',2,1,259,4,NULL),('usage_events_20160919.log',1048585,1,78,78,'20160919','201609',NULL,NULL,NULL,NULL,'ojs::counter',2,1,259,4,NULL),('usage_events_20160919.log',1048585,1,79,79,'20160919','201609',NULL,NULL,NULL,NULL,'ojs::counter',1,1,259,17,NULL),('usage_events_20160919.log',1048585,1,90,90,'20160919','201609',NULL,NULL,NULL,NULL,'ojs::counter',1,1,259,4,NULL),('usage_events_20160919.log',1048585,1,93,93,'20160919','201609',NULL,NULL,NULL,NULL,'ojs::counter',5,1,259,17,NULL),('usage_events_20160919.log',1048585,1,96,96,'20160919','201609',NULL,NULL,NULL,NULL,'ojs::counter',2,1,259,4,NULL),('usage_events_20160919.log',1048585,1,99,99,'20160919','201609',NULL,NULL,NULL,NULL,'ojs::counter',1,1,259,17,NULL),('usage_events_20160919.log',1048585,1,102,102,'20160919','201609',NULL,NULL,NULL,NULL,'ojs::counter',1,1,259,17,NULL),('usage_events_20160919.log',1048585,1,125,125,'20160919','201609',NULL,NULL,NULL,NULL,'ojs::counter',1,1,259,17,NULL),('usage_events_20160919.log',1048585,1,139,139,'20160919','201609',NULL,NULL,NULL,NULL,'ojs::counter',1,1,259,5,NULL),('usage_events_20160919.log',1048585,1,170,170,'20160919','201609',NULL,NULL,NULL,NULL,'ojs::counter',2,1,259,7,NULL),('usage_events_20160919.log',1048585,1,178,178,'20160919','201609',NULL,NULL,NULL,NULL,'ojs::counter',1,1,259,8,NULL),('usage_events_20160919.log',1048585,1,184,184,'20160919','201609',NULL,NULL,NULL,NULL,'ojs::counter',2,1,259,8,NULL),('usage_events_20160919.log',1048585,1,270,270,'20160919','201609',NULL,NULL,NULL,NULL,'ojs::counter',1,1,259,14,NULL),('usage_events_20160919.log',259,1,NULL,4,'20160919','201609',NULL,NULL,NULL,NULL,'ojs::counter',1,NULL,NULL,NULL,NULL),('usage_events_20160919.log',259,1,NULL,14,'20160919','201609',NULL,NULL,NULL,NULL,'ojs::counter',1,NULL,NULL,NULL,NULL),('usage_events_20160919.log',259,1,NULL,17,'20160919','201609',NULL,NULL,NULL,NULL,'ojs::counter',1,NULL,NULL,NULL,NULL),('usage_events_20160919.log',515,1,13,70,'20160919','201609',2,NULL,NULL,NULL,'ojs::counter',4,1,259,1,6),('usage_events_20160919.log',515,1,9,71,'20160919','201609',2,NULL,NULL,NULL,'ojs::counter',1,1,259,1,7),('usage_events_20160919.log',515,1,11,76,'20160919','201609',2,NULL,NULL,NULL,'ojs::counter',1,1,259,1,11),('usage_events_20160919.log',515,1,19,84,'20160919','201609',2,NULL,NULL,NULL,'ojs::counter',1,3,259,1,19),('usage_events_20160919.log',515,1,35,208,'20160919','201609',2,NULL,NULL,NULL,'ojs::counter',1,1,259,2,24),('usage_events_20160919.log',515,1,44,210,'20160919','201609',2,NULL,NULL,NULL,'ojs::counter',2,1,259,2,26),('usage_events_20160919.log',515,1,32,218,'20160919','201609',2,NULL,NULL,NULL,'ojs::counter',1,1,259,2,32),('usage_events_20160919.log',515,1,65,291,'20160919','201609',2,NULL,NULL,NULL,'ojs::counter',1,1,259,4,73),('usage_events_20160919.log',515,1,40,292,'20160919','201609',2,NULL,NULL,NULL,'ojs::counter',1,1,259,4,74),('usage_events_20160919.log',515,1,43,304,'20160919','201609',2,NULL,NULL,NULL,'ojs::counter',2,1,259,4,86),('usage_events_20160919.log',515,1,77,305,'20160919','201609',2,NULL,NULL,NULL,'ojs::counter',1,1,259,4,87),('usage_events_20160919.log',515,1,96,306,'20160919','201609',2,NULL,NULL,NULL,'ojs::counter',2,1,259,4,88),('usage_events_20160919.log',515,1,39,308,'20160919','201609',2,NULL,NULL,NULL,'ojs::counter',1,1,259,4,90),('usage_events_20160919.log',515,1,69,320,'20160919','201609',2,NULL,NULL,NULL,'ojs::counter',1,1,259,3,98),('usage_events_20160919.log',515,1,73,322,'20160919','201609',2,NULL,NULL,NULL,'ojs::counter',2,1,259,3,100),('usage_events_20160919.log',515,1,78,326,'20160919','201609',2,NULL,NULL,NULL,'ojs::counter',4,1,259,4,104),('usage_events_20160919.log',515,1,137,428,'20160919','201609',2,NULL,NULL,NULL,'ojs::counter',3,1,259,5,115),('usage_events_20160919.log',515,1,139,430,'20160919','201609',2,NULL,NULL,NULL,'ojs::counter',1,1,259,5,117),('usage_events_20160919.log',515,1,178,475,'20160919','201609',2,NULL,NULL,NULL,'ojs::counter',1,1,259,8,156),('usage_events_20160919.log',515,1,183,481,'20160919','201609',2,NULL,NULL,NULL,'ojs::counter',1,1,259,8,161),('usage_events_20160919.log',515,1,207,512,'20160919','201609',2,NULL,NULL,NULL,'ojs::counter',1,1,259,9,186),('usage_events_20160919.log',515,1,210,515,'20160919','201609',2,NULL,NULL,NULL,'ojs::counter',1,5,259,9,189),('usage_events_20160919.log',515,1,222,531,'20160919','201609',2,NULL,NULL,NULL,'ojs::counter',3,1,259,10,201),('usage_events_20160919.log',515,1,252,575,'20160919','201609',2,NULL,NULL,NULL,'ojs::counter',1,1,259,12,231),('usage_events_20160919.log',515,1,34,755,'20160919','201609',2,NULL,NULL,NULL,'ojs::counter',1,1,259,17,297),('usage_events_20160919.log',515,1,67,756,'20160919','201609',2,NULL,NULL,NULL,'ojs::counter',3,1,259,17,298),('usage_events_20160919.log',515,1,2,757,'20160919','201609',2,NULL,NULL,NULL,'ojs::counter',11,1,259,17,299),('usage_events_20160919.log',515,1,93,758,'20160919','201609',2,NULL,NULL,NULL,'ojs::counter',4,1,259,17,300),('usage_events_20160919.log',515,1,66,762,'20160919','201609',2,NULL,NULL,NULL,'ojs::counter',5,1,259,17,304),('usage_events_20160919.log',515,1,125,764,'20160919','201609',2,NULL,NULL,NULL,'ojs::counter',1,1,259,17,306),('usage_events_20160920.log',256,1,NULL,1,'20160920','201609',NULL,NULL,NULL,NULL,'ojs::counter',48,NULL,NULL,NULL,NULL),('usage_events_20160920.log',1048585,1,2,2,'20160920','201609',NULL,NULL,NULL,NULL,'ojs::counter',1,1,259,17,NULL),('usage_events_20160920.log',1048585,1,10,10,'20160920','201609',NULL,NULL,NULL,NULL,'ojs::counter',1,1,259,3,NULL),('usage_events_20160920.log',1048585,1,11,11,'20160920','201609',NULL,NULL,NULL,NULL,'ojs::counter',2,1,259,1,NULL),('usage_events_20160920.log',1048585,1,12,12,'20160920','201609',NULL,NULL,NULL,NULL,'ojs::counter',1,1,259,1,NULL),('usage_events_20160920.log',1048585,1,14,14,'20160920','201609',NULL,NULL,NULL,NULL,'ojs::counter',1,1,259,1,NULL),('usage_events_20160920.log',1048585,1,16,16,'20160920','201609',NULL,NULL,NULL,NULL,'ojs::counter',1,1,259,1,NULL),('usage_events_20160920.log',1048585,1,17,17,'20160920','201609',NULL,NULL,NULL,NULL,'ojs::counter',1,1,259,1,NULL),('usage_events_20160920.log',1048585,1,18,18,'20160920','201609',NULL,NULL,NULL,NULL,'ojs::counter',1,1,259,2,NULL),('usage_events_20160920.log',1048585,1,20,20,'20160920','201609',NULL,NULL,NULL,NULL,'ojs::counter',1,1,259,1,NULL),('usage_events_20160920.log',1048585,1,30,30,'20160920','201609',NULL,NULL,NULL,NULL,'ojs::counter',1,1,259,3,NULL),('usage_events_20160920.log',1048585,1,32,32,'20160920','201609',NULL,NULL,NULL,NULL,'ojs::counter',1,1,259,2,NULL),('usage_events_20160920.log',1048585,1,34,34,'20160920','201609',NULL,NULL,NULL,NULL,'ojs::counter',6,1,259,17,NULL),('usage_events_20160920.log',1048585,1,35,35,'20160920','201609',NULL,NULL,NULL,NULL,'ojs::counter',1,1,259,2,NULL),('usage_events_20160920.log',1048585,1,36,36,'20160920','201609',NULL,NULL,NULL,NULL,'ojs::counter',1,1,259,2,NULL),('usage_events_20160920.log',1048585,1,43,43,'20160920','201609',NULL,NULL,NULL,NULL,'ojs::counter',5,1,259,4,NULL),('usage_events_20160920.log',1048585,1,44,44,'20160920','201609',NULL,NULL,NULL,NULL,'ojs::counter',1,1,259,2,NULL),('usage_events_20160920.log',1048585,1,45,45,'20160920','201609',NULL,NULL,NULL,NULL,'ojs::counter',1,1,259,3,NULL),('usage_events_20160920.log',1048585,1,59,59,'20160920','201609',NULL,NULL,NULL,NULL,'ojs::counter',2,1,259,3,NULL),('usage_events_20160920.log',1048585,1,66,66,'20160920','201609',NULL,NULL,NULL,NULL,'ojs::counter',4,1,259,17,NULL),('usage_events_20160920.log',1048585,1,67,67,'20160920','201609',NULL,NULL,NULL,NULL,'ojs::counter',3,1,259,17,NULL),('usage_events_20160920.log',1048585,1,75,75,'20160920','201609',NULL,NULL,NULL,NULL,'ojs::counter',5,1,259,17,NULL),('usage_events_20160920.log',1048585,1,76,76,'20160920','201609',NULL,NULL,NULL,NULL,'ojs::counter',3,1,259,4,NULL),('usage_events_20160920.log',1048585,1,79,79,'20160920','201609',NULL,NULL,NULL,NULL,'ojs::counter',6,1,259,17,NULL),('usage_events_20160920.log',1048585,1,87,87,'20160920','201609',NULL,NULL,NULL,NULL,'ojs::counter',2,1,259,3,NULL),('usage_events_20160920.log',1048585,1,90,90,'20160920','201609',NULL,NULL,NULL,NULL,'ojs::counter',1,1,259,4,NULL),('usage_events_20160920.log',1048585,1,93,93,'20160920','201609',NULL,NULL,NULL,NULL,'ojs::counter',1,1,259,17,NULL),('usage_events_20160920.log',1048585,1,99,99,'20160920','201609',NULL,NULL,NULL,NULL,'ojs::counter',1,1,259,17,NULL),('usage_events_20160920.log',1048585,1,100,100,'20160920','201609',NULL,NULL,NULL,NULL,'ojs::counter',1,1,259,17,NULL),('usage_events_20160920.log',1048585,1,102,102,'20160920','201609',NULL,NULL,NULL,NULL,'ojs::counter',1,1,259,17,NULL),('usage_events_20160920.log',1048585,1,125,125,'20160920','201609',NULL,NULL,NULL,NULL,'ojs::counter',1,1,259,17,NULL),('usage_events_20160920.log',1048585,1,255,255,'20160920','201609',NULL,NULL,NULL,NULL,'ojs::counter',1,1,259,13,NULL),('usage_events_20160920.log',1048585,1,258,258,'20160920','201609',NULL,NULL,NULL,NULL,'ojs::counter',1,1,259,13,NULL),('usage_events_20160920.log',1048585,1,263,263,'20160920','201609',NULL,NULL,NULL,NULL,'ojs::counter',2,1,259,14,NULL),('usage_events_20160920.log',1048585,1,270,270,'20160920','201609',NULL,NULL,NULL,NULL,'ojs::counter',2,1,259,14,NULL),('usage_events_20160920.log',259,1,NULL,3,'20160920','201609',NULL,NULL,NULL,NULL,'ojs::counter',1,NULL,NULL,NULL,NULL),('usage_events_20160920.log',259,1,NULL,12,'20160920','201609',NULL,NULL,NULL,NULL,'ojs::counter',1,NULL,NULL,NULL,NULL),('usage_events_20160920.log',259,1,NULL,13,'20160920','201609',NULL,NULL,NULL,NULL,'ojs::counter',2,NULL,NULL,NULL,NULL),('usage_events_20160920.log',259,1,NULL,17,'20160920','201609',NULL,NULL,NULL,NULL,'ojs::counter',4,NULL,NULL,NULL,NULL),('usage_events_20160920.log',515,1,6,68,'20160920','201609',2,NULL,NULL,NULL,'ojs::counter',1,1,259,1,4),('usage_events_20160920.log',515,1,13,70,'20160920','201609',2,NULL,NULL,NULL,'ojs::counter',3,1,259,1,6),('usage_events_20160920.log',515,1,20,88,'20160920','201609',2,NULL,NULL,NULL,'ojs::counter',1,1,259,1,20),('usage_events_20160920.log',515,1,18,207,'20160920','201609',2,NULL,NULL,NULL,'ojs::counter',1,1,259,2,23),('usage_events_20160920.log',515,1,35,208,'20160920','201609',2,NULL,NULL,NULL,'ojs::counter',4,1,259,2,24),('usage_events_20160920.log',515,1,44,210,'20160920','201609',2,NULL,NULL,NULL,'ojs::counter',2,1,259,2,26),('usage_events_20160920.log',515,1,33,213,'20160920','201609',2,NULL,NULL,NULL,'ojs::counter',1,1,259,2,27),('usage_events_20160920.log',515,1,36,214,'20160920','201609',2,NULL,NULL,NULL,'ojs::counter',2,1,259,2,28),('usage_events_20160920.log',515,1,32,218,'20160920','201609',2,NULL,NULL,NULL,'ojs::counter',1,1,259,2,32),('usage_events_20160920.log',515,1,65,291,'20160920','201609',2,NULL,NULL,NULL,'ojs::counter',1,1,259,4,73),('usage_events_20160920.log',515,1,90,295,'20160920','201609',2,NULL,NULL,NULL,'ojs::counter',1,1,259,4,77),('usage_events_20160920.log',515,1,76,296,'20160920','201609',2,NULL,NULL,NULL,'ojs::counter',1,1,259,4,78),('usage_events_20160920.log',515,1,43,304,'20160920','201609',2,NULL,NULL,NULL,'ojs::counter',2,1,259,4,86),('usage_events_20160920.log',515,1,39,308,'20160920','201609',2,NULL,NULL,NULL,'ojs::counter',1,1,259,4,90),('usage_events_20160920.log',515,1,42,310,'20160920','201609',2,NULL,NULL,NULL,'ojs::counter',1,1,259,4,92),('usage_events_20160920.log',515,1,5,315,'20160920','201609',2,NULL,NULL,NULL,'ojs::counter',1,1,259,3,93),('usage_events_20160920.log',515,1,49,317,'20160920','201609',2,NULL,NULL,NULL,'ojs::counter',1,1,259,3,95),('usage_events_20160920.log',515,1,59,318,'20160920','201609',2,NULL,NULL,NULL,'ojs::counter',1,1,259,3,96),('usage_events_20160920.log',515,1,60,319,'20160920','201609',2,NULL,NULL,NULL,'ojs::counter',1,1,259,3,97),('usage_events_20160920.log',515,1,69,320,'20160920','201609',2,NULL,NULL,NULL,'ojs::counter',4,1,259,3,98),('usage_events_20160920.log',515,1,72,321,'20160920','201609',2,NULL,NULL,NULL,'ojs::counter',1,1,259,3,99),('usage_events_20160920.log',515,1,78,326,'20160920','201609',2,NULL,NULL,NULL,'ojs::counter',1,1,259,4,104),('usage_events_20160920.log',515,1,87,327,'20160920','201609',2,NULL,NULL,NULL,'ojs::counter',1,1,259,3,105),('usage_events_20160920.log',515,1,92,332,'20160920','201609',2,NULL,NULL,NULL,'ojs::counter',2,4,259,4,106),('usage_events_20160920.log',515,1,86,359,'20160920','201609',2,NULL,NULL,NULL,'ojs::counter',1,1,259,4,108),('usage_events_20160920.log',515,1,137,428,'20160920','201609',2,NULL,NULL,NULL,'ojs::counter',1,1,259,5,115),('usage_events_20160920.log',515,1,207,512,'20160920','201609',2,NULL,NULL,NULL,'ojs::counter',1,1,259,9,186),('usage_events_20160920.log',515,1,212,517,'20160920','201609',2,NULL,NULL,NULL,'ojs::counter',1,1,259,10,191),('usage_events_20160920.log',515,1,222,531,'20160920','201609',2,NULL,NULL,NULL,'ojs::counter',2,1,259,10,201),('usage_events_20160920.log',515,1,237,556,'20160920','201609',2,NULL,NULL,NULL,'ojs::counter',1,1,259,11,216),('usage_events_20160920.log',515,1,252,575,'20160920','201609',2,NULL,NULL,NULL,'ojs::counter',1,1,259,12,231),('usage_events_20160920.log',515,1,263,590,'20160920','201609',2,NULL,NULL,NULL,'ojs::counter',1,1,259,14,242),('usage_events_20160920.log',515,1,270,601,'20160920','201609',2,NULL,NULL,NULL,'ojs::counter',2,1,259,14,249),('usage_events_20160920.log',515,1,34,755,'20160920','201609',2,NULL,NULL,NULL,'ojs::counter',4,1,259,17,297),('usage_events_20160920.log',515,1,67,756,'20160920','201609',2,NULL,NULL,NULL,'ojs::counter',1,1,259,17,298),('usage_events_20160920.log',515,1,2,757,'20160920','201609',2,NULL,NULL,NULL,'ojs::counter',1,1,259,17,299),('usage_events_20160920.log',521,1,99,302,'20160920','201609',2,NULL,NULL,NULL,'ojs::counter',1,1,259,17,302),('usage_events_20160920.log',515,1,79,761,'20160920','201609',2,NULL,NULL,NULL,'ojs::counter',2,1,259,17,303),('usage_events_20160920.log',515,1,66,762,'20160920','201609',2,NULL,NULL,NULL,'ojs::counter',1,1,259,17,304),('usage_events_20160920.log',515,1,125,764,'20160920','201609',2,NULL,NULL,NULL,'ojs::counter',1,1,259,17,306),('usage_events_20160921.log',256,1,NULL,1,'20160921','201609',NULL,NULL,NULL,NULL,'ojs::counter',47,NULL,NULL,NULL,NULL),('usage_events_20160921.log',1048585,1,2,2,'20160921','201609',NULL,NULL,NULL,NULL,'ojs::counter',2,1,259,17,NULL),('usage_events_20160921.log',1048585,1,11,11,'20160921','201609',NULL,NULL,NULL,NULL,'ojs::counter',2,1,259,1,NULL),('usage_events_20160921.log',1048585,1,12,12,'20160921','201609',NULL,NULL,NULL,NULL,'ojs::counter',1,1,259,1,NULL),('usage_events_20160921.log',1048585,1,13,13,'20160921','201609',NULL,NULL,NULL,NULL,'ojs::counter',1,1,259,1,NULL),('usage_events_20160921.log',1048585,1,20,20,'20160921','201609',NULL,NULL,NULL,NULL,'ojs::counter',1,1,259,1,NULL),('usage_events_20160921.log',1048585,1,32,32,'20160921','201609',NULL,NULL,NULL,NULL,'ojs::counter',1,1,259,2,NULL),('usage_events_20160921.log',1048585,1,35,35,'20160921','201609',NULL,NULL,NULL,NULL,'ojs::counter',6,1,259,2,NULL),('usage_events_20160921.log',1048585,1,36,36,'20160921','201609',NULL,NULL,NULL,NULL,'ojs::counter',1,1,259,2,NULL),('usage_events_20160921.log',1048585,1,40,40,'20160921','201609',NULL,NULL,NULL,NULL,'ojs::counter',1,1,259,4,NULL),('usage_events_20160921.log',1048585,1,43,43,'20160921','201609',NULL,NULL,NULL,NULL,'ojs::counter',2,1,259,4,NULL),('usage_events_20160921.log',1048585,1,45,45,'20160921','201609',NULL,NULL,NULL,NULL,'ojs::counter',1,1,259,3,NULL),('usage_events_20160921.log',1048585,1,59,59,'20160921','201609',NULL,NULL,NULL,NULL,'ojs::counter',4,1,259,3,NULL),('usage_events_20160921.log',1048585,1,66,66,'20160921','201609',NULL,NULL,NULL,NULL,'ojs::counter',3,1,259,17,NULL),('usage_events_20160921.log',1048585,1,75,75,'20160921','201609',NULL,NULL,NULL,NULL,'ojs::counter',1,1,259,17,NULL),('usage_events_20160921.log',1048585,1,79,79,'20160921','201609',NULL,NULL,NULL,NULL,'ojs::counter',1,1,259,17,NULL),('usage_events_20160921.log',1048585,1,90,90,'20160921','201609',NULL,NULL,NULL,NULL,'ojs::counter',2,1,259,4,NULL),('usage_events_20160921.log',1048585,1,93,93,'20160921','201609',NULL,NULL,NULL,NULL,'ojs::counter',4,1,259,17,NULL),('usage_events_20160921.log',1048585,1,159,159,'20160921','201609',NULL,NULL,NULL,NULL,'ojs::counter',1,1,259,6,NULL),('usage_events_20160921.log',1048585,1,179,179,'20160921','201609',NULL,NULL,NULL,NULL,'ojs::counter',1,1,259,8,NULL),('usage_events_20160921.log',1048585,1,210,210,'20160921','201609',NULL,NULL,NULL,NULL,'ojs::counter',1,5,259,9,NULL),('usage_events_20160921.log',1048585,1,233,233,'20160921','201609',NULL,NULL,NULL,NULL,'ojs::counter',2,1,259,11,NULL),('usage_events_20160921.log',1048585,1,240,240,'20160921','201609',NULL,NULL,NULL,NULL,'ojs::counter',1,1,259,12,NULL),('usage_events_20160921.log',1048585,1,252,252,'20160921','201609',NULL,NULL,NULL,NULL,'ojs::counter',2,1,259,12,NULL),('usage_events_20160921.log',259,1,NULL,4,'20160921','201609',NULL,NULL,NULL,NULL,'ojs::counter',1,NULL,NULL,NULL,NULL),('usage_events_20160921.log',259,1,NULL,17,'20160921','201609',NULL,NULL,NULL,NULL,'ojs::counter',3,NULL,NULL,NULL,NULL),('usage_events_20160921.log',515,1,6,68,'20160921','201609',2,NULL,NULL,NULL,'ojs::counter',2,1,259,1,4),('usage_events_20160921.log',515,1,13,70,'20160921','201609',2,NULL,NULL,NULL,'ojs::counter',4,1,259,1,6),('usage_events_20160921.log',515,1,11,76,'20160921','201609',2,NULL,NULL,NULL,'ojs::counter',1,1,259,1,11),('usage_events_20160921.log',515,1,17,81,'20160921','201609',2,NULL,NULL,NULL,'ojs::counter',1,1,259,1,16),('usage_events_20160921.log',515,1,20,88,'20160921','201609',2,NULL,NULL,NULL,'ojs::counter',2,1,259,1,20),('usage_events_20160921.log',515,1,35,208,'20160921','201609',2,NULL,NULL,NULL,'ojs::counter',9,1,259,2,24),('usage_events_20160921.log',515,1,44,210,'20160921','201609',2,NULL,NULL,NULL,'ojs::counter',2,1,259,2,26),('usage_events_20160921.log',515,1,36,214,'20160921','201609',2,NULL,NULL,NULL,'ojs::counter',1,1,259,2,28),('usage_events_20160921.log',515,1,32,218,'20160921','201609',2,NULL,NULL,NULL,'ojs::counter',1,1,259,2,32),('usage_events_20160921.log',515,1,90,295,'20160921','201609',2,NULL,NULL,NULL,'ojs::counter',1,1,259,4,77),('usage_events_20160921.log',515,1,76,296,'20160921','201609',2,NULL,NULL,NULL,'ojs::counter',1,1,259,4,78),('usage_events_20160921.log',515,1,96,306,'20160921','201609',2,NULL,NULL,NULL,'ojs::counter',1,1,259,4,88),('usage_events_20160921.log',515,1,59,318,'20160921','201609',2,NULL,NULL,NULL,'ojs::counter',2,1,259,3,96),('usage_events_20160921.log',515,1,69,320,'20160921','201609',2,NULL,NULL,NULL,'ojs::counter',3,1,259,3,98),('usage_events_20160921.log',515,1,153,444,'20160921','201609',2,NULL,NULL,NULL,'ojs::counter',1,1,259,6,131),('usage_events_20160921.log',515,1,162,453,'20160921','201609',2,NULL,NULL,NULL,'ojs::counter',1,1,259,7,140),('usage_events_20160921.log',515,1,222,531,'20160921','201609',2,NULL,NULL,NULL,'ojs::counter',3,1,259,10,201),('usage_events_20160921.log',515,1,233,544,'20160921','201609',2,NULL,NULL,NULL,'ojs::counter',1,1,259,11,212),('usage_events_20160921.log',515,1,34,755,'20160921','201609',2,NULL,NULL,NULL,'ojs::counter',1,1,259,17,297),('usage_events_20160921.log',515,1,67,756,'20160921','201609',2,NULL,NULL,NULL,'ojs::counter',1,1,259,17,298),('usage_events_20160921.log',515,1,2,757,'20160921','201609',2,NULL,NULL,NULL,'ojs::counter',12,1,259,17,299),('usage_events_20160921.log',515,1,93,758,'20160921','201609',2,NULL,NULL,NULL,'ojs::counter',3,1,259,17,300),('usage_events_20160921.log',515,1,75,759,'20160921','201609',2,NULL,NULL,NULL,'ojs::counter',2,1,259,17,301),('usage_events_20160921.log',521,1,99,302,'20160921','201609',2,NULL,NULL,NULL,'ojs::counter',1,1,259,17,302),('usage_events_20160921.log',515,1,79,761,'20160921','201609',2,NULL,NULL,NULL,'ojs::counter',2,1,259,17,303),('usage_events_20160921.log',515,1,66,762,'20160921','201609',2,NULL,NULL,NULL,'ojs::counter',2,1,259,17,304),('usage_events_20160921.log',515,1,102,763,'20160921','201609',2,NULL,NULL,NULL,'ojs::counter',1,1,259,17,305),('usage_events_20160921.log',515,1,125,764,'20160921','201609',2,NULL,NULL,NULL,'ojs::counter',1,1,259,17,306),('usage_events_20160921.log',515,1,100,765,'20160921','201609',2,NULL,NULL,NULL,'ojs::counter',1,1,259,17,307),('usage_events_20160921.log',515,1,61,766,'20160921','201609',2,NULL,NULL,NULL,'ojs::counter',1,3,259,17,308),('usage_events_20160922.log',256,1,NULL,1,'20160922','201609',NULL,NULL,NULL,NULL,'ojs::counter',27,NULL,NULL,NULL,NULL),('usage_events_20160922.log',1048585,1,2,2,'20160922','201609',NULL,NULL,NULL,NULL,'ojs::counter',2,1,259,17,NULL),('usage_events_20160922.log',1048585,1,6,6,'20160922','201609',NULL,NULL,NULL,NULL,'ojs::counter',1,1,259,1,NULL),('usage_events_20160922.log',1048585,1,7,7,'20160922','201609',NULL,NULL,NULL,NULL,'ojs::counter',4,1,259,1,NULL),('usage_events_20160922.log',1048585,1,10,10,'20160922','201609',NULL,NULL,NULL,NULL,'ojs::counter',1,1,259,3,NULL),('usage_events_20160922.log',1048585,1,12,12,'20160922','201609',NULL,NULL,NULL,NULL,'ojs::counter',3,1,259,1,NULL),('usage_events_20160922.log',1048585,1,30,30,'20160922','201609',NULL,NULL,NULL,NULL,'ojs::counter',1,1,259,3,NULL),('usage_events_20160922.log',1048585,1,34,34,'20160922','201609',NULL,NULL,NULL,NULL,'ojs::counter',2,1,259,17,NULL),('usage_events_20160922.log',1048585,1,43,43,'20160922','201609',NULL,NULL,NULL,NULL,'ojs::counter',2,1,259,4,NULL),('usage_events_20160922.log',1048585,1,53,53,'20160922','201609',NULL,NULL,NULL,NULL,'ojs::counter',2,1,259,4,NULL),('usage_events_20160922.log',1048585,1,59,59,'20160922','201609',NULL,NULL,NULL,NULL,'ojs::counter',2,1,259,3,NULL),('usage_events_20160922.log',1048585,1,77,77,'20160922','201609',NULL,NULL,NULL,NULL,'ojs::counter',1,1,259,4,NULL),('usage_events_20160922.log',1048585,1,79,79,'20160922','201609',NULL,NULL,NULL,NULL,'ojs::counter',2,1,259,17,NULL),('usage_events_20160922.log',1048585,1,86,86,'20160922','201609',NULL,NULL,NULL,NULL,'ojs::counter',2,1,259,4,NULL),('usage_events_20160922.log',1048585,1,87,87,'20160922','201609',NULL,NULL,NULL,NULL,'ojs::counter',2,1,259,3,NULL),('usage_events_20160922.log',1048585,1,93,93,'20160922','201609',NULL,NULL,NULL,NULL,'ojs::counter',23,1,259,17,NULL),('usage_events_20160922.log',1048585,1,94,94,'20160922','201609',NULL,NULL,NULL,NULL,'ojs::counter',2,1,259,4,NULL),('usage_events_20160922.log',1048585,1,170,170,'20160922','201609',NULL,NULL,NULL,NULL,'ojs::counter',1,1,259,7,NULL),('usage_events_20160922.log',1048585,1,263,263,'20160922','201609',NULL,NULL,NULL,NULL,'ojs::counter',1,1,259,14,NULL),('usage_events_20160922.log',259,1,NULL,17,'20160922','201609',NULL,NULL,NULL,NULL,'ojs::counter',1,NULL,NULL,NULL,NULL),('usage_events_20160922.log',515,1,7,69,'20160922','201609',2,NULL,NULL,NULL,'ojs::counter',2,1,259,1,5),('usage_events_20160922.log',515,1,13,70,'20160922','201609',2,NULL,NULL,NULL,'ojs::counter',5,1,259,1,6),('usage_events_20160922.log',515,1,16,83,'20160922','201609',2,NULL,NULL,NULL,'ojs::counter',1,1,259,1,18),('usage_events_20160922.log',515,1,20,88,'20160922','201609',2,NULL,NULL,NULL,'ojs::counter',1,1,259,1,20),('usage_events_20160922.log',515,1,8,206,'20160922','201609',2,NULL,NULL,NULL,'ojs::counter',2,1,259,2,22),('usage_events_20160922.log',515,1,18,207,'20160922','201609',2,NULL,NULL,NULL,'ojs::counter',1,1,259,2,23),('usage_events_20160922.log',515,1,35,208,'20160922','201609',2,NULL,NULL,NULL,'ojs::counter',1,1,259,2,24),('usage_events_20160922.log',515,1,29,209,'20160922','201609',2,NULL,NULL,NULL,'ojs::counter',1,1,259,2,25),('usage_events_20160922.log',515,1,53,298,'20160922','201609',2,NULL,NULL,NULL,'ojs::counter',1,1,259,4,80),('usage_events_20160922.log',515,1,94,299,'20160922','201609',2,NULL,NULL,NULL,'ojs::counter',1,1,259,4,81),('usage_events_20160922.log',515,1,43,304,'20160922','201609',2,NULL,NULL,NULL,'ojs::counter',2,1,259,4,86),('usage_events_20160922.log',515,1,5,315,'20160922','201609',2,NULL,NULL,NULL,'ojs::counter',1,1,259,3,93),('usage_events_20160922.log',515,1,59,318,'20160922','201609',2,NULL,NULL,NULL,'ojs::counter',3,1,259,3,96),('usage_events_20160922.log',515,1,69,320,'20160922','201609',2,NULL,NULL,NULL,'ojs::counter',1,1,259,3,98),('usage_events_20160922.log',515,1,87,327,'20160922','201609',2,NULL,NULL,NULL,'ojs::counter',1,1,259,3,105),('usage_events_20160922.log',515,1,86,359,'20160922','201609',2,NULL,NULL,NULL,'ojs::counter',2,1,259,4,108),('usage_events_20160922.log',515,1,137,428,'20160922','201609',2,NULL,NULL,NULL,'ojs::counter',1,1,259,5,115),('usage_events_20160922.log',515,1,170,463,'20160922','201609',2,NULL,NULL,NULL,'ojs::counter',1,1,259,7,148),('usage_events_20160922.log',515,1,207,512,'20160922','201609',2,NULL,NULL,NULL,'ojs::counter',1,1,259,9,186),('usage_events_20160922.log',515,1,212,517,'20160922','201609',2,NULL,NULL,NULL,'ojs::counter',1,1,259,10,191),('usage_events_20160922.log',515,1,222,531,'20160922','201609',2,NULL,NULL,NULL,'ojs::counter',3,1,259,10,201),('usage_events_20160922.log',515,1,251,574,'20160922','201609',2,NULL,NULL,NULL,'ojs::counter',2,1,259,12,230),('usage_events_20160922.log',515,1,257,582,'20160922','201609',2,NULL,NULL,NULL,'ojs::counter',3,1,259,13,236),('usage_events_20160922.log',515,1,268,597,'20160922','201609',2,NULL,NULL,NULL,'ojs::counter',1,1,259,14,247),('usage_events_20160922.log',515,1,307,688,'20160922','201609',2,NULL,NULL,NULL,'ojs::counter',1,5,259,15,268),('usage_events_20160922.log',515,1,320,702,'20160922','201609',2,NULL,NULL,NULL,'ojs::counter',1,1,259,16,281),('usage_events_20160922.log',515,1,2,757,'20160922','201609',2,NULL,NULL,NULL,'ojs::counter',20,1,259,17,299),('usage_events_20160922.log',515,1,79,761,'20160922','201609',2,NULL,NULL,NULL,'ojs::counter',1,1,259,17,303),('usage_events_20160923.log',256,1,NULL,1,'20160923','201609',NULL,NULL,NULL,NULL,'ojs::counter',37,NULL,NULL,NULL,NULL),('usage_events_20160923.log',1048585,1,2,2,'20160923','201609',NULL,NULL,NULL,NULL,'ojs::counter',4,1,259,17,NULL),('usage_events_20160923.log',1048585,1,5,5,'20160923','201609',NULL,NULL,NULL,NULL,'ojs::counter',2,1,259,3,NULL),('usage_events_20160923.log',1048585,1,6,6,'20160923','201609',NULL,NULL,NULL,NULL,'ojs::counter',2,1,259,1,NULL),('usage_events_20160923.log',1048585,1,7,7,'20160923','201609',NULL,NULL,NULL,NULL,'ojs::counter',2,1,259,1,NULL),('usage_events_20160923.log',1048585,1,8,8,'20160923','201609',NULL,NULL,NULL,NULL,'ojs::counter',2,1,259,2,NULL),('usage_events_20160923.log',1048585,1,9,9,'20160923','201609',NULL,NULL,NULL,NULL,'ojs::counter',3,1,259,1,NULL),('usage_events_20160923.log',1048585,1,10,10,'20160923','201609',NULL,NULL,NULL,NULL,'ojs::counter',2,1,259,3,NULL),('usage_events_20160923.log',1048585,1,11,11,'20160923','201609',NULL,NULL,NULL,NULL,'ojs::counter',2,1,259,1,NULL),('usage_events_20160923.log',1048585,1,12,12,'20160923','201609',NULL,NULL,NULL,NULL,'ojs::counter',3,1,259,1,NULL),('usage_events_20160923.log',1048585,1,13,13,'20160923','201609',NULL,NULL,NULL,NULL,'ojs::counter',2,1,259,1,NULL),('usage_events_20160923.log',1048585,1,14,14,'20160923','201609',NULL,NULL,NULL,NULL,'ojs::counter',2,1,259,1,NULL),('usage_events_20160923.log',1048585,1,15,15,'20160923','201609',NULL,NULL,NULL,NULL,'ojs::counter',2,1,259,1,NULL),('usage_events_20160923.log',1048585,1,16,16,'20160923','201609',NULL,NULL,NULL,NULL,'ojs::counter',2,1,259,1,NULL),('usage_events_20160923.log',1048585,1,17,17,'20160923','201609',NULL,NULL,NULL,NULL,'ojs::counter',2,1,259,1,NULL),('usage_events_20160923.log',1048585,1,18,18,'20160923','201609',NULL,NULL,NULL,NULL,'ojs::counter',2,1,259,2,NULL),('usage_events_20160923.log',1048585,1,19,19,'20160923','201609',NULL,NULL,NULL,NULL,'ojs::counter',2,3,259,1,NULL),('usage_events_20160923.log',1048585,1,20,20,'20160923','201609',NULL,NULL,NULL,NULL,'ojs::counter',4,1,259,1,NULL),('usage_events_20160923.log',1048585,1,26,26,'20160923','201609',NULL,NULL,NULL,NULL,'ojs::counter',2,1,259,2,NULL),('usage_events_20160923.log',1048585,1,27,27,'20160923','201609',NULL,NULL,NULL,NULL,'ojs::counter',2,1,259,2,NULL),('usage_events_20160923.log',1048585,1,29,29,'20160923','201609',NULL,NULL,NULL,NULL,'ojs::counter',3,1,259,2,NULL),('usage_events_20160923.log',1048585,1,30,30,'20160923','201609',NULL,NULL,NULL,NULL,'ojs::counter',2,1,259,3,NULL),('usage_events_20160923.log',1048585,1,32,32,'20160923','201609',NULL,NULL,NULL,NULL,'ojs::counter',4,1,259,2,NULL),('usage_events_20160923.log',1048585,1,33,33,'20160923','201609',NULL,NULL,NULL,NULL,'ojs::counter',2,1,259,2,NULL),('usage_events_20160923.log',1048585,1,34,34,'20160923','201609',NULL,NULL,NULL,NULL,'ojs::counter',3,1,259,17,NULL),('usage_events_20160923.log',1048585,1,35,35,'20160923','201609',NULL,NULL,NULL,NULL,'ojs::counter',2,1,259,2,NULL),('usage_events_20160923.log',1048585,1,36,36,'20160923','201609',NULL,NULL,NULL,NULL,'ojs::counter',2,1,259,2,NULL),('usage_events_20160923.log',1048585,1,37,37,'20160923','201609',NULL,NULL,NULL,NULL,'ojs::counter',3,1,259,4,NULL),('usage_events_20160923.log',1048585,1,39,39,'20160923','201609',NULL,NULL,NULL,NULL,'ojs::counter',3,1,259,4,NULL),('usage_events_20160923.log',1048585,1,40,40,'20160923','201609',NULL,NULL,NULL,NULL,'ojs::counter',3,1,259,4,NULL),('usage_events_20160923.log',1048585,1,42,42,'20160923','201609',NULL,NULL,NULL,NULL,'ojs::counter',3,1,259,4,NULL),('usage_events_20160923.log',1048585,1,43,43,'20160923','201609',NULL,NULL,NULL,NULL,'ojs::counter',4,1,259,4,NULL),('usage_events_20160923.log',1048585,1,44,44,'20160923','201609',NULL,NULL,NULL,NULL,'ojs::counter',2,1,259,2,NULL),('usage_events_20160923.log',1048585,1,45,45,'20160923','201609',NULL,NULL,NULL,NULL,'ojs::counter',2,1,259,3,NULL),('usage_events_20160923.log',1048585,1,46,46,'20160923','201609',NULL,NULL,NULL,NULL,'ojs::counter',2,1,259,2,NULL),('usage_events_20160923.log',1048585,1,48,48,'20160923','201609',NULL,NULL,NULL,NULL,'ojs::counter',4,1,259,2,NULL),('usage_events_20160923.log',1048585,1,49,49,'20160923','201609',NULL,NULL,NULL,NULL,'ojs::counter',2,1,259,3,NULL),('usage_events_20160923.log',1048585,1,53,53,'20160923','201609',NULL,NULL,NULL,NULL,'ojs::counter',3,1,259,4,NULL),('usage_events_20160923.log',1048585,1,59,59,'20160923','201609',NULL,NULL,NULL,NULL,'ojs::counter',5,1,259,3,NULL),('usage_events_20160923.log',1048585,1,60,60,'20160923','201609',NULL,NULL,NULL,NULL,'ojs::counter',2,1,259,3,NULL),('usage_events_20160923.log',1048585,1,61,61,'20160923','201609',NULL,NULL,NULL,NULL,'ojs::counter',2,3,259,17,NULL),('usage_events_20160923.log',1048585,1,65,65,'20160923','201609',NULL,NULL,NULL,NULL,'ojs::counter',3,1,259,4,NULL),('usage_events_20160923.log',1048585,1,66,66,'20160923','201609',NULL,NULL,NULL,NULL,'ojs::counter',4,1,259,17,NULL),('usage_events_20160923.log',1048585,1,67,67,'20160923','201609',NULL,NULL,NULL,NULL,'ojs::counter',3,1,259,17,NULL),('usage_events_20160923.log',1048585,1,69,69,'20160923','201609',NULL,NULL,NULL,NULL,'ojs::counter',2,1,259,3,NULL),('usage_events_20160923.log',1048585,1,72,72,'20160923','201609',NULL,NULL,NULL,NULL,'ojs::counter',2,1,259,3,NULL),('usage_events_20160923.log',1048585,1,73,73,'20160923','201609',NULL,NULL,NULL,NULL,'ojs::counter',2,1,259,3,NULL),('usage_events_20160923.log',1048585,1,75,75,'20160923','201609',NULL,NULL,NULL,NULL,'ojs::counter',9,1,259,17,NULL),('usage_events_20160923.log',1048585,1,76,76,'20160923','201609',NULL,NULL,NULL,NULL,'ojs::counter',3,1,259,4,NULL),('usage_events_20160923.log',1048585,1,77,77,'20160923','201609',NULL,NULL,NULL,NULL,'ojs::counter',2,1,259,4,NULL),('usage_events_20160923.log',1048585,1,78,78,'20160923','201609',NULL,NULL,NULL,NULL,'ojs::counter',3,1,259,4,NULL),('usage_events_20160923.log',1048585,1,79,79,'20160923','201609',NULL,NULL,NULL,NULL,'ojs::counter',4,1,259,17,NULL),('usage_events_20160923.log',1048585,1,86,86,'20160923','201609',NULL,NULL,NULL,NULL,'ojs::counter',2,1,259,4,NULL),('usage_events_20160923.log',1048585,1,87,87,'20160923','201609',NULL,NULL,NULL,NULL,'ojs::counter',2,1,259,3,NULL),('usage_events_20160923.log',1048585,1,90,90,'20160923','201609',NULL,NULL,NULL,NULL,'ojs::counter',3,1,259,4,NULL),('usage_events_20160923.log',1048585,1,92,92,'20160923','201609',NULL,NULL,NULL,NULL,'ojs::counter',2,4,259,4,NULL),('usage_events_20160923.log',1048585,1,93,93,'20160923','201609',NULL,NULL,NULL,NULL,'ojs::counter',5,1,259,17,NULL),('usage_events_20160923.log',1048585,1,94,94,'20160923','201609',NULL,NULL,NULL,NULL,'ojs::counter',2,1,259,4,NULL),('usage_events_20160923.log',1048585,1,95,95,'20160923','201609',NULL,NULL,NULL,NULL,'ojs::counter',3,1,259,4,NULL),('usage_events_20160923.log',1048585,1,96,96,'20160923','201609',NULL,NULL,NULL,NULL,'ojs::counter',2,1,259,4,NULL),('usage_events_20160923.log',1048585,1,99,99,'20160923','201609',NULL,NULL,NULL,NULL,'ojs::counter',3,1,259,17,NULL),('usage_events_20160923.log',1048585,1,100,100,'20160923','201609',NULL,NULL,NULL,NULL,'ojs::counter',3,1,259,17,NULL),('usage_events_20160923.log',1048585,1,102,102,'20160923','201609',NULL,NULL,NULL,NULL,'ojs::counter',3,1,259,17,NULL),('usage_events_20160923.log',1048585,1,125,125,'20160923','201609',NULL,NULL,NULL,NULL,'ojs::counter',5,1,259,17,NULL),('usage_events_20160923.log',1048585,1,131,131,'20160923','201609',NULL,NULL,NULL,NULL,'ojs::counter',2,1,259,5,NULL),('usage_events_20160923.log',1048585,1,132,132,'20160923','201609',NULL,NULL,NULL,NULL,'ojs::counter',2,1,259,5,NULL),('usage_events_20160923.log',1048585,1,133,133,'20160923','201609',NULL,NULL,NULL,NULL,'ojs::counter',2,1,259,5,NULL),('usage_events_20160923.log',1048585,1,134,134,'20160923','201609',NULL,NULL,NULL,NULL,'ojs::counter',2,1,259,5,NULL),('usage_events_20160923.log',1048585,1,135,135,'20160923','201609',NULL,NULL,NULL,NULL,'ojs::counter',2,1,259,5,NULL),('usage_events_20160923.log',1048585,1,136,136,'20160923','201609',NULL,NULL,NULL,NULL,'ojs::counter',2,1,259,5,NULL),('usage_events_20160923.log',1048585,1,137,137,'20160923','201609',NULL,NULL,NULL,NULL,'ojs::counter',2,1,259,5,NULL),('usage_events_20160923.log',1048585,1,138,138,'20160923','201609',NULL,NULL,NULL,NULL,'ojs::counter',2,1,259,5,NULL),('usage_events_20160923.log',1048585,1,139,139,'20160923','201609',NULL,NULL,NULL,NULL,'ojs::counter',2,1,259,5,NULL),('usage_events_20160923.log',1048585,1,140,140,'20160923','201609',NULL,NULL,NULL,NULL,'ojs::counter',2,1,259,5,NULL),('usage_events_20160923.log',1048585,1,141,141,'20160923','201609',NULL,NULL,NULL,NULL,'ojs::counter',2,1,259,6,NULL),('usage_events_20160923.log',1048585,1,142,142,'20160923','201609',NULL,NULL,NULL,NULL,'ojs::counter',2,1,259,6,NULL),('usage_events_20160923.log',1048585,1,143,143,'20160923','201609',NULL,NULL,NULL,NULL,'ojs::counter',2,1,259,6,NULL),('usage_events_20160923.log',1048585,1,144,144,'20160923','201609',NULL,NULL,NULL,NULL,'ojs::counter',2,1,259,6,NULL),('usage_events_20160923.log',1048585,1,145,145,'20160923','201609',NULL,NULL,NULL,NULL,'ojs::counter',2,1,259,6,NULL),('usage_events_20160923.log',1048585,1,146,146,'20160923','201609',NULL,NULL,NULL,NULL,'ojs::counter',2,1,259,6,NULL),('usage_events_20160923.log',1048585,1,147,147,'20160923','201609',NULL,NULL,NULL,NULL,'ojs::counter',2,1,259,6,NULL),('usage_events_20160923.log',1048585,1,148,148,'20160923','201609',NULL,NULL,NULL,NULL,'ojs::counter',2,1,259,6,NULL),('usage_events_20160923.log',1048585,1,149,149,'20160923','201609',NULL,NULL,NULL,NULL,'ojs::counter',2,1,259,6,NULL),('usage_events_20160923.log',1048585,1,150,150,'20160923','201609',NULL,NULL,NULL,NULL,'ojs::counter',2,1,259,6,NULL),('usage_events_20160923.log',1048585,1,151,151,'20160923','201609',NULL,NULL,NULL,NULL,'ojs::counter',2,1,259,6,NULL),('usage_events_20160923.log',1048585,1,152,152,'20160923','201609',NULL,NULL,NULL,NULL,'ojs::counter',2,1,259,6,NULL),('usage_events_20160923.log',1048585,1,153,153,'20160923','201609',NULL,NULL,NULL,NULL,'ojs::counter',2,1,259,6,NULL),('usage_events_20160923.log',1048585,1,154,154,'20160923','201609',NULL,NULL,NULL,NULL,'ojs::counter',2,1,259,6,NULL),('usage_events_20160923.log',1048585,1,155,155,'20160923','201609',NULL,NULL,NULL,NULL,'ojs::counter',2,1,259,6,NULL),('usage_events_20160923.log',1048585,1,156,156,'20160923','201609',NULL,NULL,NULL,NULL,'ojs::counter',2,1,259,6,NULL),('usage_events_20160923.log',1048585,1,157,157,'20160923','201609',NULL,NULL,NULL,NULL,'ojs::counter',2,1,259,6,NULL),('usage_events_20160923.log',1048585,1,158,158,'20160923','201609',NULL,NULL,NULL,NULL,'ojs::counter',2,1,259,6,NULL),('usage_events_20160923.log',1048585,1,159,159,'20160923','201609',NULL,NULL,NULL,NULL,'ojs::counter',2,1,259,6,NULL),('usage_events_20160923.log',1048585,1,160,160,'20160923','201609',NULL,NULL,NULL,NULL,'ojs::counter',2,1,259,6,NULL),('usage_events_20160923.log',1048585,1,161,161,'20160923','201609',NULL,NULL,NULL,NULL,'ojs::counter',2,1,259,7,NULL),('usage_events_20160923.log',1048585,1,162,162,'20160923','201609',NULL,NULL,NULL,NULL,'ojs::counter',4,1,259,7,NULL),('usage_events_20160923.log',1048585,1,163,163,'20160923','201609',NULL,NULL,NULL,NULL,'ojs::counter',2,1,259,7,NULL),('usage_events_20160923.log',1048585,1,164,164,'20160923','201609',NULL,NULL,NULL,NULL,'ojs::counter',2,1,259,7,NULL),('usage_events_20160923.log',1048585,1,165,165,'20160923','201609',NULL,NULL,NULL,NULL,'ojs::counter',2,1,259,7,NULL),('usage_events_20160923.log',1048585,1,166,166,'20160923','201609',NULL,NULL,NULL,NULL,'ojs::counter',2,1,259,7,NULL),('usage_events_20160923.log',1048585,1,167,167,'20160923','201609',NULL,NULL,NULL,NULL,'ojs::counter',2,1,259,7,NULL),('usage_events_20160923.log',1048585,1,168,168,'20160923','201609',NULL,NULL,NULL,NULL,'ojs::counter',2,1,259,7,NULL),('usage_events_20160923.log',1048585,1,169,169,'20160923','201609',NULL,NULL,NULL,NULL,'ojs::counter',2,1,259,7,NULL),('usage_events_20160923.log',1048585,1,170,170,'20160923','201609',NULL,NULL,NULL,NULL,'ojs::counter',2,1,259,7,NULL),('usage_events_20160923.log',1048585,1,171,171,'20160923','201609',NULL,NULL,NULL,NULL,'ojs::counter',2,1,259,7,NULL),('usage_events_20160923.log',1048585,1,172,172,'20160923','201609',NULL,NULL,NULL,NULL,'ojs::counter',2,1,259,7,NULL),('usage_events_20160923.log',1048585,1,173,173,'20160923','201609',NULL,NULL,NULL,NULL,'ojs::counter',2,1,259,7,NULL),('usage_events_20160923.log',1048585,1,174,174,'20160923','201609',NULL,NULL,NULL,NULL,'ojs::counter',2,5,259,7,NULL),('usage_events_20160923.log',1048585,1,175,175,'20160923','201609',NULL,NULL,NULL,NULL,'ojs::counter',2,5,259,7,NULL),('usage_events_20160923.log',1048585,1,176,176,'20160923','201609',NULL,NULL,NULL,NULL,'ojs::counter',2,1,259,8,NULL),('usage_events_20160923.log',1048585,1,177,177,'20160923','201609',NULL,NULL,NULL,NULL,'ojs::counter',2,1,259,8,NULL),('usage_events_20160923.log',1048585,1,178,178,'20160923','201609',NULL,NULL,NULL,NULL,'ojs::counter',2,1,259,8,NULL),('usage_events_20160923.log',1048585,1,179,179,'20160923','201609',NULL,NULL,NULL,NULL,'ojs::counter',2,1,259,8,NULL),('usage_events_20160923.log',1048585,1,180,180,'20160923','201609',NULL,NULL,NULL,NULL,'ojs::counter',2,1,259,8,NULL),('usage_events_20160923.log',1048585,1,181,181,'20160923','201609',NULL,NULL,NULL,NULL,'ojs::counter',2,1,259,8,NULL),('usage_events_20160923.log',1048585,1,182,182,'20160923','201609',NULL,NULL,NULL,NULL,'ojs::counter',2,1,259,8,NULL),('usage_events_20160923.log',1048585,1,183,183,'20160923','201609',NULL,NULL,NULL,NULL,'ojs::counter',2,1,259,8,NULL),('usage_events_20160923.log',1048585,1,184,184,'20160923','201609',NULL,NULL,NULL,NULL,'ojs::counter',2,1,259,8,NULL),('usage_events_20160923.log',1048585,1,185,185,'20160923','201609',NULL,NULL,NULL,NULL,'ojs::counter',2,1,259,8,NULL),('usage_events_20160923.log',1048585,1,186,186,'20160923','201609',NULL,NULL,NULL,NULL,'ojs::counter',2,1,259,8,NULL),('usage_events_20160923.log',1048585,1,187,187,'20160923','201609',NULL,NULL,NULL,NULL,'ojs::counter',2,1,259,8,NULL),('usage_events_20160923.log',1048585,1,188,188,'20160923','201609',NULL,NULL,NULL,NULL,'ojs::counter',2,1,259,8,NULL),('usage_events_20160923.log',1048585,1,189,189,'20160923','201609',NULL,NULL,NULL,NULL,'ojs::counter',2,1,259,8,NULL),('usage_events_20160923.log',1048585,1,190,190,'20160923','201609',NULL,NULL,NULL,NULL,'ojs::counter',2,1,259,8,NULL),('usage_events_20160923.log',1048585,1,191,191,'20160923','201609',NULL,NULL,NULL,NULL,'ojs::counter',2,1,259,8,NULL),('usage_events_20160923.log',1048585,1,192,192,'20160923','201609',NULL,NULL,NULL,NULL,'ojs::counter',2,1,259,8,NULL),('usage_events_20160923.log',1048585,1,193,193,'20160923','201609',NULL,NULL,NULL,NULL,'ojs::counter',2,5,259,8,NULL),('usage_events_20160923.log',1048585,1,194,194,'20160923','201609',NULL,NULL,NULL,NULL,'ojs::counter',2,3,259,8,NULL),('usage_events_20160923.log',1048585,1,195,195,'20160923','201609',NULL,NULL,NULL,NULL,'ojs::counter',2,4,259,9,NULL),('usage_events_20160923.log',1048585,1,196,196,'20160923','201609',NULL,NULL,NULL,NULL,'ojs::counter',2,1,259,9,NULL),('usage_events_20160923.log',1048585,1,197,197,'20160923','201609',NULL,NULL,NULL,NULL,'ojs::counter',2,1,259,9,NULL),('usage_events_20160923.log',1048585,1,198,198,'20160923','201609',NULL,NULL,NULL,NULL,'ojs::counter',2,1,259,9,NULL),('usage_events_20160923.log',1048585,1,199,199,'20160923','201609',NULL,NULL,NULL,NULL,'ojs::counter',2,1,259,9,NULL),('usage_events_20160923.log',1048585,1,200,200,'20160923','201609',NULL,NULL,NULL,NULL,'ojs::counter',2,1,259,9,NULL),('usage_events_20160923.log',1048585,1,201,201,'20160923','201609',NULL,NULL,NULL,NULL,'ojs::counter',2,1,259,9,NULL),('usage_events_20160923.log',1048585,1,202,202,'20160923','201609',NULL,NULL,NULL,NULL,'ojs::counter',2,1,259,9,NULL),('usage_events_20160923.log',1048585,1,203,203,'20160923','201609',NULL,NULL,NULL,NULL,'ojs::counter',2,1,259,9,NULL),('usage_events_20160923.log',1048585,1,204,204,'20160923','201609',NULL,NULL,NULL,NULL,'ojs::counter',2,1,259,9,NULL),('usage_events_20160923.log',1048585,1,205,205,'20160923','201609',NULL,NULL,NULL,NULL,'ojs::counter',2,1,259,9,NULL),('usage_events_20160923.log',1048585,1,206,206,'20160923','201609',NULL,NULL,NULL,NULL,'ojs::counter',2,1,259,9,NULL),('usage_events_20160923.log',1048585,1,207,207,'20160923','201609',NULL,NULL,NULL,NULL,'ojs::counter',2,1,259,9,NULL),('usage_events_20160923.log',1048585,1,208,208,'20160923','201609',NULL,NULL,NULL,NULL,'ojs::counter',2,1,259,9,NULL),('usage_events_20160923.log',1048585,1,209,209,'20160923','201609',NULL,NULL,NULL,NULL,'ojs::counter',2,1,259,9,NULL),('usage_events_20160923.log',1048585,1,210,210,'20160923','201609',NULL,NULL,NULL,NULL,'ojs::counter',2,5,259,9,NULL),('usage_events_20160923.log',1048585,1,211,211,'20160923','201609',NULL,NULL,NULL,NULL,'ojs::counter',2,4,259,10,NULL),('usage_events_20160923.log',1048585,1,212,212,'20160923','201609',NULL,NULL,NULL,NULL,'ojs::counter',2,1,259,10,NULL),('usage_events_20160923.log',1048585,1,213,213,'20160923','201609',NULL,NULL,NULL,NULL,'ojs::counter',2,1,259,10,NULL),('usage_events_20160923.log',1048585,1,214,214,'20160923','201609',NULL,NULL,NULL,NULL,'ojs::counter',2,1,259,10,NULL),('usage_events_20160923.log',1048585,1,215,215,'20160923','201609',NULL,NULL,NULL,NULL,'ojs::counter',2,1,259,10,NULL),('usage_events_20160923.log',1048585,1,216,216,'20160923','201609',NULL,NULL,NULL,NULL,'ojs::counter',2,1,259,10,NULL),('usage_events_20160923.log',1048585,1,217,217,'20160923','201609',NULL,NULL,NULL,NULL,'ojs::counter',2,1,259,10,NULL),('usage_events_20160923.log',1048585,1,218,218,'20160923','201609',NULL,NULL,NULL,NULL,'ojs::counter',2,1,259,10,NULL),('usage_events_20160923.log',1048585,1,219,219,'20160923','201609',NULL,NULL,NULL,NULL,'ojs::counter',2,1,259,10,NULL),('usage_events_20160923.log',1048585,1,220,220,'20160923','201609',NULL,NULL,NULL,NULL,'ojs::counter',2,1,259,10,NULL),('usage_events_20160923.log',1048585,1,221,221,'20160923','201609',NULL,NULL,NULL,NULL,'ojs::counter',2,1,259,10,NULL),('usage_events_20160923.log',1048585,1,222,222,'20160923','201609',NULL,NULL,NULL,NULL,'ojs::counter',2,1,259,10,NULL),('usage_events_20160923.log',1048585,1,223,223,'20160923','201609',NULL,NULL,NULL,NULL,'ojs::counter',2,1,259,10,NULL),('usage_events_20160923.log',1048585,1,224,224,'20160923','201609',NULL,NULL,NULL,NULL,'ojs::counter',2,1,259,10,NULL),('usage_events_20160923.log',1048585,1,225,225,'20160923','201609',NULL,NULL,NULL,NULL,'ojs::counter',2,1,259,10,NULL),('usage_events_20160923.log',1048585,1,226,226,'20160923','201609',NULL,NULL,NULL,NULL,'ojs::counter',2,1,259,10,NULL),('usage_events_20160923.log',1048585,1,227,227,'20160923','201609',NULL,NULL,NULL,NULL,'ojs::counter',2,1,259,10,NULL),('usage_events_20160923.log',1048585,1,228,228,'20160923','201609',NULL,NULL,NULL,NULL,'ojs::counter',2,1,259,10,NULL),('usage_events_20160923.log',1048585,1,229,229,'20160923','201609',NULL,NULL,NULL,NULL,'ojs::counter',2,4,259,11,NULL),('usage_events_20160923.log',1048585,1,230,230,'20160923','201609',NULL,NULL,NULL,NULL,'ojs::counter',2,1,259,11,NULL),('usage_events_20160923.log',1048585,1,231,231,'20160923','201609',NULL,NULL,NULL,NULL,'ojs::counter',2,1,259,11,NULL),('usage_events_20160923.log',1048585,1,232,232,'20160923','201609',NULL,NULL,NULL,NULL,'ojs::counter',2,1,259,11,NULL),('usage_events_20160923.log',1048585,1,233,233,'20160923','201609',NULL,NULL,NULL,NULL,'ojs::counter',2,1,259,11,NULL),('usage_events_20160923.log',1048585,1,234,234,'20160923','201609',NULL,NULL,NULL,NULL,'ojs::counter',2,1,259,11,NULL),('usage_events_20160923.log',1048585,1,235,235,'20160923','201609',NULL,NULL,NULL,NULL,'ojs::counter',2,1,259,11,NULL),('usage_events_20160923.log',1048585,1,236,236,'20160923','201609',NULL,NULL,NULL,NULL,'ojs::counter',2,1,259,11,NULL),('usage_events_20160923.log',1048585,1,237,237,'20160923','201609',NULL,NULL,NULL,NULL,'ojs::counter',3,1,259,11,NULL),('usage_events_20160923.log',1048585,1,238,238,'20160923','201609',NULL,NULL,NULL,NULL,'ojs::counter',2,1,259,11,NULL),('usage_events_20160923.log',1048585,1,239,239,'20160923','201609',NULL,NULL,NULL,NULL,'ojs::counter',2,4,259,12,NULL),('usage_events_20160923.log',1048585,1,240,240,'20160923','201609',NULL,NULL,NULL,NULL,'ojs::counter',3,1,259,12,NULL),('usage_events_20160923.log',1048585,1,241,241,'20160923','201609',NULL,NULL,NULL,NULL,'ojs::counter',2,1,259,12,NULL),('usage_events_20160923.log',1048585,1,242,242,'20160923','201609',NULL,NULL,NULL,NULL,'ojs::counter',2,1,259,12,NULL),('usage_events_20160923.log',1048585,1,243,243,'20160923','201609',NULL,NULL,NULL,NULL,'ojs::counter',2,1,259,12,NULL),('usage_events_20160923.log',1048585,1,244,244,'20160923','201609',NULL,NULL,NULL,NULL,'ojs::counter',2,1,259,12,NULL),('usage_events_20160923.log',1048585,1,245,245,'20160923','201609',NULL,NULL,NULL,NULL,'ojs::counter',2,1,259,12,NULL),('usage_events_20160923.log',1048585,1,246,246,'20160923','201609',NULL,NULL,NULL,NULL,'ojs::counter',2,1,259,12,NULL),('usage_events_20160923.log',1048585,1,247,247,'20160923','201609',NULL,NULL,NULL,NULL,'ojs::counter',2,1,259,12,NULL),('usage_events_20160923.log',1048585,1,248,248,'20160923','201609',NULL,NULL,NULL,NULL,'ojs::counter',2,1,259,12,NULL),('usage_events_20160923.log',1048585,1,249,249,'20160923','201609',NULL,NULL,NULL,NULL,'ojs::counter',2,1,259,12,NULL),('usage_events_20160923.log',1048585,1,250,250,'20160923','201609',NULL,NULL,NULL,NULL,'ojs::counter',2,1,259,12,NULL),('usage_events_20160923.log',1048585,1,251,251,'20160923','201609',NULL,NULL,NULL,NULL,'ojs::counter',2,1,259,12,NULL),('usage_events_20160923.log',1048585,1,252,252,'20160923','201609',NULL,NULL,NULL,NULL,'ojs::counter',2,1,259,12,NULL),('usage_events_20160923.log',1048585,1,253,253,'20160923','201609',NULL,NULL,NULL,NULL,'ojs::counter',2,3,259,12,NULL),('usage_events_20160923.log',1048585,1,254,254,'20160923','201609',NULL,NULL,NULL,NULL,'ojs::counter',2,4,259,13,NULL),('usage_events_20160923.log',1048585,1,255,255,'20160923','201609',NULL,NULL,NULL,NULL,'ojs::counter',2,1,259,13,NULL),('usage_events_20160923.log',1048585,1,256,256,'20160923','201609',NULL,NULL,NULL,NULL,'ojs::counter',2,1,259,13,NULL),('usage_events_20160923.log',1048585,1,257,257,'20160923','201609',NULL,NULL,NULL,NULL,'ojs::counter',2,1,259,13,NULL),('usage_events_20160923.log',1048585,1,258,258,'20160923','201609',NULL,NULL,NULL,NULL,'ojs::counter',2,1,259,13,NULL),('usage_events_20160923.log',1048585,1,259,259,'20160923','201609',NULL,NULL,NULL,NULL,'ojs::counter',2,1,259,13,NULL),('usage_events_20160923.log',1048585,1,260,260,'20160923','201609',NULL,NULL,NULL,NULL,'ojs::counter',2,1,259,13,NULL),('usage_events_20160923.log',1048585,1,261,261,'20160923','201609',NULL,NULL,NULL,NULL,'ojs::counter',2,1,259,13,NULL),('usage_events_20160923.log',1048585,1,262,262,'20160923','201609',NULL,NULL,NULL,NULL,'ojs::counter',2,1,259,13,NULL),('usage_events_20160923.log',1048585,1,263,263,'20160923','201609',NULL,NULL,NULL,NULL,'ojs::counter',2,1,259,14,NULL),('usage_events_20160923.log',1048585,1,264,264,'20160923','201609',NULL,NULL,NULL,NULL,'ojs::counter',2,1,259,14,NULL),('usage_events_20160923.log',1048585,1,265,265,'20160923','201609',NULL,NULL,NULL,NULL,'ojs::counter',2,1,259,14,NULL),('usage_events_20160923.log',1048585,1,266,266,'20160923','201609',NULL,NULL,NULL,NULL,'ojs::counter',2,1,259,14,NULL),('usage_events_20160923.log',1048585,1,267,267,'20160923','201609',NULL,NULL,NULL,NULL,'ojs::counter',2,1,259,14,NULL),('usage_events_20160923.log',1048585,1,268,268,'20160923','201609',NULL,NULL,NULL,NULL,'ojs::counter',2,1,259,14,NULL),('usage_events_20160923.log',1048585,1,269,269,'20160923','201609',NULL,NULL,NULL,NULL,'ojs::counter',2,1,259,14,NULL),('usage_events_20160923.log',1048585,1,270,270,'20160923','201609',NULL,NULL,NULL,NULL,'ojs::counter',3,1,259,14,NULL),('usage_events_20160923.log',1048585,1,271,271,'20160923','201609',NULL,NULL,NULL,NULL,'ojs::counter',2,1,259,14,NULL),('usage_events_20160923.log',1048585,1,272,272,'20160923','201609',NULL,NULL,NULL,NULL,'ojs::counter',2,1,259,14,NULL),('usage_events_20160923.log',1048585,1,273,273,'20160923','201609',NULL,NULL,NULL,NULL,'ojs::counter',2,1,259,14,NULL),('usage_events_20160923.log',1048585,1,274,274,'20160923','201609',NULL,NULL,NULL,NULL,'ojs::counter',2,1,259,14,NULL),('usage_events_20160923.log',1048585,1,294,294,'20160923','201609',NULL,NULL,NULL,NULL,'ojs::counter',2,1,259,15,NULL),('usage_events_20160923.log',1048585,1,295,295,'20160923','201609',NULL,NULL,NULL,NULL,'ojs::counter',2,1,259,15,NULL),('usage_events_20160923.log',1048585,1,296,296,'20160923','201609',NULL,NULL,NULL,NULL,'ojs::counter',2,1,259,15,NULL),('usage_events_20160923.log',1048585,1,297,297,'20160923','201609',NULL,NULL,NULL,NULL,'ojs::counter',2,1,259,15,NULL),('usage_events_20160923.log',1048585,1,298,298,'20160923','201609',NULL,NULL,NULL,NULL,'ojs::counter',2,1,259,15,NULL),('usage_events_20160923.log',1048585,1,299,299,'20160923','201609',NULL,NULL,NULL,NULL,'ojs::counter',2,1,259,15,NULL),('usage_events_20160923.log',1048585,1,300,300,'20160923','201609',NULL,NULL,NULL,NULL,'ojs::counter',2,1,259,15,NULL),('usage_events_20160923.log',1048585,1,301,301,'20160923','201609',NULL,NULL,NULL,NULL,'ojs::counter',2,1,259,15,NULL),('usage_events_20160923.log',1048585,1,302,302,'20160923','201609',NULL,NULL,NULL,NULL,'ojs::counter',2,1,259,15,NULL),('usage_events_20160923.log',1048585,1,303,303,'20160923','201609',NULL,NULL,NULL,NULL,'ojs::counter',2,1,259,15,NULL),('usage_events_20160923.log',1048585,1,304,304,'20160923','201609',NULL,NULL,NULL,NULL,'ojs::counter',2,1,259,15,NULL),('usage_events_20160923.log',1048585,1,305,305,'20160923','201609',NULL,NULL,NULL,NULL,'ojs::counter',2,1,259,15,NULL),('usage_events_20160923.log',1048585,1,306,306,'20160923','201609',NULL,NULL,NULL,NULL,'ojs::counter',2,1,259,15,NULL),('usage_events_20160923.log',1048585,1,307,307,'20160923','201609',NULL,NULL,NULL,NULL,'ojs::counter',2,5,259,15,NULL),('usage_events_20160923.log',1048585,1,308,308,'20160923','201609',NULL,NULL,NULL,NULL,'ojs::counter',2,4,259,16,NULL),('usage_events_20160923.log',1048585,1,309,309,'20160923','201609',NULL,NULL,NULL,NULL,'ojs::counter',2,1,259,16,NULL),('usage_events_20160923.log',1048585,1,310,310,'20160923','201609',NULL,NULL,NULL,NULL,'ojs::counter',2,1,259,16,NULL),('usage_events_20160923.log',1048585,1,311,311,'20160923','201609',NULL,NULL,NULL,NULL,'ojs::counter',2,1,259,16,NULL),('usage_events_20160923.log',1048585,1,312,312,'20160923','201609',NULL,NULL,NULL,NULL,'ojs::counter',2,1,259,16,NULL),('usage_events_20160923.log',1048585,1,313,313,'20160923','201609',NULL,NULL,NULL,NULL,'ojs::counter',2,1,259,16,NULL),('usage_events_20160923.log',1048585,1,314,314,'20160923','201609',NULL,NULL,NULL,NULL,'ojs::counter',2,1,259,16,NULL),('usage_events_20160923.log',1048585,1,315,315,'20160923','201609',NULL,NULL,NULL,NULL,'ojs::counter',2,1,259,16,NULL),('usage_events_20160923.log',1048585,1,316,316,'20160923','201609',NULL,NULL,NULL,NULL,'ojs::counter',2,1,259,16,NULL),('usage_events_20160923.log',1048585,1,317,317,'20160923','201609',NULL,NULL,NULL,NULL,'ojs::counter',2,1,259,16,NULL),('usage_events_20160923.log',1048585,1,318,318,'20160923','201609',NULL,NULL,NULL,NULL,'ojs::counter',2,1,259,16,NULL),('usage_events_20160923.log',1048585,1,319,319,'20160923','201609',NULL,NULL,NULL,NULL,'ojs::counter',2,1,259,16,NULL),('usage_events_20160923.log',1048585,1,320,320,'20160923','201609',NULL,NULL,NULL,NULL,'ojs::counter',2,1,259,16,NULL),('usage_events_20160923.log',1048585,1,321,321,'20160923','201609',NULL,NULL,NULL,NULL,'ojs::counter',2,1,259,16,NULL),('usage_events_20160923.log',1048585,1,322,322,'20160923','201609',NULL,NULL,NULL,NULL,'ojs::counter',2,3,259,16,NULL),('usage_events_20160923.log',259,1,NULL,1,'20160923','201609',NULL,NULL,NULL,NULL,'ojs::counter',1,NULL,NULL,NULL,NULL),('usage_events_20160923.log',259,1,NULL,2,'20160923','201609',NULL,NULL,NULL,NULL,'ojs::counter',1,NULL,NULL,NULL,NULL),('usage_events_20160923.log',259,1,NULL,3,'20160923','201609',NULL,NULL,NULL,NULL,'ojs::counter',1,NULL,NULL,NULL,NULL),('usage_events_20160923.log',259,1,NULL,4,'20160923','201609',NULL,NULL,NULL,NULL,'ojs::counter',1,NULL,NULL,NULL,NULL),('usage_events_20160923.log',259,1,NULL,5,'20160923','201609',NULL,NULL,NULL,NULL,'ojs::counter',2,NULL,NULL,NULL,NULL),('usage_events_20160923.log',259,1,NULL,6,'20160923','201609',NULL,NULL,NULL,NULL,'ojs::counter',2,NULL,NULL,NULL,NULL),('usage_events_20160923.log',259,1,NULL,7,'20160923','201609',NULL,NULL,NULL,NULL,'ojs::counter',2,NULL,NULL,NULL,NULL),('usage_events_20160923.log',259,1,NULL,8,'20160923','201609',NULL,NULL,NULL,NULL,'ojs::counter',3,NULL,NULL,NULL,NULL),('usage_events_20160923.log',259,1,NULL,9,'20160923','201609',NULL,NULL,NULL,NULL,'ojs::counter',2,NULL,NULL,NULL,NULL),('usage_events_20160923.log',259,1,NULL,10,'20160923','201609',NULL,NULL,NULL,NULL,'ojs::counter',2,NULL,NULL,NULL,NULL),('usage_events_20160923.log',259,1,NULL,11,'20160923','201609',NULL,NULL,NULL,NULL,'ojs::counter',2,NULL,NULL,NULL,NULL),('usage_events_20160923.log',259,1,NULL,12,'20160923','201609',NULL,NULL,NULL,NULL,'ojs::counter',1,NULL,NULL,NULL,NULL),('usage_events_20160923.log',259,1,NULL,13,'20160923','201609',NULL,NULL,NULL,NULL,'ojs::counter',1,NULL,NULL,NULL,NULL),('usage_events_20160923.log',259,1,NULL,14,'20160923','201609',NULL,NULL,NULL,NULL,'ojs::counter',1,NULL,NULL,NULL,NULL),('usage_events_20160923.log',259,1,NULL,15,'20160923','201609',NULL,NULL,NULL,NULL,'ojs::counter',4,NULL,NULL,NULL,NULL),('usage_events_20160923.log',259,1,NULL,16,'20160923','201609',NULL,NULL,NULL,NULL,'ojs::counter',3,NULL,NULL,NULL,NULL),('usage_events_20160923.log',259,1,NULL,17,'20160923','201609',NULL,NULL,NULL,NULL,'ojs::counter',8,NULL,NULL,NULL,NULL),('usage_events_20160923.log',515,1,13,70,'20160923','201609',2,NULL,NULL,NULL,'ojs::counter',3,1,259,1,6),('usage_events_20160923.log',515,1,15,79,'20160923','201609',2,NULL,NULL,NULL,'ojs::counter',1,1,259,1,14),('usage_events_20160923.log',515,1,44,210,'20160923','201609',2,NULL,NULL,NULL,'ojs::counter',4,1,259,2,26),('usage_events_20160923.log',515,1,40,292,'20160923','201609',2,NULL,NULL,NULL,'ojs::counter',2,1,259,4,74),('usage_events_20160923.log',515,1,42,310,'20160923','201609',2,NULL,NULL,NULL,'ojs::counter',1,1,259,4,92),('usage_events_20160923.log',515,1,59,318,'20160923','201609',2,NULL,NULL,NULL,'ojs::counter',2,1,259,3,96),('usage_events_20160923.log',515,1,60,319,'20160923','201609',2,NULL,NULL,NULL,'ojs::counter',1,1,259,3,97),('usage_events_20160923.log',515,1,92,332,'20160923','201609',2,NULL,NULL,NULL,'ojs::counter',1,4,259,4,106),('usage_events_20160923.log',515,1,131,422,'20160923','201609',2,NULL,NULL,NULL,'ojs::counter',1,1,259,5,109),('usage_events_20160923.log',515,1,139,430,'20160923','201609',2,NULL,NULL,NULL,'ojs::counter',1,1,259,5,117),('usage_events_20160923.log',515,1,153,444,'20160923','201609',2,NULL,NULL,NULL,'ojs::counter',1,1,259,6,131),('usage_events_20160923.log',515,1,169,462,'20160923','201609',2,NULL,NULL,NULL,'ojs::counter',1,1,259,7,147),('usage_events_20160923.log',515,1,178,475,'20160923','201609',2,NULL,NULL,NULL,'ojs::counter',1,1,259,8,156),('usage_events_20160923.log',515,1,187,485,'20160923','201609',2,NULL,NULL,NULL,'ojs::counter',1,1,259,8,165),('usage_events_20160923.log',515,1,222,531,'20160923','201609',2,NULL,NULL,NULL,'ojs::counter',5,1,259,10,201),('usage_events_20160923.log',515,1,230,540,'20160923','201609',2,NULL,NULL,NULL,'ojs::counter',1,1,259,11,209),('usage_events_20160923.log',515,1,239,561,'20160923','201609',2,NULL,NULL,NULL,'ojs::counter',1,4,259,12,218),('usage_events_20160923.log',515,1,252,575,'20160923','201609',2,NULL,NULL,NULL,'ojs::counter',1,1,259,12,231),('usage_events_20160923.log',515,1,256,580,'20160923','201609',2,NULL,NULL,NULL,'ojs::counter',1,1,259,13,235),('usage_events_20160923.log',515,1,263,590,'20160923','201609',2,NULL,NULL,NULL,'ojs::counter',1,1,259,14,242),('usage_events_20160923.log',515,1,270,601,'20160923','201609',2,NULL,NULL,NULL,'ojs::counter',1,1,259,14,249),('usage_events_20160923.log',515,1,317,699,'20160923','201609',2,NULL,NULL,NULL,'ojs::counter',1,1,259,16,278),('usage_events_20160923.log',515,1,322,708,'20160923','201609',2,NULL,NULL,NULL,'ojs::counter',1,3,259,16,283),('usage_events_20160923.log',515,1,67,756,'20160923','201609',2,NULL,NULL,NULL,'ojs::counter',1,1,259,17,298),('usage_events_20160923.log',515,1,2,757,'20160923','201609',2,NULL,NULL,NULL,'ojs::counter',5,1,259,17,299),('usage_events_20160923.log',515,1,93,758,'20160923','201609',2,NULL,NULL,NULL,'ojs::counter',1,1,259,17,300),('usage_events_20160923.log',515,1,75,759,'20160923','201609',2,NULL,NULL,NULL,'ojs::counter',3,1,259,17,301),('usage_events_20160923.log',515,1,125,764,'20160923','201609',2,NULL,NULL,NULL,'ojs::counter',4,1,259,17,306),('usage_events_20160924.log',256,1,NULL,1,'20160924','201609',NULL,NULL,NULL,NULL,'ojs::counter',17,NULL,NULL,NULL,NULL),('usage_events_20160924.log',1048585,1,2,2,'20160924','201609',NULL,NULL,NULL,NULL,'ojs::counter',1,1,259,17,NULL),('usage_events_20160924.log',1048585,1,10,10,'20160924','201609',NULL,NULL,NULL,NULL,'ojs::counter',1,1,259,3,NULL),('usage_events_20160924.log',1048585,1,11,11,'20160924','201609',NULL,NULL,NULL,NULL,'ojs::counter',1,1,259,1,NULL),('usage_events_20160924.log',1048585,1,18,18,'20160924','201609',NULL,NULL,NULL,NULL,'ojs::counter',1,1,259,2,NULL),('usage_events_20160924.log',1048585,1,20,20,'20160924','201609',NULL,NULL,NULL,NULL,'ojs::counter',2,1,259,1,NULL),('usage_events_20160924.log',1048585,1,32,32,'20160924','201609',NULL,NULL,NULL,NULL,'ojs::counter',1,1,259,2,NULL),('usage_events_20160924.log',1048585,1,44,44,'20160924','201609',NULL,NULL,NULL,NULL,'ojs::counter',1,1,259,2,NULL),('usage_events_20160924.log',1048585,1,59,59,'20160924','201609',NULL,NULL,NULL,NULL,'ojs::counter',1,1,259,3,NULL),('usage_events_20160924.log',1048585,1,65,65,'20160924','201609',NULL,NULL,NULL,NULL,'ojs::counter',1,1,259,4,NULL),('usage_events_20160924.log',1048585,1,75,75,'20160924','201609',NULL,NULL,NULL,NULL,'ojs::counter',1,1,259,17,NULL),('usage_events_20160924.log',1048585,1,86,86,'20160924','201609',NULL,NULL,NULL,NULL,'ojs::counter',4,1,259,4,NULL),('usage_events_20160924.log',1048585,1,93,93,'20160924','201609',NULL,NULL,NULL,NULL,'ojs::counter',1,1,259,17,NULL),('usage_events_20160924.log',1048585,1,94,94,'20160924','201609',NULL,NULL,NULL,NULL,'ojs::counter',1,1,259,4,NULL),('usage_events_20160924.log',1048585,1,263,263,'20160924','201609',NULL,NULL,NULL,NULL,'ojs::counter',1,1,259,14,NULL),('usage_events_20160924.log',515,1,13,70,'20160924','201609',2,NULL,NULL,NULL,'ojs::counter',3,1,259,1,6),('usage_events_20160924.log',515,1,44,210,'20160924','201609',2,NULL,NULL,NULL,'ojs::counter',7,1,259,2,26),('usage_events_20160924.log',515,1,40,292,'20160924','201609',2,NULL,NULL,NULL,'ojs::counter',1,1,259,4,74),('usage_events_20160924.log',515,1,43,304,'20160924','201609',2,NULL,NULL,NULL,'ojs::counter',1,1,259,4,86),('usage_events_20160924.log',515,1,5,315,'20160924','201609',2,NULL,NULL,NULL,'ojs::counter',1,1,259,3,93),('usage_events_20160924.log',515,1,59,318,'20160924','201609',2,NULL,NULL,NULL,'ojs::counter',1,1,259,3,96),('usage_events_20160924.log',515,1,73,322,'20160924','201609',2,NULL,NULL,NULL,'ojs::counter',1,1,259,3,100),('usage_events_20160924.log',515,1,163,454,'20160924','201609',2,NULL,NULL,NULL,'ojs::counter',1,1,259,7,141),('usage_events_20160924.log',515,1,197,500,'20160924','201609',2,NULL,NULL,NULL,'ojs::counter',1,1,259,9,175),('usage_events_20160924.log',515,1,204,509,'20160924','201609',2,NULL,NULL,NULL,'ojs::counter',1,1,259,9,183),('usage_events_20160924.log',515,1,222,531,'20160924','201609',2,NULL,NULL,NULL,'ojs::counter',3,1,259,10,201),('usage_events_20160924.log',515,1,230,540,'20160924','201609',2,NULL,NULL,NULL,'ojs::counter',1,1,259,11,209),('usage_events_20160924.log',515,1,251,574,'20160924','201609',2,NULL,NULL,NULL,'ojs::counter',1,1,259,12,230),('usage_events_20160924.log',515,1,252,575,'20160924','201609',2,NULL,NULL,NULL,'ojs::counter',2,1,259,12,231),('usage_events_20160924.log',515,1,2,757,'20160924','201609',2,NULL,NULL,NULL,'ojs::counter',5,1,259,17,299),('usage_events_20160925.log',256,1,NULL,1,'20160925','201609',NULL,NULL,NULL,NULL,'ojs::counter',10,NULL,NULL,NULL,NULL),('usage_events_20160925.log',1048585,1,7,7,'20160925','201609',NULL,NULL,NULL,NULL,'ojs::counter',2,1,259,1,NULL),('usage_events_20160925.log',1048585,1,14,14,'20160925','201609',NULL,NULL,NULL,NULL,'ojs::counter',1,1,259,1,NULL),('usage_events_20160925.log',1048585,1,20,20,'20160925','201609',NULL,NULL,NULL,NULL,'ojs::counter',2,1,259,1,NULL),('usage_events_20160925.log',1048585,1,26,26,'20160925','201609',NULL,NULL,NULL,NULL,'ojs::counter',1,1,259,2,NULL),('usage_events_20160925.log',1048585,1,35,35,'20160925','201609',NULL,NULL,NULL,NULL,'ojs::counter',2,1,259,2,NULL),('usage_events_20160925.log',1048585,1,59,59,'20160925','201609',NULL,NULL,NULL,NULL,'ojs::counter',1,1,259,3,NULL),('usage_events_20160925.log',1048585,1,65,65,'20160925','201609',NULL,NULL,NULL,NULL,'ojs::counter',1,1,259,4,NULL),('usage_events_20160925.log',1048585,1,73,73,'20160925','201609',NULL,NULL,NULL,NULL,'ojs::counter',2,1,259,3,NULL),('usage_events_20160925.log',1048585,1,75,75,'20160925','201609',NULL,NULL,NULL,NULL,'ojs::counter',1,1,259,17,NULL),('usage_events_20160925.log',1048585,1,79,79,'20160925','201609',NULL,NULL,NULL,NULL,'ojs::counter',1,1,259,17,NULL),('usage_events_20160925.log',1048585,1,90,90,'20160925','201609',NULL,NULL,NULL,NULL,'ojs::counter',1,1,259,4,NULL),('usage_events_20160925.log',1048585,1,93,93,'20160925','201609',NULL,NULL,NULL,NULL,'ojs::counter',4,1,259,17,NULL),('usage_events_20160925.log',1048585,1,94,94,'20160925','201609',NULL,NULL,NULL,NULL,'ojs::counter',1,1,259,4,NULL),('usage_events_20160925.log',1048585,1,96,96,'20160925','201609',NULL,NULL,NULL,NULL,'ojs::counter',1,1,259,4,NULL),('usage_events_20160925.log',1048585,1,102,102,'20160925','201609',NULL,NULL,NULL,NULL,'ojs::counter',1,1,259,17,NULL),('usage_events_20160925.log',1048585,1,134,134,'20160925','201609',NULL,NULL,NULL,NULL,'ojs::counter',1,1,259,5,NULL),('usage_events_20160925.log',1048585,1,210,210,'20160925','201609',NULL,NULL,NULL,NULL,'ojs::counter',1,5,259,9,NULL),('usage_events_20160925.log',1048585,1,212,212,'20160925','201609',NULL,NULL,NULL,NULL,'ojs::counter',1,1,259,10,NULL),('usage_events_20160925.log',1048585,1,227,227,'20160925','201609',NULL,NULL,NULL,NULL,'ojs::counter',2,1,259,10,NULL),('usage_events_20160925.log',1048585,1,310,310,'20160925','201609',NULL,NULL,NULL,NULL,'ojs::counter',1,1,259,16,NULL),('usage_events_20160925.log',259,1,NULL,10,'20160925','201609',NULL,NULL,NULL,NULL,'ojs::counter',1,NULL,NULL,NULL,NULL),('usage_events_20160925.log',259,1,NULL,16,'20160925','201609',NULL,NULL,NULL,NULL,'ojs::counter',1,NULL,NULL,NULL,NULL),('usage_events_20160925.log',259,1,NULL,17,'20160925','201609',NULL,NULL,NULL,NULL,'ojs::counter',6,NULL,NULL,NULL,NULL),('usage_events_20160925.log',515,1,7,69,'20160925','201609',2,NULL,NULL,NULL,'ojs::counter',1,1,259,1,5),('usage_events_20160925.log',515,1,13,70,'20160925','201609',2,NULL,NULL,NULL,'ojs::counter',5,1,259,1,6),('usage_events_20160925.log',515,1,19,84,'20160925','201609',2,NULL,NULL,NULL,'ojs::counter',1,3,259,1,19),('usage_events_20160925.log',515,1,20,88,'20160925','201609',2,NULL,NULL,NULL,'ojs::counter',1,1,259,1,20),('usage_events_20160925.log',515,1,8,206,'20160925','201609',2,NULL,NULL,NULL,'ojs::counter',2,1,259,2,22),('usage_events_20160925.log',515,1,44,210,'20160925','201609',2,NULL,NULL,NULL,'ojs::counter',3,1,259,2,26),('usage_events_20160925.log',515,1,40,292,'20160925','201609',2,NULL,NULL,NULL,'ojs::counter',1,1,259,4,74),('usage_events_20160925.log',515,1,90,295,'20160925','201609',2,NULL,NULL,NULL,'ojs::counter',1,1,259,4,77),('usage_events_20160925.log',515,1,94,299,'20160925','201609',2,NULL,NULL,NULL,'ojs::counter',1,1,259,4,81),('usage_events_20160925.log',515,1,43,304,'20160925','201609',2,NULL,NULL,NULL,'ojs::counter',1,1,259,4,86),('usage_events_20160925.log',515,1,39,308,'20160925','201609',2,NULL,NULL,NULL,'ojs::counter',3,1,259,4,90),('usage_events_20160925.log',515,1,42,310,'20160925','201609',2,NULL,NULL,NULL,'ojs::counter',1,1,259,4,92),('usage_events_20160925.log',515,1,49,317,'20160925','201609',2,NULL,NULL,NULL,'ojs::counter',1,1,259,3,95),('usage_events_20160925.log',515,1,73,322,'20160925','201609',2,NULL,NULL,NULL,'ojs::counter',2,1,259,3,100),('usage_events_20160925.log',515,1,87,327,'20160925','201609',2,NULL,NULL,NULL,'ojs::counter',1,1,259,3,105),('usage_events_20160925.log',515,1,178,475,'20160925','201609',2,NULL,NULL,NULL,'ojs::counter',1,1,259,8,156),('usage_events_20160925.log',515,1,197,500,'20160925','201609',2,NULL,NULL,NULL,'ojs::counter',1,1,259,9,175),('usage_events_20160925.log',515,1,212,517,'20160925','201609',2,NULL,NULL,NULL,'ojs::counter',2,1,259,10,191),('usage_events_20160925.log',515,1,222,531,'20160925','201609',2,NULL,NULL,NULL,'ojs::counter',3,1,259,10,201),('usage_events_20160925.log',515,1,227,537,'20160925','201609',2,NULL,NULL,NULL,'ojs::counter',1,1,259,10,206),('usage_events_20160925.log',515,1,230,540,'20160925','201609',2,NULL,NULL,NULL,'ojs::counter',3,1,259,11,209),('usage_events_20160925.log',515,1,244,566,'20160925','201609',2,NULL,NULL,NULL,'ojs::counter',1,1,259,12,223),('usage_events_20160925.log',515,1,305,684,'20160925','201609',2,NULL,NULL,NULL,'ojs::counter',2,1,259,15,266),('usage_events_20160925.log',515,1,93,758,'20160925','201609',2,NULL,NULL,NULL,'ojs::counter',1,1,259,17,300),('usage_events_20160925.log',515,1,75,759,'20160925','201609',2,NULL,NULL,NULL,'ojs::counter',1,1,259,17,301),('usage_events_20160925.log',515,1,66,762,'20160925','201609',2,NULL,NULL,NULL,'ojs::counter',2,1,259,17,304),('usage_events_20160926.log',256,1,NULL,1,'20160926','201609',NULL,NULL,NULL,NULL,'ojs::counter',36,NULL,NULL,NULL,NULL),('usage_events_20160926.log',1048585,1,7,7,'20160926','201609',NULL,NULL,NULL,NULL,'ojs::counter',4,1,259,1,NULL),('usage_events_20160926.log',1048585,1,20,20,'20160926','201609',NULL,NULL,NULL,NULL,'ojs::counter',2,1,259,1,NULL),('usage_events_20160926.log',1048585,1,30,30,'20160926','201609',NULL,NULL,NULL,NULL,'ojs::counter',2,1,259,3,NULL),('usage_events_20160926.log',1048585,1,39,39,'20160926','201609',NULL,NULL,NULL,NULL,'ojs::counter',2,1,259,4,NULL),('usage_events_20160926.log',1048585,1,42,42,'20160926','201609',NULL,NULL,NULL,NULL,'ojs::counter',1,1,259,4,NULL),('usage_events_20160926.log',1048585,1,43,43,'20160926','201609',NULL,NULL,NULL,NULL,'ojs::counter',3,1,259,4,NULL),('usage_events_20160926.log',1048585,1,44,44,'20160926','201609',NULL,NULL,NULL,NULL,'ojs::counter',1,1,259,2,NULL),('usage_events_20160926.log',1048585,1,46,46,'20160926','201609',NULL,NULL,NULL,NULL,'ojs::counter',1,1,259,2,NULL),('usage_events_20160926.log',1048585,1,59,59,'20160926','201609',NULL,NULL,NULL,NULL,'ojs::counter',1,1,259,3,NULL),('usage_events_20160926.log',1048585,1,60,60,'20160926','201609',NULL,NULL,NULL,NULL,'ojs::counter',1,1,259,3,NULL),('usage_events_20160926.log',1048585,1,66,66,'20160926','201609',NULL,NULL,NULL,NULL,'ojs::counter',5,1,259,17,NULL),('usage_events_20160926.log',1048585,1,67,67,'20160926','201609',NULL,NULL,NULL,NULL,'ojs::counter',2,1,259,17,NULL),('usage_events_20160926.log',1048585,1,72,72,'20160926','201609',NULL,NULL,NULL,NULL,'ojs::counter',1,1,259,3,NULL),('usage_events_20160926.log',1048585,1,75,75,'20160926','201609',NULL,NULL,NULL,NULL,'ojs::counter',1,1,259,17,NULL),('usage_events_20160926.log',1048585,1,77,77,'20160926','201609',NULL,NULL,NULL,NULL,'ojs::counter',2,1,259,4,NULL),('usage_events_20160926.log',1048585,1,78,78,'20160926','201609',NULL,NULL,NULL,NULL,'ojs::counter',1,1,259,4,NULL),('usage_events_20160926.log',1048585,1,79,79,'20160926','201609',NULL,NULL,NULL,NULL,'ojs::counter',1,1,259,17,NULL),('usage_events_20160926.log',1048585,1,86,86,'20160926','201609',NULL,NULL,NULL,NULL,'ojs::counter',1,1,259,4,NULL),('usage_events_20160926.log',1048585,1,102,102,'20160926','201609',NULL,NULL,NULL,NULL,'ojs::counter',2,1,259,17,NULL),('usage_events_20160926.log',1048585,1,184,184,'20160926','201609',NULL,NULL,NULL,NULL,'ojs::counter',7,1,259,8,NULL),('usage_events_20160926.log',1048585,1,245,245,'20160926','201609',NULL,NULL,NULL,NULL,'ojs::counter',1,1,259,12,NULL),('usage_events_20160926.log',1048585,1,263,263,'20160926','201609',NULL,NULL,NULL,NULL,'ojs::counter',2,1,259,14,NULL),('usage_events_20160926.log',1048585,1,268,268,'20160926','201609',NULL,NULL,NULL,NULL,'ojs::counter',1,1,259,14,NULL),('usage_events_20160926.log',259,1,NULL,6,'20160926','201609',NULL,NULL,NULL,NULL,'ojs::counter',2,NULL,NULL,NULL,NULL),('usage_events_20160926.log',259,1,NULL,16,'20160926','201609',NULL,NULL,NULL,NULL,'ojs::counter',1,NULL,NULL,NULL,NULL),('usage_events_20160926.log',259,1,NULL,17,'20160926','201609',NULL,NULL,NULL,NULL,'ojs::counter',3,NULL,NULL,NULL,NULL),('usage_events_20160926.log',515,1,7,69,'20160926','201609',2,NULL,NULL,NULL,'ojs::counter',2,1,259,1,5),('usage_events_20160926.log',515,1,13,70,'20160926','201609',2,NULL,NULL,NULL,'ojs::counter',7,1,259,1,6),('usage_events_20160926.log',515,1,9,71,'20160926','201609',2,NULL,NULL,NULL,'ojs::counter',1,1,259,1,7),('usage_events_20160926.log',515,1,12,75,'20160926','201609',2,NULL,NULL,NULL,'ojs::counter',1,1,259,1,10),('usage_events_20160926.log',515,1,14,78,'20160926','201609',2,NULL,NULL,NULL,'ojs::counter',4,1,259,1,13),('usage_events_20160926.log',515,1,20,88,'20160926','201609',2,NULL,NULL,NULL,'ojs::counter',2,1,259,1,20),('usage_events_20160926.log',515,1,18,207,'20160926','201609',2,NULL,NULL,NULL,'ojs::counter',1,1,259,2,23),('usage_events_20160926.log',515,1,44,210,'20160926','201609',2,NULL,NULL,NULL,'ojs::counter',3,1,259,2,26),('usage_events_20160926.log',515,1,46,217,'20160926','201609',2,NULL,NULL,NULL,'ojs::counter',2,1,259,2,31),('usage_events_20160926.log',515,1,32,218,'20160926','201609',2,NULL,NULL,NULL,'ojs::counter',1,1,259,2,32),('usage_events_20160926.log',515,1,43,304,'20160926','201609',2,NULL,NULL,NULL,'ojs::counter',1,1,259,4,86),('usage_events_20160926.log',515,1,77,305,'20160926','201609',2,NULL,NULL,NULL,'ojs::counter',1,1,259,4,87),('usage_events_20160926.log',515,1,39,308,'20160926','201609',2,NULL,NULL,NULL,'ojs::counter',1,1,259,4,90),('usage_events_20160926.log',515,1,5,315,'20160926','201609',2,NULL,NULL,NULL,'ojs::counter',1,1,259,3,93),('usage_events_20160926.log',515,1,60,319,'20160926','201609',2,NULL,NULL,NULL,'ojs::counter',2,1,259,3,97),('usage_events_20160926.log',515,1,72,321,'20160926','201609',2,NULL,NULL,NULL,'ojs::counter',1,1,259,3,99),('usage_events_20160926.log',515,1,92,332,'20160926','201609',2,NULL,NULL,NULL,'ojs::counter',1,4,259,4,106),('usage_events_20160926.log',515,1,138,429,'20160926','201609',2,NULL,NULL,NULL,'ojs::counter',1,1,259,5,116),('usage_events_20160926.log',515,1,145,436,'20160926','201609',2,NULL,NULL,NULL,'ojs::counter',2,1,259,6,123),('usage_events_20160926.log',515,1,147,438,'20160926','201609',2,NULL,NULL,NULL,'ojs::counter',2,1,259,6,125),('usage_events_20160926.log',515,1,149,440,'20160926','201609',2,NULL,NULL,NULL,'ojs::counter',2,1,259,6,127),('usage_events_20160926.log',515,1,165,458,'20160926','201609',2,NULL,NULL,NULL,'ojs::counter',1,1,259,7,143),('usage_events_20160926.log',515,1,173,466,'20160926','201609',2,NULL,NULL,NULL,'ojs::counter',1,1,259,7,151),('usage_events_20160926.log',515,1,183,481,'20160926','201609',2,NULL,NULL,NULL,'ojs::counter',2,1,259,8,161),('usage_events_20160926.log',515,1,184,482,'20160926','201609',2,NULL,NULL,NULL,'ojs::counter',5,1,259,8,162),('usage_events_20160926.log',515,1,222,531,'20160926','201609',2,NULL,NULL,NULL,'ojs::counter',5,1,259,10,201),('usage_events_20160926.log',515,1,238,560,'20160926','201609',2,NULL,NULL,NULL,'ojs::counter',1,1,259,11,217),('usage_events_20160926.log',515,1,251,574,'20160926','201609',2,NULL,NULL,NULL,'ojs::counter',1,1,259,12,230),('usage_events_20160926.log',515,1,263,590,'20160926','201609',2,NULL,NULL,NULL,'ojs::counter',1,1,259,14,242),('usage_events_20160926.log',515,1,268,597,'20160926','201609',2,NULL,NULL,NULL,'ojs::counter',1,1,259,14,247),('usage_events_20160926.log',515,1,305,684,'20160926','201609',2,NULL,NULL,NULL,'ojs::counter',1,1,259,15,266),('usage_events_20160926.log',515,1,307,688,'20160926','201609',2,NULL,NULL,NULL,'ojs::counter',1,5,259,15,268),('usage_events_20160926.log',515,1,67,756,'20160926','201609',2,NULL,NULL,NULL,'ojs::counter',2,1,259,17,298),('usage_events_20160926.log',515,1,2,757,'20160926','201609',2,NULL,NULL,NULL,'ojs::counter',1,1,259,17,299),('usage_events_20160926.log',515,1,93,758,'20160926','201609',2,NULL,NULL,NULL,'ojs::counter',1,1,259,17,300),('usage_events_20160926.log',521,1,99,302,'20160926','201609',2,NULL,NULL,NULL,'ojs::counter',1,1,259,17,302),('usage_events_20160926.log',515,1,66,762,'20160926','201609',2,NULL,NULL,NULL,'ojs::counter',3,1,259,17,304),('usage_events_20160926.log',515,1,102,763,'20160926','201609',2,NULL,NULL,NULL,'ojs::counter',1,1,259,17,305),('usage_events_20160926.log',515,1,100,765,'20160926','201609',2,NULL,NULL,NULL,'ojs::counter',1,1,259,17,307),('usage_events_20160927.log',256,1,NULL,1,'20160927','201609',NULL,NULL,NULL,NULL,'ojs::counter',19,NULL,NULL,NULL,NULL),('usage_events_20160927.log',1048585,1,12,12,'20160927','201609',NULL,NULL,NULL,NULL,'ojs::counter',1,1,259,1,NULL),('usage_events_20160927.log',1048585,1,14,14,'20160927','201609',NULL,NULL,NULL,NULL,'ojs::counter',3,1,259,1,NULL),('usage_events_20160927.log',1048585,1,16,16,'20160927','201609',NULL,NULL,NULL,NULL,'ojs::counter',1,1,259,1,NULL),('usage_events_20160927.log',1048585,1,17,17,'20160927','201609',NULL,NULL,NULL,NULL,'ojs::counter',1,1,259,1,NULL),('usage_events_20160927.log',1048585,1,30,30,'20160927','201609',NULL,NULL,NULL,NULL,'ojs::counter',1,1,259,3,NULL),('usage_events_20160927.log',1048585,1,32,32,'20160927','201609',NULL,NULL,NULL,NULL,'ojs::counter',1,1,259,2,NULL),('usage_events_20160927.log',1048585,1,36,36,'20160927','201609',NULL,NULL,NULL,NULL,'ojs::counter',1,1,259,2,NULL),('usage_events_20160927.log',1048585,1,40,40,'20160927','201609',NULL,NULL,NULL,NULL,'ojs::counter',1,1,259,4,NULL),('usage_events_20160927.log',1048585,1,43,43,'20160927','201609',NULL,NULL,NULL,NULL,'ojs::counter',1,1,259,4,NULL),('usage_events_20160927.log',1048585,1,44,44,'20160927','201609',NULL,NULL,NULL,NULL,'ojs::counter',2,1,259,2,NULL),('usage_events_20160927.log',1048585,1,45,45,'20160927','201609',NULL,NULL,NULL,NULL,'ojs::counter',1,1,259,3,NULL),('usage_events_20160927.log',1048585,1,49,49,'20160927','201609',NULL,NULL,NULL,NULL,'ojs::counter',1,1,259,3,NULL),('usage_events_20160927.log',1048585,1,69,69,'20160927','201609',NULL,NULL,NULL,NULL,'ojs::counter',1,1,259,3,NULL),('usage_events_20160927.log',1048585,1,75,75,'20160927','201609',NULL,NULL,NULL,NULL,'ojs::counter',2,1,259,17,NULL),('usage_events_20160927.log',1048585,1,77,77,'20160927','201609',NULL,NULL,NULL,NULL,'ojs::counter',1,1,259,4,NULL),('usage_events_20160927.log',1048585,1,79,79,'20160927','201609',NULL,NULL,NULL,NULL,'ojs::counter',2,1,259,17,NULL),('usage_events_20160927.log',1048585,1,87,87,'20160927','201609',NULL,NULL,NULL,NULL,'ojs::counter',1,1,259,3,NULL),('usage_events_20160927.log',1048585,1,94,94,'20160927','201609',NULL,NULL,NULL,NULL,'ojs::counter',2,1,259,4,NULL),('usage_events_20160927.log',1048585,1,225,225,'20160927','201609',NULL,NULL,NULL,NULL,'ojs::counter',1,1,259,10,NULL),('usage_events_20160927.log',1048585,1,263,263,'20160927','201609',NULL,NULL,NULL,NULL,'ojs::counter',1,1,259,14,NULL),('usage_events_20160927.log',1048585,1,269,269,'20160927','201609',NULL,NULL,NULL,NULL,'ojs::counter',1,1,259,14,NULL),('usage_events_20160927.log',515,1,6,68,'20160927','201609',2,NULL,NULL,NULL,'ojs::counter',1,1,259,1,4),('usage_events_20160927.log',515,1,13,70,'20160927','201609',2,NULL,NULL,NULL,'ojs::counter',4,1,259,1,6),('usage_events_20160927.log',515,1,20,88,'20160927','201609',2,NULL,NULL,NULL,'ojs::counter',2,1,259,1,20),('usage_events_20160927.log',515,1,35,208,'20160927','201609',2,NULL,NULL,NULL,'ojs::counter',1,1,259,2,24),('usage_events_20160927.log',515,1,44,210,'20160927','201609',2,NULL,NULL,NULL,'ojs::counter',6,1,259,2,26),('usage_events_20160927.log',515,1,33,213,'20160927','201609',2,NULL,NULL,NULL,'ojs::counter',1,1,259,2,27),('usage_events_20160927.log',515,1,40,292,'20160927','201609',2,NULL,NULL,NULL,'ojs::counter',2,1,259,4,74),('usage_events_20160927.log',515,1,76,296,'20160927','201609',2,NULL,NULL,NULL,'ojs::counter',1,1,259,4,78),('usage_events_20160927.log',515,1,43,304,'20160927','201609',2,NULL,NULL,NULL,'ojs::counter',1,1,259,4,86),('usage_events_20160927.log',515,1,49,317,'20160927','201609',2,NULL,NULL,NULL,'ojs::counter',1,1,259,3,95),('usage_events_20160927.log',515,1,73,322,'20160927','201609',2,NULL,NULL,NULL,'ojs::counter',1,1,259,3,100),('usage_events_20160927.log',515,1,87,327,'20160927','201609',2,NULL,NULL,NULL,'ojs::counter',1,1,259,3,105),('usage_events_20160927.log',515,1,92,332,'20160927','201609',2,NULL,NULL,NULL,'ojs::counter',1,4,259,4,106),('usage_events_20160927.log',515,1,137,428,'20160927','201609',2,NULL,NULL,NULL,'ojs::counter',2,1,259,5,115),('usage_events_20160927.log',515,1,173,466,'20160927','201609',2,NULL,NULL,NULL,'ojs::counter',1,1,259,7,151),('usage_events_20160927.log',515,1,222,531,'20160927','201609',2,NULL,NULL,NULL,'ojs::counter',4,1,259,10,201),('usage_events_20160927.log',515,1,230,540,'20160927','201609',2,NULL,NULL,NULL,'ojs::counter',3,1,259,11,209),('usage_events_20160927.log',515,1,244,566,'20160927','201609',2,NULL,NULL,NULL,'ojs::counter',1,1,259,12,223),('usage_events_20160927.log',515,1,263,590,'20160927','201609',2,NULL,NULL,NULL,'ojs::counter',1,1,259,14,242),('usage_events_20160927.log',515,1,299,678,'20160927','201609',2,NULL,NULL,NULL,'ojs::counter',2,1,259,15,260),('usage_events_20160927.log',515,1,305,684,'20160927','201609',2,NULL,NULL,NULL,'ojs::counter',1,1,259,15,266),('usage_events_20160927.log',515,1,306,685,'20160927','201609',2,NULL,NULL,NULL,'ojs::counter',1,1,259,15,267),('usage_events_20160927.log',515,1,75,759,'20160927','201609',2,NULL,NULL,NULL,'ojs::counter',1,1,259,17,301),('usage_events_20160927.log',515,1,79,761,'20160927','201609',2,NULL,NULL,NULL,'ojs::counter',2,1,259,17,303),('usage_events_20160928.log',256,1,NULL,1,'20160928','201609',NULL,NULL,NULL,NULL,'ojs::counter',36,NULL,NULL,NULL,NULL),('usage_events_20160928.log',1048585,1,2,2,'20160928','201609',NULL,NULL,NULL,NULL,'ojs::counter',1,1,259,17,NULL),('usage_events_20160928.log',1048585,1,10,10,'20160928','201609',NULL,NULL,NULL,NULL,'ojs::counter',2,1,259,3,NULL),('usage_events_20160928.log',1048585,1,14,14,'20160928','201609',NULL,NULL,NULL,NULL,'ojs::counter',6,1,259,1,NULL),('usage_events_20160928.log',1048585,1,20,20,'20160928','201609',NULL,NULL,NULL,NULL,'ojs::counter',12,1,259,1,NULL),('usage_events_20160928.log',1048585,1,30,30,'20160928','201609',NULL,NULL,NULL,NULL,'ojs::counter',1,1,259,3,NULL),('usage_events_20160928.log',1048585,1,40,40,'20160928','201609',NULL,NULL,NULL,NULL,'ojs::counter',2,1,259,4,NULL),('usage_events_20160928.log',1048585,1,43,43,'20160928','201609',NULL,NULL,NULL,NULL,'ojs::counter',2,1,259,4,NULL),('usage_events_20160928.log',1048585,1,59,59,'20160928','201609',NULL,NULL,NULL,NULL,'ojs::counter',2,1,259,3,NULL),('usage_events_20160928.log',1048585,1,69,69,'20160928','201609',NULL,NULL,NULL,NULL,'ojs::counter',2,1,259,3,NULL),('usage_events_20160928.log',1048585,1,75,75,'20160928','201609',NULL,NULL,NULL,NULL,'ojs::counter',1,1,259,17,NULL),('usage_events_20160928.log',1048585,1,79,79,'20160928','201609',NULL,NULL,NULL,NULL,'ojs::counter',1,1,259,17,NULL),('usage_events_20160928.log',1048585,1,93,93,'20160928','201609',NULL,NULL,NULL,NULL,'ojs::counter',1,1,259,17,NULL),('usage_events_20160928.log',1048585,1,96,96,'20160928','201609',NULL,NULL,NULL,NULL,'ojs::counter',1,1,259,4,NULL),('usage_events_20160928.log',1048585,1,99,99,'20160928','201609',NULL,NULL,NULL,NULL,'ojs::counter',2,1,259,17,NULL),('usage_events_20160928.log',1048585,1,139,139,'20160928','201609',NULL,NULL,NULL,NULL,'ojs::counter',1,1,259,5,NULL),('usage_events_20160928.log',1048585,1,184,184,'20160928','201609',NULL,NULL,NULL,NULL,'ojs::counter',1,1,259,8,NULL),('usage_events_20160928.log',1048585,1,203,203,'20160928','201609',NULL,NULL,NULL,NULL,'ojs::counter',2,1,259,9,NULL),('usage_events_20160928.log',1048585,1,263,263,'20160928','201609',NULL,NULL,NULL,NULL,'ojs::counter',1,1,259,14,NULL),('usage_events_20160928.log',259,1,NULL,1,'20160928','201609',NULL,NULL,NULL,NULL,'ojs::counter',1,NULL,NULL,NULL,NULL),('usage_events_20160928.log',259,1,NULL,2,'20160928','201609',NULL,NULL,NULL,NULL,'ojs::counter',1,NULL,NULL,NULL,NULL),('usage_events_20160928.log',259,1,NULL,3,'20160928','201609',NULL,NULL,NULL,NULL,'ojs::counter',2,NULL,NULL,NULL,NULL),('usage_events_20160928.log',259,1,NULL,4,'20160928','201609',NULL,NULL,NULL,NULL,'ojs::counter',1,NULL,NULL,NULL,NULL),('usage_events_20160928.log',259,1,NULL,5,'20160928','201609',NULL,NULL,NULL,NULL,'ojs::counter',1,NULL,NULL,NULL,NULL),('usage_events_20160928.log',259,1,NULL,12,'20160928','201609',NULL,NULL,NULL,NULL,'ojs::counter',1,NULL,NULL,NULL,NULL),('usage_events_20160928.log',259,1,NULL,13,'20160928','201609',NULL,NULL,NULL,NULL,'ojs::counter',1,NULL,NULL,NULL,NULL),('usage_events_20160928.log',259,1,NULL,14,'20160928','201609',NULL,NULL,NULL,NULL,'ojs::counter',1,NULL,NULL,NULL,NULL),('usage_events_20160928.log',259,1,NULL,17,'20160928','201609',NULL,NULL,NULL,NULL,'ojs::counter',5,NULL,NULL,NULL,NULL),('usage_events_20160928.log',515,1,6,68,'20160928','201609',2,NULL,NULL,NULL,'ojs::counter',2,1,259,1,4),('usage_events_20160928.log',515,1,13,70,'20160928','201609',2,NULL,NULL,NULL,'ojs::counter',3,1,259,1,6),('usage_events_20160928.log',515,1,14,78,'20160928','201609',2,NULL,NULL,NULL,'ojs::counter',5,1,259,1,13),('usage_events_20160928.log',515,1,20,88,'20160928','201609',2,NULL,NULL,NULL,'ojs::counter',2,1,259,1,20),('usage_events_20160928.log',515,1,8,206,'20160928','201609',2,NULL,NULL,NULL,'ojs::counter',1,1,259,2,22),('usage_events_20160928.log',515,1,29,209,'20160928','201609',2,NULL,NULL,NULL,'ojs::counter',1,1,259,2,25),('usage_events_20160928.log',515,1,40,292,'20160928','201609',2,NULL,NULL,NULL,'ojs::counter',4,1,259,4,74),('usage_events_20160928.log',515,1,76,296,'20160928','201609',2,NULL,NULL,NULL,'ojs::counter',1,1,259,4,78),('usage_events_20160928.log',515,1,43,304,'20160928','201609',2,NULL,NULL,NULL,'ojs::counter',4,1,259,4,86),('usage_events_20160928.log',515,1,5,315,'20160928','201609',2,NULL,NULL,NULL,'ojs::counter',1,1,259,3,93),('usage_events_20160928.log',515,1,49,317,'20160928','201609',2,NULL,NULL,NULL,'ojs::counter',1,1,259,3,95),('usage_events_20160928.log',515,1,59,318,'20160928','201609',2,NULL,NULL,NULL,'ojs::counter',2,1,259,3,96),('usage_events_20160928.log',515,1,145,436,'20160928','201609',2,NULL,NULL,NULL,'ojs::counter',1,1,259,6,123),('usage_events_20160928.log',515,1,150,441,'20160928','201609',2,NULL,NULL,NULL,'ojs::counter',1,1,259,6,128),('usage_events_20160928.log',515,1,179,477,'20160928','201609',2,NULL,NULL,NULL,'ojs::counter',1,1,259,8,157),('usage_events_20160928.log',515,1,184,482,'20160928','201609',2,NULL,NULL,NULL,'ojs::counter',2,1,259,8,162),('usage_events_20160928.log',515,1,199,504,'20160928','201609',2,NULL,NULL,NULL,'ojs::counter',1,1,259,9,178),('usage_events_20160928.log',515,1,203,508,'20160928','201609',2,NULL,NULL,NULL,'ojs::counter',1,1,259,9,182),('usage_events_20160928.log',515,1,222,531,'20160928','201609',2,NULL,NULL,NULL,'ojs::counter',3,1,259,10,201),('usage_events_20160928.log',515,1,299,678,'20160928','201609',2,NULL,NULL,NULL,'ojs::counter',2,1,259,15,260),('usage_events_20160928.log',515,1,310,691,'20160928','201609',2,NULL,NULL,NULL,'ojs::counter',1,1,259,16,271),('usage_events_20160928.log',515,1,313,694,'20160928','201609',2,NULL,NULL,NULL,'ojs::counter',1,1,259,16,274),('usage_events_20160928.log',515,1,317,699,'20160928','201609',2,NULL,NULL,NULL,'ojs::counter',1,1,259,16,278),('usage_events_20160928.log',515,1,320,702,'20160928','201609',2,NULL,NULL,NULL,'ojs::counter',1,1,259,16,281),('usage_events_20160928.log',515,1,321,704,'20160928','201609',2,NULL,NULL,NULL,'ojs::counter',1,1,259,16,282),('usage_events_20160928.log',515,1,34,755,'20160928','201609',2,NULL,NULL,NULL,'ojs::counter',1,1,259,17,297),('usage_events_20160928.log',515,1,2,757,'20160928','201609',2,NULL,NULL,NULL,'ojs::counter',2,1,259,17,299),('usage_events_20160928.log',515,1,93,758,'20160928','201609',2,NULL,NULL,NULL,'ojs::counter',1,1,259,17,300),('usage_events_20160928.log',521,1,99,302,'20160928','201609',2,NULL,NULL,NULL,'ojs::counter',2,1,259,17,302),('usage_events_20160928.log',515,1,61,766,'20160928','201609',2,NULL,NULL,NULL,'ojs::counter',1,3,259,17,308),('usage_events_20160929.log',256,1,NULL,1,'20160929','201609',NULL,NULL,NULL,NULL,'ojs::counter',51,NULL,NULL,NULL,NULL),('usage_events_20160929.log',1048585,1,5,5,'20160929','201609',NULL,NULL,NULL,NULL,'ojs::counter',2,1,259,3,NULL),('usage_events_20160929.log',1048585,1,20,20,'20160929','201609',NULL,NULL,NULL,NULL,'ojs::counter',2,1,259,1,NULL),('usage_events_20160929.log',1048585,1,34,34,'20160929','201609',NULL,NULL,NULL,NULL,'ojs::counter',2,1,259,17,NULL),('usage_events_20160929.log',1048585,1,39,39,'20160929','201609',NULL,NULL,NULL,NULL,'ojs::counter',2,1,259,4,NULL),('usage_events_20160929.log',1048585,1,43,43,'20160929','201609',NULL,NULL,NULL,NULL,'ojs::counter',3,1,259,4,NULL),('usage_events_20160929.log',1048585,1,44,44,'20160929','201609',NULL,NULL,NULL,NULL,'ojs::counter',3,1,259,2,NULL),('usage_events_20160929.log',1048585,1,45,45,'20160929','201609',NULL,NULL,NULL,NULL,'ojs::counter',2,1,259,3,NULL),('usage_events_20160929.log',1048585,1,48,48,'20160929','201609',NULL,NULL,NULL,NULL,'ojs::counter',1,1,259,2,NULL),('usage_events_20160929.log',1048585,1,49,49,'20160929','201609',NULL,NULL,NULL,NULL,'ojs::counter',1,1,259,3,NULL),('usage_events_20160929.log',1048585,1,53,53,'20160929','201609',NULL,NULL,NULL,NULL,'ojs::counter',3,1,259,4,NULL),('usage_events_20160929.log',1048585,1,59,59,'20160929','201609',NULL,NULL,NULL,NULL,'ojs::counter',3,1,259,3,NULL),('usage_events_20160929.log',1048585,1,60,60,'20160929','201609',NULL,NULL,NULL,NULL,'ojs::counter',3,1,259,3,NULL),('usage_events_20160929.log',1048585,1,61,61,'20160929','201609',NULL,NULL,NULL,NULL,'ojs::counter',2,3,259,17,NULL),('usage_events_20160929.log',1048585,1,67,67,'20160929','201609',NULL,NULL,NULL,NULL,'ojs::counter',1,1,259,17,NULL),('usage_events_20160929.log',1048585,1,69,69,'20160929','201609',NULL,NULL,NULL,NULL,'ojs::counter',1,1,259,3,NULL),('usage_events_20160929.log',1048585,1,75,75,'20160929','201609',NULL,NULL,NULL,NULL,'ojs::counter',1,1,259,17,NULL),('usage_events_20160929.log',1048585,1,78,78,'20160929','201609',NULL,NULL,NULL,NULL,'ojs::counter',1,1,259,4,NULL),('usage_events_20160929.log',1048585,1,79,79,'20160929','201609',NULL,NULL,NULL,NULL,'ojs::counter',5,1,259,17,NULL),('usage_events_20160929.log',1048585,1,93,93,'20160929','201609',NULL,NULL,NULL,NULL,'ojs::counter',1,1,259,17,NULL),('usage_events_20160929.log',1048585,1,100,100,'20160929','201609',NULL,NULL,NULL,NULL,'ojs::counter',2,1,259,17,NULL),('usage_events_20160929.log',1048585,1,102,102,'20160929','201609',NULL,NULL,NULL,NULL,'ojs::counter',2,1,259,17,NULL),('usage_events_20160929.log',1048585,1,184,184,'20160929','201609',NULL,NULL,NULL,NULL,'ojs::counter',2,1,259,8,NULL),('usage_events_20160929.log',1048585,1,228,228,'20160929','201609',NULL,NULL,NULL,NULL,'ojs::counter',1,1,259,10,NULL),('usage_events_20160929.log',1048585,1,263,263,'20160929','201609',NULL,NULL,NULL,NULL,'ojs::counter',1,1,259,14,NULL),('usage_events_20160929.log',259,1,NULL,1,'20160929','201609',NULL,NULL,NULL,NULL,'ojs::counter',2,NULL,NULL,NULL,NULL),('usage_events_20160929.log',259,1,NULL,3,'20160929','201609',NULL,NULL,NULL,NULL,'ojs::counter',2,NULL,NULL,NULL,NULL),('usage_events_20160929.log',259,1,NULL,14,'20160929','201609',NULL,NULL,NULL,NULL,'ojs::counter',1,NULL,NULL,NULL,NULL),('usage_events_20160929.log',259,1,NULL,17,'20160929','201609',NULL,NULL,NULL,NULL,'ojs::counter',5,NULL,NULL,NULL,NULL),('usage_events_20160929.log',515,1,6,68,'20160929','201609',2,NULL,NULL,NULL,'ojs::counter',2,1,259,1,4),('usage_events_20160929.log',515,1,7,69,'20160929','201609',2,NULL,NULL,NULL,'ojs::counter',1,1,259,1,5),('usage_events_20160929.log',515,1,13,70,'20160929','201609',2,NULL,NULL,NULL,'ojs::counter',1,1,259,1,6),('usage_events_20160929.log',515,1,12,75,'20160929','201609',2,NULL,NULL,NULL,'ojs::counter',1,1,259,1,10),('usage_events_20160929.log',515,1,20,88,'20160929','201609',2,NULL,NULL,NULL,'ojs::counter',1,1,259,1,20),('usage_events_20160929.log',515,1,8,206,'20160929','201609',2,NULL,NULL,NULL,'ojs::counter',1,1,259,2,22),('usage_events_20160929.log',515,1,18,207,'20160929','201609',2,NULL,NULL,NULL,'ojs::counter',1,1,259,2,23),('usage_events_20160929.log',515,1,35,208,'20160929','201609',2,NULL,NULL,NULL,'ojs::counter',1,1,259,2,24),('usage_events_20160929.log',515,1,44,210,'20160929','201609',2,NULL,NULL,NULL,'ojs::counter',5,1,259,2,26),('usage_events_20160929.log',515,1,27,224,'20160929','201609',2,NULL,NULL,NULL,'ojs::counter',1,1,259,2,34),('usage_events_20160929.log',515,1,40,292,'20160929','201609',2,NULL,NULL,NULL,'ojs::counter',1,1,259,4,74),('usage_events_20160929.log',515,1,53,298,'20160929','201609',2,NULL,NULL,NULL,'ojs::counter',2,1,259,4,80),('usage_events_20160929.log',515,1,94,299,'20160929','201609',2,NULL,NULL,NULL,'ojs::counter',2,1,259,4,81),('usage_events_20160929.log',515,1,43,304,'20160929','201609',2,NULL,NULL,NULL,'ojs::counter',1,1,259,4,86),('usage_events_20160929.log',515,1,5,315,'20160929','201609',2,NULL,NULL,NULL,'ojs::counter',1,1,259,3,93),('usage_events_20160929.log',515,1,60,319,'20160929','201609',2,NULL,NULL,NULL,'ojs::counter',1,1,259,3,97),('usage_events_20160929.log',515,1,69,320,'20160929','201609',2,NULL,NULL,NULL,'ojs::counter',1,1,259,3,98),('usage_events_20160929.log',515,1,73,322,'20160929','201609',2,NULL,NULL,NULL,'ojs::counter',1,1,259,3,100),('usage_events_20160929.log',515,1,45,325,'20160929','201609',2,NULL,NULL,NULL,'ojs::counter',2,1,259,3,103),('usage_events_20160929.log',515,1,86,359,'20160929','201609',2,NULL,NULL,NULL,'ojs::counter',1,1,259,4,108),('usage_events_20160929.log',515,1,133,424,'20160929','201609',2,NULL,NULL,NULL,'ojs::counter',1,1,259,5,111),('usage_events_20160929.log',515,1,139,430,'20160929','201609',2,NULL,NULL,NULL,'ojs::counter',1,1,259,5,117),('usage_events_20160929.log',515,1,142,433,'20160929','201609',2,NULL,NULL,NULL,'ojs::counter',1,1,259,6,120),('usage_events_20160929.log',515,1,147,438,'20160929','201609',2,NULL,NULL,NULL,'ojs::counter',2,1,259,6,125),('usage_events_20160929.log',515,1,183,481,'20160929','201609',2,NULL,NULL,NULL,'ojs::counter',2,1,259,8,161),('usage_events_20160929.log',515,1,184,482,'20160929','201609',2,NULL,NULL,NULL,'ojs::counter',1,1,259,8,162),('usage_events_20160929.log',515,1,222,531,'20160929','201609',2,NULL,NULL,NULL,'ojs::counter',4,1,259,10,201),('usage_events_20160929.log',515,1,321,704,'20160929','201609',2,NULL,NULL,NULL,'ojs::counter',1,1,259,16,282),('usage_events_20160929.log',515,1,34,755,'20160929','201609',2,NULL,NULL,NULL,'ojs::counter',1,1,259,17,297),('usage_events_20160929.log',515,1,67,756,'20160929','201609',2,NULL,NULL,NULL,'ojs::counter',1,1,259,17,298),('usage_events_20160929.log',515,1,93,758,'20160929','201609',2,NULL,NULL,NULL,'ojs::counter',1,1,259,17,300),('usage_events_20160929.log',515,1,102,763,'20160929','201609',2,NULL,NULL,NULL,'ojs::counter',3,1,259,17,305),('usage_events_20160930.log',256,1,NULL,1,'20160930','201609',NULL,NULL,NULL,NULL,'ojs::counter',30,NULL,NULL,NULL,NULL),('usage_events_20160930.log',1048585,1,2,2,'20160930','201609',NULL,NULL,NULL,NULL,'ojs::counter',1,1,259,17,NULL),('usage_events_20160930.log',1048585,1,18,18,'20160930','201609',NULL,NULL,NULL,NULL,'ojs::counter',1,1,259,2,NULL),('usage_events_20160930.log',1048585,1,20,20,'20160930','201609',NULL,NULL,NULL,NULL,'ojs::counter',1,1,259,1,NULL),('usage_events_20160930.log',1048585,1,34,34,'20160930','201609',NULL,NULL,NULL,NULL,'ojs::counter',41,1,259,17,NULL),('usage_events_20160930.log',1048585,1,39,39,'20160930','201609',NULL,NULL,NULL,NULL,'ojs::counter',1,1,259,4,NULL),('usage_events_20160930.log',1048585,1,40,40,'20160930','201609',NULL,NULL,NULL,NULL,'ojs::counter',1,1,259,4,NULL),('usage_events_20160930.log',1048585,1,43,43,'20160930','201609',NULL,NULL,NULL,NULL,'ojs::counter',1,1,259,4,NULL),('usage_events_20160930.log',1048585,1,44,44,'20160930','201609',NULL,NULL,NULL,NULL,'ojs::counter',3,1,259,2,NULL),('usage_events_20160930.log',1048585,1,45,45,'20160930','201609',NULL,NULL,NULL,NULL,'ojs::counter',1,1,259,3,NULL),('usage_events_20160930.log',1048585,1,48,48,'20160930','201609',NULL,NULL,NULL,NULL,'ojs::counter',1,1,259,2,NULL),('usage_events_20160930.log',1048585,1,67,67,'20160930','201609',NULL,NULL,NULL,NULL,'ojs::counter',1,1,259,17,NULL),('usage_events_20160930.log',1048585,1,69,69,'20160930','201609',NULL,NULL,NULL,NULL,'ojs::counter',1,1,259,3,NULL),('usage_events_20160930.log',1048585,1,73,73,'20160930','201609',NULL,NULL,NULL,NULL,'ojs::counter',1,1,259,3,NULL),('usage_events_20160930.log',1048585,1,75,75,'20160930','201609',NULL,NULL,NULL,NULL,'ojs::counter',2,1,259,17,NULL),('usage_events_20160930.log',1048585,1,78,78,'20160930','201609',NULL,NULL,NULL,NULL,'ojs::counter',1,1,259,4,NULL),('usage_events_20160930.log',1048585,1,79,79,'20160930','201609',NULL,NULL,NULL,NULL,'ojs::counter',1,1,259,17,NULL),('usage_events_20160930.log',1048585,1,87,87,'20160930','201609',NULL,NULL,NULL,NULL,'ojs::counter',1,1,259,3,NULL),('usage_events_20160930.log',1048585,1,90,90,'20160930','201609',NULL,NULL,NULL,NULL,'ojs::counter',1,1,259,4,NULL),('usage_events_20160930.log',1048585,1,210,210,'20160930','201609',NULL,NULL,NULL,NULL,'ojs::counter',1,5,259,9,NULL),('usage_events_20160930.log',259,1,NULL,14,'20160930','201609',NULL,NULL,NULL,NULL,'ojs::counter',1,NULL,NULL,NULL,NULL),('usage_events_20160930.log',259,1,NULL,17,'20160930','201609',NULL,NULL,NULL,NULL,'ojs::counter',2,NULL,NULL,NULL,NULL),('usage_events_20160930.log',515,1,13,70,'20160930','201609',2,NULL,NULL,NULL,'ojs::counter',3,1,259,1,6),('usage_events_20160930.log',515,1,19,84,'20160930','201609',2,NULL,NULL,NULL,'ojs::counter',1,3,259,1,19),('usage_events_20160930.log',515,1,20,88,'20160930','201609',2,NULL,NULL,NULL,'ojs::counter',1,1,259,1,20),('usage_events_20160930.log',515,1,18,207,'20160930','201609',2,NULL,NULL,NULL,'ojs::counter',1,1,259,2,23),('usage_events_20160930.log',515,1,44,210,'20160930','201609',2,NULL,NULL,NULL,'ojs::counter',1,1,259,2,26),('usage_events_20160930.log',515,1,26,215,'20160930','201609',2,NULL,NULL,NULL,'ojs::counter',1,1,259,2,29),('usage_events_20160930.log',515,1,76,296,'20160930','201609',2,NULL,NULL,NULL,'ojs::counter',2,1,259,4,78),('usage_events_20160930.log',515,1,49,317,'20160930','201609',2,NULL,NULL,NULL,'ojs::counter',1,1,259,3,95),('usage_events_20160930.log',515,1,59,318,'20160930','201609',2,NULL,NULL,NULL,'ojs::counter',1,1,259,3,96),('usage_events_20160930.log',515,1,78,326,'20160930','201609',2,NULL,NULL,NULL,'ojs::counter',1,1,259,4,104),('usage_events_20160930.log',515,1,86,359,'20160930','201609',2,NULL,NULL,NULL,'ojs::counter',1,1,259,4,108),('usage_events_20160930.log',515,1,141,432,'20160930','201609',2,NULL,NULL,NULL,'ojs::counter',1,1,259,6,119),('usage_events_20160930.log',515,1,153,444,'20160930','201609',2,NULL,NULL,NULL,'ojs::counter',1,1,259,6,131),('usage_events_20160930.log',515,1,165,458,'20160930','201609',2,NULL,NULL,NULL,'ojs::counter',1,1,259,7,143),('usage_events_20160930.log',515,1,173,466,'20160930','201609',2,NULL,NULL,NULL,'ojs::counter',1,1,259,7,151),('usage_events_20160930.log',515,1,193,496,'20160930','201609',2,NULL,NULL,NULL,'ojs::counter',1,5,259,8,171),('usage_events_20160930.log',515,1,212,517,'20160930','201609',2,NULL,NULL,NULL,'ojs::counter',4,1,259,10,191),('usage_events_20160930.log',515,1,222,531,'20160930','201609',2,NULL,NULL,NULL,'ojs::counter',1,1,259,10,201),('usage_events_20160930.log',515,1,242,564,'20160930','201609',2,NULL,NULL,NULL,'ojs::counter',1,1,259,12,221),('usage_events_20160930.log',515,1,299,678,'20160930','201609',2,NULL,NULL,NULL,'ojs::counter',1,1,259,15,260),('usage_events_20160930.log',515,1,313,694,'20160930','201609',2,NULL,NULL,NULL,'ojs::counter',1,1,259,16,274),('usage_events_20160930.log',515,1,316,698,'20160930','201609',2,NULL,NULL,NULL,'ojs::counter',4,1,259,16,277),('usage_events_20160930.log',515,1,34,755,'20160930','201609',2,NULL,NULL,NULL,'ojs::counter',2,1,259,17,297),('usage_events_20161001.log',256,1,NULL,1,'20161001','201610',NULL,NULL,NULL,NULL,'ojs::counter',36,NULL,NULL,NULL,NULL),('usage_events_20161001.log',1048585,1,7,7,'20161001','201610',NULL,NULL,NULL,NULL,'ojs::counter',1,1,259,1,NULL),('usage_events_20161001.log',1048585,1,29,29,'20161001','201610',NULL,NULL,NULL,NULL,'ojs::counter',1,1,259,2,NULL),('usage_events_20161001.log',1048585,1,30,30,'20161001','201610',NULL,NULL,NULL,NULL,'ojs::counter',2,1,259,3,NULL),('usage_events_20161001.log',1048585,1,33,33,'20161001','201610',NULL,NULL,NULL,NULL,'ojs::counter',1,1,259,2,NULL),('usage_events_20161001.log',1048585,1,34,34,'20161001','201610',NULL,NULL,NULL,NULL,'ojs::counter',83,1,259,17,NULL),('usage_events_20161001.log',1048585,1,46,46,'20161001','201610',NULL,NULL,NULL,NULL,'ojs::counter',1,1,259,2,NULL),('usage_events_20161001.log',1048585,1,49,49,'20161001','201610',NULL,NULL,NULL,NULL,'ojs::counter',1,1,259,3,NULL),('usage_events_20161001.log',1048585,1,79,79,'20161001','201610',NULL,NULL,NULL,NULL,'ojs::counter',2,1,259,17,NULL),('usage_events_20161001.log',1048585,1,224,224,'20161001','201610',NULL,NULL,NULL,NULL,'ojs::counter',1,1,259,10,NULL),('usage_events_20161001.log',259,1,NULL,14,'20161001','201610',NULL,NULL,NULL,NULL,'ojs::counter',1,NULL,NULL,NULL,NULL),('usage_events_20161001.log',259,1,NULL,17,'20161001','201610',NULL,NULL,NULL,NULL,'ojs::counter',1,NULL,NULL,NULL,NULL),('usage_events_20161001.log',515,1,6,68,'20161001','201610',2,NULL,NULL,NULL,'ojs::counter',1,1,259,1,4),('usage_events_20161001.log',515,1,7,69,'20161001','201610',2,NULL,NULL,NULL,'ojs::counter',1,1,259,1,5),('usage_events_20161001.log',515,1,13,70,'20161001','201610',2,NULL,NULL,NULL,'ojs::counter',1,1,259,1,6),('usage_events_20161001.log',515,1,14,78,'20161001','201610',2,NULL,NULL,NULL,'ojs::counter',1,1,259,1,13),('usage_events_20161001.log',515,1,44,210,'20161001','201610',2,NULL,NULL,NULL,'ojs::counter',4,1,259,2,26),('usage_events_20161001.log',515,1,26,215,'20161001','201610',2,NULL,NULL,NULL,'ojs::counter',1,1,259,2,29),('usage_events_20161001.log',515,1,43,304,'20161001','201610',2,NULL,NULL,NULL,'ojs::counter',1,1,259,4,86),('usage_events_20161001.log',515,1,49,317,'20161001','201610',2,NULL,NULL,NULL,'ojs::counter',1,1,259,3,95),('usage_events_20161001.log',515,1,59,318,'20161001','201610',2,NULL,NULL,NULL,'ojs::counter',1,1,259,3,96),('usage_events_20161001.log',515,1,92,332,'20161001','201610',2,NULL,NULL,NULL,'ojs::counter',1,4,259,4,106),('usage_events_20161001.log',515,1,86,359,'20161001','201610',2,NULL,NULL,NULL,'ojs::counter',1,1,259,4,108),('usage_events_20161001.log',515,1,137,428,'20161001','201610',2,NULL,NULL,NULL,'ojs::counter',1,1,259,5,115),('usage_events_20161001.log',515,1,187,485,'20161001','201610',2,NULL,NULL,NULL,'ojs::counter',1,1,259,8,165),('usage_events_20161001.log',515,1,227,537,'20161001','201610',2,NULL,NULL,NULL,'ojs::counter',1,1,259,10,206),('usage_events_20161001.log',515,1,305,684,'20161001','201610',2,NULL,NULL,NULL,'ojs::counter',3,1,259,15,266),('usage_events_20161001.log',515,1,321,704,'20161001','201610',2,NULL,NULL,NULL,'ojs::counter',4,1,259,16,282),('usage_events_20161001.log',515,1,34,755,'20161001','201610',2,NULL,NULL,NULL,'ojs::counter',8,1,259,17,297),('usage_events_20161002.log',256,1,NULL,1,'20161002','201610',NULL,NULL,NULL,NULL,'ojs::counter',199,NULL,NULL,NULL,NULL),('usage_events_20161002.log',1048585,1,34,34,'20161002','201610',NULL,NULL,NULL,NULL,'ojs::counter',29,1,259,17,NULL),('usage_events_20161002.log',1048585,1,39,39,'20161002','201610',NULL,NULL,NULL,NULL,'ojs::counter',1,1,259,4,NULL),('usage_events_20161002.log',1048585,1,40,40,'20161002','201610',NULL,NULL,NULL,NULL,'ojs::counter',1,1,259,4,NULL),('usage_events_20161002.log',1048585,1,43,43,'20161002','201610',NULL,NULL,NULL,NULL,'ojs::counter',2,1,259,4,NULL),('usage_events_20161002.log',1048585,1,44,44,'20161002','201610',NULL,NULL,NULL,NULL,'ojs::counter',3,1,259,2,NULL),('usage_events_20161002.log',1048585,1,48,48,'20161002','201610',NULL,NULL,NULL,NULL,'ojs::counter',3,1,259,2,NULL),('usage_events_20161002.log',1048585,1,49,49,'20161002','201610',NULL,NULL,NULL,NULL,'ojs::counter',1,1,259,3,NULL),('usage_events_20161002.log',1048585,1,75,75,'20161002','201610',NULL,NULL,NULL,NULL,'ojs::counter',1,1,259,17,NULL),('usage_events_20161002.log',1048585,1,77,77,'20161002','201610',NULL,NULL,NULL,NULL,'ojs::counter',2,1,259,4,NULL),('usage_events_20161002.log',1048585,1,78,78,'20161002','201610',NULL,NULL,NULL,NULL,'ojs::counter',1,1,259,4,NULL),('usage_events_20161002.log',1048585,1,79,79,'20161002','201610',NULL,NULL,NULL,NULL,'ojs::counter',2,1,259,17,NULL),('usage_events_20161002.log',1048585,1,170,170,'20161002','201610',NULL,NULL,NULL,NULL,'ojs::counter',1,1,259,7,NULL),('usage_events_20161002.log',1048585,1,184,184,'20161002','201610',NULL,NULL,NULL,NULL,'ojs::counter',1,1,259,8,NULL),('usage_events_20161002.log',259,1,NULL,14,'20161002','201610',NULL,NULL,NULL,NULL,'ojs::counter',1,NULL,NULL,NULL,NULL),('usage_events_20161002.log',259,1,NULL,17,'20161002','201610',NULL,NULL,NULL,NULL,'ojs::counter',1,NULL,NULL,NULL,NULL),('usage_events_20161002.log',515,1,13,70,'20161002','201610',2,NULL,NULL,NULL,'ojs::counter',1,1,259,1,6),('usage_events_20161002.log',515,1,16,83,'20161002','201610',2,NULL,NULL,NULL,'ojs::counter',1,1,259,1,18),('usage_events_20161002.log',515,1,19,84,'20161002','201610',2,NULL,NULL,NULL,'ojs::counter',1,3,259,1,19),('usage_events_20161002.log',515,1,33,213,'20161002','201610',2,NULL,NULL,NULL,'ojs::counter',1,1,259,2,27),('usage_events_20161002.log',515,1,26,215,'20161002','201610',2,NULL,NULL,NULL,'ojs::counter',1,1,259,2,29),('usage_events_20161002.log',515,1,48,216,'20161002','201610',2,NULL,NULL,NULL,'ojs::counter',1,1,259,2,30),('usage_events_20161002.log',515,1,46,217,'20161002','201610',2,NULL,NULL,NULL,'ojs::counter',1,1,259,2,31),('usage_events_20161002.log',515,1,40,292,'20161002','201610',2,NULL,NULL,NULL,'ojs::counter',1,1,259,4,74),('usage_events_20161002.log',515,1,76,296,'20161002','201610',2,NULL,NULL,NULL,'ojs::counter',1,1,259,4,78),('usage_events_20161002.log',515,1,43,304,'20161002','201610',2,NULL,NULL,NULL,'ojs::counter',1,1,259,4,86),('usage_events_20161002.log',515,1,77,305,'20161002','201610',2,NULL,NULL,NULL,'ojs::counter',1,1,259,4,87),('usage_events_20161002.log',515,1,5,315,'20161002','201610',2,NULL,NULL,NULL,'ojs::counter',1,1,259,3,93),('usage_events_20161002.log',515,1,59,318,'20161002','201610',2,NULL,NULL,NULL,'ojs::counter',1,1,259,3,96),('usage_events_20161002.log',515,1,78,326,'20161002','201610',2,NULL,NULL,NULL,'ojs::counter',1,1,259,4,104),('usage_events_20161002.log',515,1,87,327,'20161002','201610',2,NULL,NULL,NULL,'ojs::counter',2,1,259,3,105),('usage_events_20161002.log',515,1,169,462,'20161002','201610',2,NULL,NULL,NULL,'ojs::counter',1,1,259,7,147),('usage_events_20161002.log',515,1,170,463,'20161002','201610',2,NULL,NULL,NULL,'ojs::counter',2,1,259,7,148),('usage_events_20161002.log',515,1,173,466,'20161002','201610',2,NULL,NULL,NULL,'ojs::counter',1,1,259,7,151),('usage_events_20161002.log',515,1,178,475,'20161002','201610',2,NULL,NULL,NULL,'ojs::counter',1,1,259,8,156),('usage_events_20161002.log',515,1,180,478,'20161002','201610',2,NULL,NULL,NULL,'ojs::counter',1,1,259,8,158),('usage_events_20161002.log',515,1,182,480,'20161002','201610',2,NULL,NULL,NULL,'ojs::counter',1,1,259,8,160),('usage_events_20161002.log',515,1,212,517,'20161002','201610',2,NULL,NULL,NULL,'ojs::counter',1,1,259,10,191),('usage_events_20161002.log',515,1,226,536,'20161002','201610',2,NULL,NULL,NULL,'ojs::counter',1,1,259,10,205),('usage_events_20161002.log',515,1,227,537,'20161002','201610',2,NULL,NULL,NULL,'ojs::counter',1,1,259,10,206),('usage_events_20161002.log',515,1,244,566,'20161002','201610',2,NULL,NULL,NULL,'ojs::counter',1,1,259,12,223),('usage_events_20161002.log',515,1,251,574,'20161002','201610',2,NULL,NULL,NULL,'ojs::counter',1,1,259,12,230),('usage_events_20161002.log',515,1,301,680,'20161002','201610',2,NULL,NULL,NULL,'ojs::counter',1,1,259,15,262),('usage_events_20161002.log',515,1,316,698,'20161002','201610',2,NULL,NULL,NULL,'ojs::counter',1,1,259,16,277),('usage_events_20161002.log',515,1,317,699,'20161002','201610',2,NULL,NULL,NULL,'ojs::counter',1,1,259,16,278),('usage_events_20161002.log',515,1,34,755,'20161002','201610',2,NULL,NULL,NULL,'ojs::counter',3,1,259,17,297),('usage_events_20161002.log',515,1,100,765,'20161002','201610',2,NULL,NULL,NULL,'ojs::counter',2,1,259,17,307),('usage_events_20161003.log',256,1,NULL,1,'20161003','201610',NULL,NULL,NULL,NULL,'ojs::counter',344,NULL,NULL,NULL,NULL),('usage_events_20161003.log',1048585,1,2,2,'20161003','201610',NULL,NULL,NULL,NULL,'ojs::counter',2,1,259,17,NULL),('usage_events_20161003.log',1048585,1,7,7,'20161003','201610',NULL,NULL,NULL,NULL,'ojs::counter',1,1,259,1,NULL),('usage_events_20161003.log',1048585,1,9,9,'20161003','201610',NULL,NULL,NULL,NULL,'ojs::counter',1,1,259,1,NULL),('usage_events_20161003.log',1048585,1,10,10,'20161003','201610',NULL,NULL,NULL,NULL,'ojs::counter',1,1,259,3,NULL),('usage_events_20161003.log',1048585,1,27,27,'20161003','201610',NULL,NULL,NULL,NULL,'ojs::counter',1,1,259,2,NULL),('usage_events_20161003.log',1048585,1,34,34,'20161003','201610',NULL,NULL,NULL,NULL,'ojs::counter',5,1,259,17,NULL),('usage_events_20161003.log',1048585,1,40,40,'20161003','201610',NULL,NULL,NULL,NULL,'ojs::counter',1,1,259,4,NULL),('usage_events_20161003.log',1048585,1,43,43,'20161003','201610',NULL,NULL,NULL,NULL,'ojs::counter',3,1,259,4,NULL),('usage_events_20161003.log',1048585,1,44,44,'20161003','201610',NULL,NULL,NULL,NULL,'ojs::counter',1,1,259,2,NULL),('usage_events_20161003.log',1048585,1,59,59,'20161003','201610',NULL,NULL,NULL,NULL,'ojs::counter',1,1,259,3,NULL),('usage_events_20161003.log',1048585,1,60,60,'20161003','201610',NULL,NULL,NULL,NULL,'ojs::counter',3,1,259,3,NULL),('usage_events_20161003.log',1048585,1,67,67,'20161003','201610',NULL,NULL,NULL,NULL,'ojs::counter',4,1,259,17,NULL),('usage_events_20161003.log',1048585,1,69,69,'20161003','201610',NULL,NULL,NULL,NULL,'ojs::counter',2,1,259,3,NULL),('usage_events_20161003.log',1048585,1,75,75,'20161003','201610',NULL,NULL,NULL,NULL,'ojs::counter',3,1,259,17,NULL),('usage_events_20161003.log',1048585,1,94,94,'20161003','201610',NULL,NULL,NULL,NULL,'ojs::counter',1,1,259,4,NULL),('usage_events_20161003.log',1048585,1,99,99,'20161003','201610',NULL,NULL,NULL,NULL,'ojs::counter',1,1,259,17,NULL),('usage_events_20161003.log',1048585,1,125,125,'20161003','201610',NULL,NULL,NULL,NULL,'ojs::counter',1,1,259,17,NULL),('usage_events_20161003.log',1048585,1,148,148,'20161003','201610',NULL,NULL,NULL,NULL,'ojs::counter',1,1,259,6,NULL),('usage_events_20161003.log',1048585,1,169,169,'20161003','201610',NULL,NULL,NULL,NULL,'ojs::counter',1,1,259,7,NULL),('usage_events_20161003.log',1048585,1,184,184,'20161003','201610',NULL,NULL,NULL,NULL,'ojs::counter',3,1,259,8,NULL),('usage_events_20161003.log',1048585,1,185,185,'20161003','201610',NULL,NULL,NULL,NULL,'ojs::counter',2,1,259,8,NULL),('usage_events_20161003.log',1048585,1,224,224,'20161003','201610',NULL,NULL,NULL,NULL,'ojs::counter',1,1,259,10,NULL),('usage_events_20161003.log',1048585,1,245,245,'20161003','201610',NULL,NULL,NULL,NULL,'ojs::counter',1,1,259,12,NULL),('usage_events_20161003.log',1048585,1,263,263,'20161003','201610',NULL,NULL,NULL,NULL,'ojs::counter',1,1,259,14,NULL),('usage_events_20161003.log',1048585,1,264,264,'20161003','201610',NULL,NULL,NULL,NULL,'ojs::counter',1,1,259,14,NULL),('usage_events_20161003.log',259,1,NULL,1,'20161003','201610',NULL,NULL,NULL,NULL,'ojs::counter',1,NULL,NULL,NULL,NULL),('usage_events_20161003.log',259,1,NULL,2,'20161003','201610',NULL,NULL,NULL,NULL,'ojs::counter',1,NULL,NULL,NULL,NULL),('usage_events_20161003.log',259,1,NULL,3,'20161003','201610',NULL,NULL,NULL,NULL,'ojs::counter',1,NULL,NULL,NULL,NULL),('usage_events_20161003.log',259,1,NULL,4,'20161003','201610',NULL,NULL,NULL,NULL,'ojs::counter',1,NULL,NULL,NULL,NULL),('usage_events_20161003.log',259,1,NULL,14,'20161003','201610',NULL,NULL,NULL,NULL,'ojs::counter',1,NULL,NULL,NULL,NULL),('usage_events_20161003.log',259,1,NULL,17,'20161003','201610',NULL,NULL,NULL,NULL,'ojs::counter',2,NULL,NULL,NULL,NULL),('usage_events_20161003.log',515,1,13,70,'20161003','201610',2,NULL,NULL,NULL,'ojs::counter',6,1,259,1,6),('usage_events_20161003.log',515,1,9,71,'20161003','201610',2,NULL,NULL,NULL,'ojs::counter',1,1,259,1,7),('usage_events_20161003.log',515,1,20,88,'20161003','201610',2,NULL,NULL,NULL,'ojs::counter',1,1,259,1,20),('usage_events_20161003.log',515,1,35,208,'20161003','201610',2,NULL,NULL,NULL,'ojs::counter',2,1,259,2,24),('usage_events_20161003.log',515,1,48,216,'20161003','201610',2,NULL,NULL,NULL,'ojs::counter',1,1,259,2,30),('usage_events_20161003.log',515,1,40,292,'20161003','201610',2,NULL,NULL,NULL,'ojs::counter',1,1,259,4,74),('usage_events_20161003.log',515,1,53,298,'20161003','201610',2,NULL,NULL,NULL,'ojs::counter',1,1,259,4,80),('usage_events_20161003.log',515,1,43,304,'20161003','201610',2,NULL,NULL,NULL,'ojs::counter',1,1,259,4,86),('usage_events_20161003.log',515,1,59,318,'20161003','201610',2,NULL,NULL,NULL,'ojs::counter',1,1,259,3,96),('usage_events_20161003.log',515,1,60,319,'20161003','201610',2,NULL,NULL,NULL,'ojs::counter',2,1,259,3,97),('usage_events_20161003.log',515,1,148,439,'20161003','201610',2,NULL,NULL,NULL,'ojs::counter',1,1,259,6,126),('usage_events_20161003.log',515,1,172,465,'20161003','201610',2,NULL,NULL,NULL,'ojs::counter',1,1,259,7,150),('usage_events_20161003.log',515,1,178,475,'20161003','201610',2,NULL,NULL,NULL,'ojs::counter',1,1,259,8,156),('usage_events_20161003.log',515,1,183,481,'20161003','201610',2,NULL,NULL,NULL,'ojs::counter',1,1,259,8,161),('usage_events_20161003.log',515,1,184,482,'20161003','201610',2,NULL,NULL,NULL,'ojs::counter',2,1,259,8,162),('usage_events_20161003.log',515,1,185,483,'20161003','201610',2,NULL,NULL,NULL,'ojs::counter',1,1,259,8,163),('usage_events_20161003.log',515,1,222,531,'20161003','201610',2,NULL,NULL,NULL,'ojs::counter',1,1,259,10,201),('usage_events_20161003.log',515,1,223,532,'20161003','201610',2,NULL,NULL,NULL,'ojs::counter',1,1,259,10,202),('usage_events_20161003.log',515,1,226,536,'20161003','201610',2,NULL,NULL,NULL,'ojs::counter',2,1,259,10,205),('usage_events_20161003.log',515,1,232,543,'20161003','201610',2,NULL,NULL,NULL,'ojs::counter',1,1,259,11,211),('usage_events_20161003.log',515,1,252,575,'20161003','201610',2,NULL,NULL,NULL,'ojs::counter',1,1,259,12,231),('usage_events_20161003.log',515,1,263,590,'20161003','201610',2,NULL,NULL,NULL,'ojs::counter',1,1,259,14,242),('usage_events_20161003.log',515,1,10,632,'20161003','201610',2,NULL,NULL,NULL,'ojs::counter',1,1,259,3,254),('usage_events_20161003.log',515,1,307,688,'20161003','201610',2,NULL,NULL,NULL,'ojs::counter',1,5,259,15,268),('usage_events_20161003.log',515,1,34,755,'20161003','201610',2,NULL,NULL,NULL,'ojs::counter',3,1,259,17,297),('usage_events_20161003.log',515,1,67,756,'20161003','201610',2,NULL,NULL,NULL,'ojs::counter',1,1,259,17,298),('usage_events_20161003.log',515,1,2,757,'20161003','201610',2,NULL,NULL,NULL,'ojs::counter',2,1,259,17,299),('usage_events_20161003.log',515,1,75,759,'20161003','201610',2,NULL,NULL,NULL,'ojs::counter',2,1,259,17,301),('usage_events_20161003.log',515,1,125,764,'20161003','201610',2,NULL,NULL,NULL,'ojs::counter',3,1,259,17,306),('usage_events_20161004.log',256,1,NULL,1,'20161004','201610',NULL,NULL,NULL,NULL,'ojs::counter',374,NULL,NULL,NULL,NULL),('usage_events_20161004.log',1048585,1,12,12,'20161004','201610',NULL,NULL,NULL,NULL,'ojs::counter',1,1,259,1,NULL),('usage_events_20161004.log',1048585,1,14,14,'20161004','201610',NULL,NULL,NULL,NULL,'ojs::counter',1,1,259,1,NULL),('usage_events_20161004.log',1048585,1,16,16,'20161004','201610',NULL,NULL,NULL,NULL,'ojs::counter',1,1,259,1,NULL),('usage_events_20161004.log',1048585,1,17,17,'20161004','201610',NULL,NULL,NULL,NULL,'ojs::counter',1,1,259,1,NULL),('usage_events_20161004.log',1048585,1,20,20,'20161004','201610',NULL,NULL,NULL,NULL,'ojs::counter',1,1,259,1,NULL),('usage_events_20161004.log',1048585,1,26,26,'20161004','201610',NULL,NULL,NULL,NULL,'ojs::counter',1,1,259,2,NULL),('usage_events_20161004.log',1048585,1,30,30,'20161004','201610',NULL,NULL,NULL,NULL,'ojs::counter',2,1,259,3,NULL),('usage_events_20161004.log',1048585,1,34,34,'20161004','201610',NULL,NULL,NULL,NULL,'ojs::counter',8,1,259,17,NULL),('usage_events_20161004.log',1048585,1,36,36,'20161004','201610',NULL,NULL,NULL,NULL,'ojs::counter',2,1,259,2,NULL),('usage_events_20161004.log',1048585,1,43,43,'20161004','201610',NULL,NULL,NULL,NULL,'ojs::counter',2,1,259,4,NULL),('usage_events_20161004.log',1048585,1,44,44,'20161004','201610',NULL,NULL,NULL,NULL,'ojs::counter',1,1,259,2,NULL),('usage_events_20161004.log',1048585,1,45,45,'20161004','201610',NULL,NULL,NULL,NULL,'ojs::counter',1,1,259,3,NULL),('usage_events_20161004.log',1048585,1,59,59,'20161004','201610',NULL,NULL,NULL,NULL,'ojs::counter',2,1,259,3,NULL),('usage_events_20161004.log',1048585,1,65,65,'20161004','201610',NULL,NULL,NULL,NULL,'ojs::counter',1,1,259,4,NULL),('usage_events_20161004.log',1048585,1,73,73,'20161004','201610',NULL,NULL,NULL,NULL,'ojs::counter',1,1,259,3,NULL),('usage_events_20161004.log',1048585,1,75,75,'20161004','201610',NULL,NULL,NULL,NULL,'ojs::counter',3,1,259,17,NULL),('usage_events_20161004.log',1048585,1,76,76,'20161004','201610',NULL,NULL,NULL,NULL,'ojs::counter',1,1,259,4,NULL),('usage_events_20161004.log',1048585,1,78,78,'20161004','201610',NULL,NULL,NULL,NULL,'ojs::counter',1,1,259,4,NULL),('usage_events_20161004.log',1048585,1,79,79,'20161004','201610',NULL,NULL,NULL,NULL,'ojs::counter',2,1,259,17,NULL),('usage_events_20161004.log',1048585,1,92,92,'20161004','201610',NULL,NULL,NULL,NULL,'ojs::counter',3,4,259,4,NULL),('usage_events_20161004.log',1048585,1,93,93,'20161004','201610',NULL,NULL,NULL,NULL,'ojs::counter',3,1,259,17,NULL),('usage_events_20161004.log',1048585,1,94,94,'20161004','201610',NULL,NULL,NULL,NULL,'ojs::counter',1,1,259,4,NULL),('usage_events_20161004.log',1048585,1,99,99,'20161004','201610',NULL,NULL,NULL,NULL,'ojs::counter',3,1,259,17,NULL),('usage_events_20161004.log',1048585,1,100,100,'20161004','201610',NULL,NULL,NULL,NULL,'ojs::counter',1,1,259,17,NULL),('usage_events_20161004.log',1048585,1,184,184,'20161004','201610',NULL,NULL,NULL,NULL,'ojs::counter',1,1,259,8,NULL),('usage_events_20161004.log',1048585,1,225,225,'20161004','201610',NULL,NULL,NULL,NULL,'ojs::counter',1,1,259,10,NULL),('usage_events_20161004.log',1048585,1,262,262,'20161004','201610',NULL,NULL,NULL,NULL,'ojs::counter',2,1,259,13,NULL),('usage_events_20161004.log',1048585,1,263,263,'20161004','201610',NULL,NULL,NULL,NULL,'ojs::counter',1,1,259,14,NULL),('usage_events_20161004.log',259,1,NULL,2,'20161004','201610',NULL,NULL,NULL,NULL,'ojs::counter',1,NULL,NULL,NULL,NULL),('usage_events_20161004.log',259,1,NULL,7,'20161004','201610',NULL,NULL,NULL,NULL,'ojs::counter',1,NULL,NULL,NULL,NULL),('usage_events_20161004.log',259,1,NULL,12,'20161004','201610',NULL,NULL,NULL,NULL,'ojs::counter',1,NULL,NULL,NULL,NULL),('usage_events_20161004.log',259,1,NULL,13,'20161004','201610',NULL,NULL,NULL,NULL,'ojs::counter',2,NULL,NULL,NULL,NULL),('usage_events_20161004.log',259,1,NULL,14,'20161004','201610',NULL,NULL,NULL,NULL,'ojs::counter',1,NULL,NULL,NULL,NULL),('usage_events_20161004.log',259,1,NULL,17,'20161004','201610',NULL,NULL,NULL,NULL,'ojs::counter',4,NULL,NULL,NULL,NULL),('usage_events_20161004.log',515,1,13,70,'20161004','201610',2,NULL,NULL,NULL,'ojs::counter',10,1,259,1,6),('usage_events_20161004.log',515,1,11,76,'20161004','201610',2,NULL,NULL,NULL,'ojs::counter',1,1,259,1,11),('usage_events_20161004.log',515,1,19,84,'20161004','201610',2,NULL,NULL,NULL,'ojs::counter',1,3,259,1,19),('usage_events_20161004.log',515,1,20,88,'20161004','201610',2,NULL,NULL,NULL,'ojs::counter',3,1,259,1,20),('usage_events_20161004.log',515,1,35,208,'20161004','201610',2,NULL,NULL,NULL,'ojs::counter',1,1,259,2,24),('usage_events_20161004.log',515,1,29,209,'20161004','201610',2,NULL,NULL,NULL,'ojs::counter',1,1,259,2,25),('usage_events_20161004.log',515,1,44,210,'20161004','201610',2,NULL,NULL,NULL,'ojs::counter',1,1,259,2,26),('usage_events_20161004.log',515,1,36,214,'20161004','201610',2,NULL,NULL,NULL,'ojs::counter',1,1,259,2,28),('usage_events_20161004.log',515,1,46,217,'20161004','201610',2,NULL,NULL,NULL,'ojs::counter',1,1,259,2,31),('usage_events_20161004.log',515,1,27,224,'20161004','201610',2,NULL,NULL,NULL,'ojs::counter',1,1,259,2,34),('usage_events_20161004.log',515,1,94,299,'20161004','201610',2,NULL,NULL,NULL,'ojs::counter',2,1,259,4,81),('usage_events_20161004.log',515,1,43,304,'20161004','201610',2,NULL,NULL,NULL,'ojs::counter',2,1,259,4,86),('usage_events_20161004.log',515,1,42,310,'20161004','201610',2,NULL,NULL,NULL,'ojs::counter',1,1,259,4,92),('usage_events_20161004.log',515,1,60,319,'20161004','201610',2,NULL,NULL,NULL,'ojs::counter',3,1,259,3,97),('usage_events_20161004.log',515,1,92,332,'20161004','201610',2,NULL,NULL,NULL,'ojs::counter',2,4,259,4,106),('usage_events_20161004.log',515,1,137,428,'20161004','201610',2,NULL,NULL,NULL,'ojs::counter',1,1,259,5,115),('usage_events_20161004.log',515,1,141,432,'20161004','201610',2,NULL,NULL,NULL,'ojs::counter',2,1,259,6,119),('usage_events_20161004.log',515,1,150,441,'20161004','201610',2,NULL,NULL,NULL,'ojs::counter',1,1,259,6,128),('usage_events_20161004.log',515,1,162,453,'20161004','201610',2,NULL,NULL,NULL,'ojs::counter',1,1,259,7,140),('usage_events_20161004.log',515,1,166,459,'20161004','201610',2,NULL,NULL,NULL,'ojs::counter',1,1,259,7,144),('usage_events_20161004.log',515,1,183,481,'20161004','201610',2,NULL,NULL,NULL,'ojs::counter',2,1,259,8,161),('usage_events_20161004.log',515,1,213,518,'20161004','201610',2,NULL,NULL,NULL,'ojs::counter',1,1,259,10,192),('usage_events_20161004.log',515,1,214,519,'20161004','201610',2,NULL,NULL,NULL,'ojs::counter',1,1,259,10,193),('usage_events_20161004.log',515,1,222,531,'20161004','201610',2,NULL,NULL,NULL,'ojs::counter',2,1,259,10,201),('usage_events_20161004.log',515,1,226,536,'20161004','201610',2,NULL,NULL,NULL,'ojs::counter',1,1,259,10,205),('usage_events_20161004.log',515,1,262,587,'20161004','201610',2,NULL,NULL,NULL,'ojs::counter',1,1,259,13,241),('usage_events_20161004.log',515,1,299,678,'20161004','201610',2,NULL,NULL,NULL,'ojs::counter',1,1,259,15,260),('usage_events_20161004.log',515,1,307,688,'20161004','201610',2,NULL,NULL,NULL,'ojs::counter',1,5,259,15,268),('usage_events_20161004.log',515,1,311,692,'20161004','201610',2,NULL,NULL,NULL,'ojs::counter',1,1,259,16,272),('usage_events_20161004.log',515,1,34,755,'20161004','201610',2,NULL,NULL,NULL,'ojs::counter',4,1,259,17,297),('usage_events_20161004.log',515,1,67,756,'20161004','201610',2,NULL,NULL,NULL,'ojs::counter',1,1,259,17,298),('usage_events_20161004.log',515,1,2,757,'20161004','201610',2,NULL,NULL,NULL,'ojs::counter',1,1,259,17,299),('usage_events_20161004.log',521,1,99,302,'20161004','201610',2,NULL,NULL,NULL,'ojs::counter',1,1,259,17,302),('usage_events_20161004.log',515,1,79,761,'20161004','201610',2,NULL,NULL,NULL,'ojs::counter',3,1,259,17,303),('usage_events_20161005.log',256,1,NULL,1,'20161005','201610',NULL,NULL,NULL,NULL,'ojs::counter',311,NULL,NULL,NULL,NULL),('usage_events_20161005.log',1048585,1,2,2,'20161005','201610',NULL,NULL,NULL,NULL,'ojs::counter',2,1,259,17,NULL),('usage_events_20161005.log',1048585,1,6,6,'20161005','201610',NULL,NULL,NULL,NULL,'ojs::counter',6,1,259,1,NULL),('usage_events_20161005.log',1048585,1,7,7,'20161005','201610',NULL,NULL,NULL,NULL,'ojs::counter',2,1,259,1,NULL),('usage_events_20161005.log',1048585,1,11,11,'20161005','201610',NULL,NULL,NULL,NULL,'ojs::counter',2,1,259,1,NULL),('usage_events_20161005.log',1048585,1,29,29,'20161005','201610',NULL,NULL,NULL,NULL,'ojs::counter',1,1,259,2,NULL),('usage_events_20161005.log',1048585,1,32,32,'20161005','201610',NULL,NULL,NULL,NULL,'ojs::counter',2,1,259,2,NULL),('usage_events_20161005.log',1048585,1,33,33,'20161005','201610',NULL,NULL,NULL,NULL,'ojs::counter',2,1,259,2,NULL),('usage_events_20161005.log',1048585,1,34,34,'20161005','201610',NULL,NULL,NULL,NULL,'ojs::counter',3,1,259,17,NULL),('usage_events_20161005.log',1048585,1,35,35,'20161005','201610',NULL,NULL,NULL,NULL,'ojs::counter',3,1,259,2,NULL),('usage_events_20161005.log',1048585,1,43,43,'20161005','201610',NULL,NULL,NULL,NULL,'ojs::counter',2,1,259,4,NULL),('usage_events_20161005.log',1048585,1,44,44,'20161005','201610',NULL,NULL,NULL,NULL,'ojs::counter',2,1,259,2,NULL),('usage_events_20161005.log',1048585,1,45,45,'20161005','201610',NULL,NULL,NULL,NULL,'ojs::counter',1,1,259,3,NULL),('usage_events_20161005.log',1048585,1,59,59,'20161005','201610',NULL,NULL,NULL,NULL,'ojs::counter',1,1,259,3,NULL),('usage_events_20161005.log',1048585,1,65,65,'20161005','201610',NULL,NULL,NULL,NULL,'ojs::counter',1,1,259,4,NULL),('usage_events_20161005.log',1048585,1,67,67,'20161005','201610',NULL,NULL,NULL,NULL,'ojs::counter',1,1,259,17,NULL),('usage_events_20161005.log',1048585,1,69,69,'20161005','201610',NULL,NULL,NULL,NULL,'ojs::counter',2,1,259,3,NULL),('usage_events_20161005.log',1048585,1,72,72,'20161005','201610',NULL,NULL,NULL,NULL,'ojs::counter',2,1,259,3,NULL),('usage_events_20161005.log',1048585,1,73,73,'20161005','201610',NULL,NULL,NULL,NULL,'ojs::counter',3,1,259,3,NULL),('usage_events_20161005.log',1048585,1,77,77,'20161005','201610',NULL,NULL,NULL,NULL,'ojs::counter',2,1,259,4,NULL),('usage_events_20161005.log',1048585,1,86,86,'20161005','201610',NULL,NULL,NULL,NULL,'ojs::counter',1,1,259,4,NULL),('usage_events_20161005.log',1048585,1,94,94,'20161005','201610',NULL,NULL,NULL,NULL,'ojs::counter',1,1,259,4,NULL),('usage_events_20161005.log',1048585,1,165,165,'20161005','201610',NULL,NULL,NULL,NULL,'ojs::counter',2,1,259,7,NULL),('usage_events_20161005.log',1048585,1,224,224,'20161005','201610',NULL,NULL,NULL,NULL,'ojs::counter',1,1,259,10,NULL),('usage_events_20161005.log',259,1,NULL,14,'20161005','201610',NULL,NULL,NULL,NULL,'ojs::counter',1,NULL,NULL,NULL,NULL),('usage_events_20161005.log',259,1,NULL,17,'20161005','201610',NULL,NULL,NULL,NULL,'ojs::counter',3,NULL,NULL,NULL,NULL),('usage_events_20161005.log',515,1,6,68,'20161005','201610',2,NULL,NULL,NULL,'ojs::counter',2,1,259,1,4),('usage_events_20161005.log',515,1,7,69,'20161005','201610',2,NULL,NULL,NULL,'ojs::counter',2,1,259,1,5),('usage_events_20161005.log',515,1,13,70,'20161005','201610',2,NULL,NULL,NULL,'ojs::counter',6,1,259,1,6),('usage_events_20161005.log',515,1,11,76,'20161005','201610',2,NULL,NULL,NULL,'ojs::counter',1,1,259,1,11),('usage_events_20161005.log',515,1,15,79,'20161005','201610',2,NULL,NULL,NULL,'ojs::counter',1,1,259,1,14),('usage_events_20161005.log',515,1,35,208,'20161005','201610',2,NULL,NULL,NULL,'ojs::counter',2,1,259,2,24),('usage_events_20161005.log',515,1,44,210,'20161005','201610',2,NULL,NULL,NULL,'ojs::counter',2,1,259,2,26),('usage_events_20161005.log',515,1,33,213,'20161005','201610',2,NULL,NULL,NULL,'ojs::counter',1,1,259,2,27),('usage_events_20161005.log',515,1,32,218,'20161005','201610',2,NULL,NULL,NULL,'ojs::counter',1,1,259,2,32),('usage_events_20161005.log',515,1,40,292,'20161005','201610',2,NULL,NULL,NULL,'ojs::counter',1,1,259,4,74),('usage_events_20161005.log',515,1,43,304,'20161005','201610',2,NULL,NULL,NULL,'ojs::counter',1,1,259,4,86),('usage_events_20161005.log',515,1,77,305,'20161005','201610',2,NULL,NULL,NULL,'ojs::counter',1,1,259,4,87),('usage_events_20161005.log',515,1,39,308,'20161005','201610',2,NULL,NULL,NULL,'ojs::counter',1,1,259,4,90),('usage_events_20161005.log',515,1,95,309,'20161005','201610',2,NULL,NULL,NULL,'ojs::counter',1,1,259,4,91),('usage_events_20161005.log',515,1,60,319,'20161005','201610',2,NULL,NULL,NULL,'ojs::counter',1,1,259,3,97),('usage_events_20161005.log',515,1,69,320,'20161005','201610',2,NULL,NULL,NULL,'ojs::counter',2,1,259,3,98),('usage_events_20161005.log',515,1,72,321,'20161005','201610',2,NULL,NULL,NULL,'ojs::counter',3,1,259,3,99),('usage_events_20161005.log',515,1,73,322,'20161005','201610',2,NULL,NULL,NULL,'ojs::counter',1,1,259,3,100),('usage_events_20161005.log',515,1,141,432,'20161005','201610',2,NULL,NULL,NULL,'ojs::counter',3,1,259,6,119),('usage_events_20161005.log',515,1,153,444,'20161005','201610',2,NULL,NULL,NULL,'ojs::counter',1,1,259,6,131),('usage_events_20161005.log',515,1,165,458,'20161005','201610',2,NULL,NULL,NULL,'ojs::counter',1,1,259,7,143),('usage_events_20161005.log',515,1,183,481,'20161005','201610',2,NULL,NULL,NULL,'ojs::counter',1,1,259,8,161),('usage_events_20161005.log',515,1,213,518,'20161005','201610',2,NULL,NULL,NULL,'ojs::counter',1,1,259,10,192),('usage_events_20161005.log',515,1,214,519,'20161005','201610',2,NULL,NULL,NULL,'ojs::counter',1,1,259,10,193),('usage_events_20161005.log',515,1,216,521,'20161005','201610',2,NULL,NULL,NULL,'ojs::counter',1,1,259,10,195),('usage_events_20161005.log',515,1,268,597,'20161005','201610',2,NULL,NULL,NULL,'ojs::counter',1,1,259,14,247),('usage_events_20161005.log',515,1,299,678,'20161005','201610',2,NULL,NULL,NULL,'ojs::counter',1,1,259,15,260),('usage_events_20161005.log',515,1,34,755,'20161005','201610',2,NULL,NULL,NULL,'ojs::counter',2,1,259,17,297),('usage_events_20161005.log',515,1,67,756,'20161005','201610',2,NULL,NULL,NULL,'ojs::counter',1,1,259,17,298),('usage_events_20161005.log',515,1,2,757,'20161005','201610',2,NULL,NULL,NULL,'ojs::counter',1,1,259,17,299),('usage_events_20161006.log',256,1,NULL,1,'20161006','201610',NULL,NULL,NULL,NULL,'ojs::counter',299,NULL,NULL,NULL,NULL),('usage_events_20161006.log',1048585,1,2,2,'20161006','201610',NULL,NULL,NULL,NULL,'ojs::counter',7,1,259,17,NULL),('usage_events_20161006.log',1048585,1,11,11,'20161006','201610',NULL,NULL,NULL,NULL,'ojs::counter',4,1,259,1,NULL),('usage_events_20161006.log',1048585,1,12,12,'20161006','201610',NULL,NULL,NULL,NULL,'ojs::counter',1,1,259,1,NULL),('usage_events_20161006.log',1048585,1,20,20,'20161006','201610',NULL,NULL,NULL,NULL,'ojs::counter',2,1,259,1,NULL),('usage_events_20161006.log',1048585,1,34,34,'20161006','201610',NULL,NULL,NULL,NULL,'ojs::counter',1,1,259,17,NULL),('usage_events_20161006.log',1048585,1,43,43,'20161006','201610',NULL,NULL,NULL,NULL,'ojs::counter',4,1,259,4,NULL),('usage_events_20161006.log',1048585,1,44,44,'20161006','201610',NULL,NULL,NULL,NULL,'ojs::counter',1,1,259,2,NULL),('usage_events_20161006.log',1048585,1,45,45,'20161006','201610',NULL,NULL,NULL,NULL,'ojs::counter',1,1,259,3,NULL),('usage_events_20161006.log',1048585,1,53,53,'20161006','201610',NULL,NULL,NULL,NULL,'ojs::counter',1,1,259,4,NULL),('usage_events_20161006.log',1048585,1,59,59,'20161006','201610',NULL,NULL,NULL,NULL,'ojs::counter',2,1,259,3,NULL),('usage_events_20161006.log',1048585,1,61,61,'20161006','201610',NULL,NULL,NULL,NULL,'ojs::counter',1,3,259,17,NULL),('usage_events_20161006.log',1048585,1,69,69,'20161006','201610',NULL,NULL,NULL,NULL,'ojs::counter',2,1,259,3,NULL),('usage_events_20161006.log',1048585,1,79,79,'20161006','201610',NULL,NULL,NULL,NULL,'ojs::counter',1,1,259,17,NULL),('usage_events_20161006.log',1048585,1,87,87,'20161006','201610',NULL,NULL,NULL,NULL,'ojs::counter',1,1,259,3,NULL),('usage_events_20161006.log',1048585,1,93,93,'20161006','201610',NULL,NULL,NULL,NULL,'ojs::counter',1,1,259,17,NULL),('usage_events_20161006.log',1048585,1,102,102,'20161006','201610',NULL,NULL,NULL,NULL,'ojs::counter',1,1,259,17,NULL),('usage_events_20161006.log',1048585,1,154,154,'20161006','201610',NULL,NULL,NULL,NULL,'ojs::counter',2,1,259,6,NULL),('usage_events_20161006.log',259,1,NULL,1,'20161006','201610',NULL,NULL,NULL,NULL,'ojs::counter',1,NULL,NULL,NULL,NULL),('usage_events_20161006.log',259,1,NULL,2,'20161006','201610',NULL,NULL,NULL,NULL,'ojs::counter',1,NULL,NULL,NULL,NULL),('usage_events_20161006.log',259,1,NULL,3,'20161006','201610',NULL,NULL,NULL,NULL,'ojs::counter',1,NULL,NULL,NULL,NULL),('usage_events_20161006.log',259,1,NULL,4,'20161006','201610',NULL,NULL,NULL,NULL,'ojs::counter',1,NULL,NULL,NULL,NULL),('usage_events_20161006.log',259,1,NULL,12,'20161006','201610',NULL,NULL,NULL,NULL,'ojs::counter',1,NULL,NULL,NULL,NULL),('usage_events_20161006.log',259,1,NULL,13,'20161006','201610',NULL,NULL,NULL,NULL,'ojs::counter',1,NULL,NULL,NULL,NULL),('usage_events_20161006.log',259,1,NULL,14,'20161006','201610',NULL,NULL,NULL,NULL,'ojs::counter',2,NULL,NULL,NULL,NULL),('usage_events_20161006.log',259,1,NULL,17,'20161006','201610',NULL,NULL,NULL,NULL,'ojs::counter',7,NULL,NULL,NULL,NULL),('usage_events_20161006.log',515,1,7,69,'20161006','201610',2,NULL,NULL,NULL,'ojs::counter',1,1,259,1,5),('usage_events_20161006.log',515,1,13,70,'20161006','201610',2,NULL,NULL,NULL,'ojs::counter',4,1,259,1,6),('usage_events_20161006.log',515,1,11,76,'20161006','201610',2,NULL,NULL,NULL,'ojs::counter',4,1,259,1,11),('usage_events_20161006.log',515,1,16,83,'20161006','201610',2,NULL,NULL,NULL,'ojs::counter',5,1,259,1,18),('usage_events_20161006.log',515,1,20,88,'20161006','201610',2,NULL,NULL,NULL,'ojs::counter',7,1,259,1,20),('usage_events_20161006.log',515,1,29,209,'20161006','201610',2,NULL,NULL,NULL,'ojs::counter',1,1,259,2,25),('usage_events_20161006.log',515,1,44,210,'20161006','201610',2,NULL,NULL,NULL,'ojs::counter',2,1,259,2,26),('usage_events_20161006.log',515,1,65,291,'20161006','201610',2,NULL,NULL,NULL,'ojs::counter',1,1,259,4,73),('usage_events_20161006.log',515,1,53,298,'20161006','201610',2,NULL,NULL,NULL,'ojs::counter',3,1,259,4,80),('usage_events_20161006.log',515,1,77,305,'20161006','201610',2,NULL,NULL,NULL,'ojs::counter',2,1,259,4,87),('usage_events_20161006.log',515,1,96,306,'20161006','201610',2,NULL,NULL,NULL,'ojs::counter',1,1,259,4,88),('usage_events_20161006.log',515,1,59,318,'20161006','201610',2,NULL,NULL,NULL,'ojs::counter',1,1,259,3,96),('usage_events_20161006.log',515,1,69,320,'20161006','201610',2,NULL,NULL,NULL,'ojs::counter',1,1,259,3,98),('usage_events_20161006.log',515,1,45,325,'20161006','201610',2,NULL,NULL,NULL,'ojs::counter',2,1,259,3,103),('usage_events_20161006.log',515,1,87,327,'20161006','201610',2,NULL,NULL,NULL,'ojs::counter',2,1,259,3,105),('usage_events_20161006.log',515,1,132,423,'20161006','201610',2,NULL,NULL,NULL,'ojs::counter',1,1,259,5,110),('usage_events_20161006.log',515,1,145,436,'20161006','201610',2,NULL,NULL,NULL,'ojs::counter',1,1,259,6,123),('usage_events_20161006.log',515,1,154,445,'20161006','201610',2,NULL,NULL,NULL,'ojs::counter',1,1,259,6,132),('usage_events_20161006.log',515,1,183,481,'20161006','201610',2,NULL,NULL,NULL,'ojs::counter',2,1,259,8,161),('usage_events_20161006.log',515,1,222,531,'20161006','201610',2,NULL,NULL,NULL,'ojs::counter',3,1,259,10,201),('usage_events_20161006.log',515,1,246,569,'20161006','201610',2,NULL,NULL,NULL,'ojs::counter',1,1,259,12,225),('usage_events_20161006.log',515,1,267,596,'20161006','201610',2,NULL,NULL,NULL,'ojs::counter',1,1,259,14,246),('usage_events_20161006.log',515,1,268,597,'20161006','201610',2,NULL,NULL,NULL,'ojs::counter',1,1,259,14,247),('usage_events_20161006.log',515,1,270,601,'20161006','201610',2,NULL,NULL,NULL,'ojs::counter',1,1,259,14,249),('usage_events_20161006.log',515,1,10,632,'20161006','201610',2,NULL,NULL,NULL,'ojs::counter',2,1,259,3,254),('usage_events_20161006.log',515,1,305,684,'20161006','201610',2,NULL,NULL,NULL,'ojs::counter',1,1,259,15,266),('usage_events_20161006.log',515,1,316,698,'20161006','201610',2,NULL,NULL,NULL,'ojs::counter',1,1,259,16,277),('usage_events_20161006.log',515,1,317,699,'20161006','201610',2,NULL,NULL,NULL,'ojs::counter',1,1,259,16,278),('usage_events_20161006.log',515,1,34,755,'20161006','201610',2,NULL,NULL,NULL,'ojs::counter',1,1,259,17,297),('usage_events_20161006.log',515,1,2,757,'20161006','201610',2,NULL,NULL,NULL,'ojs::counter',4,1,259,17,299),('usage_events_20161006.log',515,1,93,758,'20161006','201610',2,NULL,NULL,NULL,'ojs::counter',1,1,259,17,300),('usage_events_20161006.log',515,1,75,759,'20161006','201610',2,NULL,NULL,NULL,'ojs::counter',1,1,259,17,301),('usage_events_20161006.log',521,1,99,302,'20161006','201610',2,NULL,NULL,NULL,'ojs::counter',1,1,259,17,302),('usage_events_20161006.log',515,1,79,761,'20161006','201610',2,NULL,NULL,NULL,'ojs::counter',2,1,259,17,303),('usage_events_20161006.log',515,1,102,763,'20161006','201610',2,NULL,NULL,NULL,'ojs::counter',2,1,259,17,305),('usage_events_20161006.log',515,1,125,764,'20161006','201610',2,NULL,NULL,NULL,'ojs::counter',1,1,259,17,306),('usage_events_20161006.log',515,1,100,765,'20161006','201610',2,NULL,NULL,NULL,'ojs::counter',1,1,259,17,307),('usage_events_20161006.log',515,1,61,766,'20161006','201610',2,NULL,NULL,NULL,'ojs::counter',1,3,259,17,308),('usage_events_20161007.log',256,1,NULL,1,'20161007','201610',NULL,NULL,NULL,NULL,'ojs::counter',248,NULL,NULL,NULL,NULL),('usage_events_20161007.log',1048585,1,2,2,'20161007','201610',NULL,NULL,NULL,NULL,'ojs::counter',1,1,259,17,NULL),('usage_events_20161007.log',1048585,1,27,27,'20161007','201610',NULL,NULL,NULL,NULL,'ojs::counter',1,1,259,2,NULL),('usage_events_20161007.log',1048585,1,30,30,'20161007','201610',NULL,NULL,NULL,NULL,'ojs::counter',1,1,259,3,NULL),('usage_events_20161007.log',1048585,1,36,36,'20161007','201610',NULL,NULL,NULL,NULL,'ojs::counter',3,1,259,2,NULL),('usage_events_20161007.log',1048585,1,40,40,'20161007','201610',NULL,NULL,NULL,NULL,'ojs::counter',1,1,259,4,NULL),('usage_events_20161007.log',1048585,1,43,43,'20161007','201610',NULL,NULL,NULL,NULL,'ojs::counter',2,1,259,4,NULL),('usage_events_20161007.log',1048585,1,44,44,'20161007','201610',NULL,NULL,NULL,NULL,'ojs::counter',3,1,259,2,NULL),('usage_events_20161007.log',1048585,1,59,59,'20161007','201610',NULL,NULL,NULL,NULL,'ojs::counter',2,1,259,3,NULL),('usage_events_20161007.log',1048585,1,75,75,'20161007','201610',NULL,NULL,NULL,NULL,'ojs::counter',1,1,259,17,NULL),('usage_events_20161007.log',1048585,1,79,79,'20161007','201610',NULL,NULL,NULL,NULL,'ojs::counter',1,1,259,17,NULL),('usage_events_20161007.log',1048585,1,96,96,'20161007','201610',NULL,NULL,NULL,NULL,'ojs::counter',1,1,259,4,NULL),('usage_events_20161007.log',1048585,1,99,99,'20161007','201610',NULL,NULL,NULL,NULL,'ojs::counter',1,1,259,17,NULL),('usage_events_20161007.log',1048585,1,184,184,'20161007','201610',NULL,NULL,NULL,NULL,'ojs::counter',3,1,259,8,NULL),('usage_events_20161007.log',1048585,1,201,201,'20161007','201610',NULL,NULL,NULL,NULL,'ojs::counter',1,1,259,9,NULL),('usage_events_20161007.log',259,1,NULL,14,'20161007','201610',NULL,NULL,NULL,NULL,'ojs::counter',1,NULL,NULL,NULL,NULL),('usage_events_20161007.log',259,1,NULL,17,'20161007','201610',NULL,NULL,NULL,NULL,'ojs::counter',3,NULL,NULL,NULL,NULL),('usage_events_20161007.log',515,1,6,68,'20161007','201610',2,NULL,NULL,NULL,'ojs::counter',2,1,259,1,4),('usage_events_20161007.log',515,1,13,70,'20161007','201610',2,NULL,NULL,NULL,'ojs::counter',5,1,259,1,6),('usage_events_20161007.log',515,1,15,79,'20161007','201610',2,NULL,NULL,NULL,'ojs::counter',1,1,259,1,14),('usage_events_20161007.log',515,1,16,83,'20161007','201610',2,NULL,NULL,NULL,'ojs::counter',1,1,259,1,18),('usage_events_20161007.log',515,1,35,208,'20161007','201610',2,NULL,NULL,NULL,'ojs::counter',1,1,259,2,24),('usage_events_20161007.log',515,1,36,214,'20161007','201610',2,NULL,NULL,NULL,'ojs::counter',1,1,259,2,28),('usage_events_20161007.log',515,1,43,304,'20161007','201610',2,NULL,NULL,NULL,'ojs::counter',1,1,259,4,86),('usage_events_20161007.log',515,1,78,326,'20161007','201610',2,NULL,NULL,NULL,'ojs::counter',2,1,259,4,104),('usage_events_20161007.log',515,1,133,424,'20161007','201610',2,NULL,NULL,NULL,'ojs::counter',2,1,259,5,111),('usage_events_20161007.log',515,1,141,432,'20161007','201610',2,NULL,NULL,NULL,'ojs::counter',1,1,259,6,119),('usage_events_20161007.log',515,1,142,433,'20161007','201610',2,NULL,NULL,NULL,'ojs::counter',1,1,259,6,120),('usage_events_20161007.log',515,1,143,434,'20161007','201610',2,NULL,NULL,NULL,'ojs::counter',1,1,259,6,121),('usage_events_20161007.log',515,1,183,481,'20161007','201610',2,NULL,NULL,NULL,'ojs::counter',3,1,259,8,161),('usage_events_20161007.log',515,1,184,482,'20161007','201610',2,NULL,NULL,NULL,'ojs::counter',2,1,259,8,162),('usage_events_20161007.log',515,1,198,502,'20161007','201610',2,NULL,NULL,NULL,'ojs::counter',1,1,259,9,176),('usage_events_20161007.log',515,1,201,506,'20161007','201610',2,NULL,NULL,NULL,'ojs::counter',1,1,259,9,180),('usage_events_20161007.log',515,1,222,531,'20161007','201610',2,NULL,NULL,NULL,'ojs::counter',2,1,259,10,201),('usage_events_20161007.log',515,1,226,536,'20161007','201610',2,NULL,NULL,NULL,'ojs::counter',1,1,259,10,205),('usage_events_20161007.log',515,1,240,562,'20161007','201610',2,NULL,NULL,NULL,'ojs::counter',1,1,259,12,219),('usage_events_20161007.log',515,1,257,582,'20161007','201610',2,NULL,NULL,NULL,'ojs::counter',1,1,259,13,236),('usage_events_20161007.log',515,1,305,684,'20161007','201610',2,NULL,NULL,NULL,'ojs::counter',3,1,259,15,266),('usage_events_20161007.log',515,1,100,765,'20161007','201610',2,NULL,NULL,NULL,'ojs::counter',2,1,259,17,307),('usage_events_20161008.log',256,1,NULL,1,'20161008','201610',NULL,NULL,NULL,NULL,'ojs::counter',260,NULL,NULL,NULL,NULL),('usage_events_20161008.log',1048585,1,2,2,'20161008','201610',NULL,NULL,NULL,NULL,'ojs::counter',2,1,259,17,NULL),('usage_events_20161008.log',1048585,1,5,5,'20161008','201610',NULL,NULL,NULL,NULL,'ojs::counter',8,1,259,3,NULL),('usage_events_20161008.log',1048585,1,7,7,'20161008','201610',NULL,NULL,NULL,NULL,'ojs::counter',3,1,259,1,NULL),('usage_events_20161008.log',1048585,1,18,18,'20161008','201610',NULL,NULL,NULL,NULL,'ojs::counter',1,1,259,2,NULL),('usage_events_20161008.log',1048585,1,20,20,'20161008','201610',NULL,NULL,NULL,NULL,'ojs::counter',2,1,259,1,NULL),('usage_events_20161008.log',1048585,1,34,34,'20161008','201610',NULL,NULL,NULL,NULL,'ojs::counter',2,1,259,17,NULL),('usage_events_20161008.log',1048585,1,36,36,'20161008','201610',NULL,NULL,NULL,NULL,'ojs::counter',1,1,259,2,NULL),('usage_events_20161008.log',1048585,1,40,40,'20161008','201610',NULL,NULL,NULL,NULL,'ojs::counter',1,1,259,4,NULL),('usage_events_20161008.log',1048585,1,44,44,'20161008','201610',NULL,NULL,NULL,NULL,'ojs::counter',3,1,259,2,NULL),('usage_events_20161008.log',1048585,1,59,59,'20161008','201610',NULL,NULL,NULL,NULL,'ojs::counter',3,1,259,3,NULL),('usage_events_20161008.log',1048585,1,66,66,'20161008','201610',NULL,NULL,NULL,NULL,'ojs::counter',1,1,259,17,NULL),('usage_events_20161008.log',1048585,1,67,67,'20161008','201610',NULL,NULL,NULL,NULL,'ojs::counter',1,1,259,17,NULL),('usage_events_20161008.log',1048585,1,77,77,'20161008','201610',NULL,NULL,NULL,NULL,'ojs::counter',1,1,259,4,NULL),('usage_events_20161008.log',1048585,1,79,79,'20161008','201610',NULL,NULL,NULL,NULL,'ojs::counter',2,1,259,17,NULL),('usage_events_20161008.log',1048585,1,93,93,'20161008','201610',NULL,NULL,NULL,NULL,'ojs::counter',1,1,259,17,NULL),('usage_events_20161008.log',1048585,1,96,96,'20161008','201610',NULL,NULL,NULL,NULL,'ojs::counter',1,1,259,4,NULL),('usage_events_20161008.log',1048585,1,99,99,'20161008','201610',NULL,NULL,NULL,NULL,'ojs::counter',1,1,259,17,NULL),('usage_events_20161008.log',1048585,1,100,100,'20161008','201610',NULL,NULL,NULL,NULL,'ojs::counter',1,1,259,17,NULL),('usage_events_20161008.log',1048585,1,102,102,'20161008','201610',NULL,NULL,NULL,NULL,'ojs::counter',1,1,259,17,NULL),('usage_events_20161008.log',1048585,1,125,125,'20161008','201610',NULL,NULL,NULL,NULL,'ojs::counter',1,1,259,17,NULL),('usage_events_20161008.log',1048585,1,230,230,'20161008','201610',NULL,NULL,NULL,NULL,'ojs::counter',1,1,259,11,NULL),('usage_events_20161008.log',1048585,1,246,246,'20161008','201610',NULL,NULL,NULL,NULL,'ojs::counter',1,1,259,12,NULL),('usage_events_20161008.log',1048585,1,302,302,'20161008','201610',NULL,NULL,NULL,NULL,'ojs::counter',1,1,259,15,NULL),('usage_events_20161008.log',259,1,NULL,4,'20161008','201610',NULL,NULL,NULL,NULL,'ojs::counter',2,NULL,NULL,NULL,NULL),('usage_events_20161008.log',259,1,NULL,6,'20161008','201610',NULL,NULL,NULL,NULL,'ojs::counter',1,NULL,NULL,NULL,NULL),('usage_events_20161008.log',259,1,NULL,10,'20161008','201610',NULL,NULL,NULL,NULL,'ojs::counter',1,NULL,NULL,NULL,NULL),('usage_events_20161008.log',259,1,NULL,11,'20161008','201610',NULL,NULL,NULL,NULL,'ojs::counter',1,NULL,NULL,NULL,NULL),('usage_events_20161008.log',259,1,NULL,17,'20161008','201610',NULL,NULL,NULL,NULL,'ojs::counter',2,NULL,NULL,NULL,NULL),('usage_events_20161008.log',515,1,7,69,'20161008','201610',2,NULL,NULL,NULL,'ojs::counter',1,1,259,1,5),('usage_events_20161008.log',515,1,20,88,'20161008','201610',2,NULL,NULL,NULL,'ojs::counter',1,1,259,1,20),('usage_events_20161008.log',515,1,35,208,'20161008','201610',2,NULL,NULL,NULL,'ojs::counter',1,1,259,2,24),('usage_events_20161008.log',515,1,29,209,'20161008','201610',2,NULL,NULL,NULL,'ojs::counter',1,1,259,2,25),('usage_events_20161008.log',515,1,44,210,'20161008','201610',2,NULL,NULL,NULL,'ojs::counter',1,1,259,2,26),('usage_events_20161008.log',515,1,40,292,'20161008','201610',2,NULL,NULL,NULL,'ojs::counter',1,1,259,4,74),('usage_events_20161008.log',515,1,76,296,'20161008','201610',2,NULL,NULL,NULL,'ojs::counter',1,1,259,4,78),('usage_events_20161008.log',515,1,53,298,'20161008','201610',2,NULL,NULL,NULL,'ojs::counter',1,1,259,4,80),('usage_events_20161008.log',515,1,37,302,'20161008','201610',2,NULL,NULL,NULL,'ojs::counter',1,1,259,4,84),('usage_events_20161008.log',515,1,43,304,'20161008','201610',2,NULL,NULL,NULL,'ojs::counter',2,1,259,4,86),('usage_events_20161008.log',515,1,77,305,'20161008','201610',2,NULL,NULL,NULL,'ojs::counter',2,1,259,4,87),('usage_events_20161008.log',515,1,59,318,'20161008','201610',2,NULL,NULL,NULL,'ojs::counter',1,1,259,3,96),('usage_events_20161008.log',515,1,45,325,'20161008','201610',2,NULL,NULL,NULL,'ojs::counter',1,1,259,3,103),('usage_events_20161008.log',515,1,86,359,'20161008','201610',2,NULL,NULL,NULL,'ojs::counter',1,1,259,4,108),('usage_events_20161008.log',515,1,165,458,'20161008','201610',2,NULL,NULL,NULL,'ojs::counter',1,1,259,7,143),('usage_events_20161008.log',515,1,175,472,'20161008','201610',2,NULL,NULL,NULL,'ojs::counter',1,5,259,7,153),('usage_events_20161008.log',515,1,183,481,'20161008','201610',2,NULL,NULL,NULL,'ojs::counter',3,1,259,8,161),('usage_events_20161008.log',515,1,197,500,'20161008','201610',2,NULL,NULL,NULL,'ojs::counter',1,1,259,9,175),('usage_events_20161008.log',515,1,222,531,'20161008','201610',2,NULL,NULL,NULL,'ojs::counter',3,1,259,10,201),('usage_events_20161008.log',515,1,251,574,'20161008','201610',2,NULL,NULL,NULL,'ojs::counter',1,1,259,12,230),('usage_events_20161008.log',515,1,10,632,'20161008','201610',2,NULL,NULL,NULL,'ojs::counter',1,1,259,3,254),('usage_events_20161008.log',515,1,305,684,'20161008','201610',2,NULL,NULL,NULL,'ojs::counter',2,1,259,15,266),('usage_events_20161008.log',515,1,317,699,'20161008','201610',2,NULL,NULL,NULL,'ojs::counter',1,1,259,16,278),('usage_events_20161008.log',515,1,2,757,'20161008','201610',2,NULL,NULL,NULL,'ojs::counter',1,1,259,17,299),('usage_events_20161008.log',515,1,102,763,'20161008','201610',2,NULL,NULL,NULL,'ojs::counter',1,1,259,17,305),('usage_events_20161009.log',256,1,NULL,1,'20161009','201610',NULL,NULL,NULL,NULL,'ojs::counter',215,NULL,NULL,NULL,NULL),('usage_events_20161009.log',1048585,1,11,11,'20161009','201610',NULL,NULL,NULL,NULL,'ojs::counter',2,1,259,1,NULL),('usage_events_20161009.log',1048585,1,12,12,'20161009','201610',NULL,NULL,NULL,NULL,'ojs::counter',1,1,259,1,NULL),('usage_events_20161009.log',1048585,1,20,20,'20161009','201610',NULL,NULL,NULL,NULL,'ojs::counter',4,1,259,1,NULL),('usage_events_20161009.log',1048585,1,30,30,'20161009','201610',NULL,NULL,NULL,NULL,'ojs::counter',3,1,259,3,NULL),('usage_events_20161009.log',1048585,1,34,34,'20161009','201610',NULL,NULL,NULL,NULL,'ojs::counter',3,1,259,17,NULL),('usage_events_20161009.log',1048585,1,40,40,'20161009','201610',NULL,NULL,NULL,NULL,'ojs::counter',1,1,259,4,NULL),('usage_events_20161009.log',1048585,1,42,42,'20161009','201610',NULL,NULL,NULL,NULL,'ojs::counter',1,1,259,4,NULL),('usage_events_20161009.log',1048585,1,43,43,'20161009','201610',NULL,NULL,NULL,NULL,'ojs::counter',2,1,259,4,NULL),('usage_events_20161009.log',1048585,1,59,59,'20161009','201610',NULL,NULL,NULL,NULL,'ojs::counter',3,1,259,3,NULL),('usage_events_20161009.log',1048585,1,79,79,'20161009','201610',NULL,NULL,NULL,NULL,'ojs::counter',13,1,259,17,NULL),('usage_events_20161009.log',1048585,1,94,94,'20161009','201610',NULL,NULL,NULL,NULL,'ojs::counter',1,1,259,4,NULL),('usage_events_20161009.log',1048585,1,162,162,'20161009','201610',NULL,NULL,NULL,NULL,'ojs::counter',1,1,259,7,NULL),('usage_events_20161009.log',1048585,1,184,184,'20161009','201610',NULL,NULL,NULL,NULL,'ojs::counter',1,1,259,8,NULL),('usage_events_20161009.log',1048585,1,185,185,'20161009','201610',NULL,NULL,NULL,NULL,'ojs::counter',1,1,259,8,NULL),('usage_events_20161009.log',1048585,1,263,263,'20161009','201610',NULL,NULL,NULL,NULL,'ojs::counter',1,1,259,14,NULL),('usage_events_20161009.log',1048585,1,307,307,'20161009','201610',NULL,NULL,NULL,NULL,'ojs::counter',1,5,259,15,NULL),('usage_events_20161009.log',259,1,NULL,1,'20161009','201610',NULL,NULL,NULL,NULL,'ojs::counter',1,NULL,NULL,NULL,NULL),('usage_events_20161009.log',259,1,NULL,2,'20161009','201610',NULL,NULL,NULL,NULL,'ojs::counter',1,NULL,NULL,NULL,NULL),('usage_events_20161009.log',259,1,NULL,7,'20161009','201610',NULL,NULL,NULL,NULL,'ojs::counter',1,NULL,NULL,NULL,NULL),('usage_events_20161009.log',259,1,NULL,12,'20161009','201610',NULL,NULL,NULL,NULL,'ojs::counter',1,NULL,NULL,NULL,NULL),('usage_events_20161009.log',259,1,NULL,14,'20161009','201610',NULL,NULL,NULL,NULL,'ojs::counter',2,NULL,NULL,NULL,NULL),('usage_events_20161009.log',259,1,NULL,15,'20161009','201610',NULL,NULL,NULL,NULL,'ojs::counter',1,NULL,NULL,NULL,NULL),('usage_events_20161009.log',259,1,NULL,17,'20161009','201610',NULL,NULL,NULL,NULL,'ojs::counter',2,NULL,NULL,NULL,NULL),('usage_events_20161009.log',515,1,6,68,'20161009','201610',2,NULL,NULL,NULL,'ojs::counter',1,1,259,1,4),('usage_events_20161009.log',515,1,13,70,'20161009','201610',2,NULL,NULL,NULL,'ojs::counter',2,1,259,1,6),('usage_events_20161009.log',515,1,11,76,'20161009','201610',2,NULL,NULL,NULL,'ojs::counter',1,1,259,1,11),('usage_events_20161009.log',515,1,19,84,'20161009','201610',2,NULL,NULL,NULL,'ojs::counter',1,3,259,1,19),('usage_events_20161009.log',515,1,20,88,'20161009','201610',2,NULL,NULL,NULL,'ojs::counter',3,1,259,1,20),('usage_events_20161009.log',515,1,29,209,'20161009','201610',2,NULL,NULL,NULL,'ojs::counter',1,1,259,2,25),('usage_events_20161009.log',515,1,40,292,'20161009','201610',2,NULL,NULL,NULL,'ojs::counter',1,1,259,4,74),('usage_events_20161009.log',515,1,53,298,'20161009','201610',2,NULL,NULL,NULL,'ojs::counter',2,1,259,4,80),('usage_events_20161009.log',515,1,43,304,'20161009','201610',2,NULL,NULL,NULL,'ojs::counter',2,1,259,4,86),('usage_events_20161009.log',515,1,77,305,'20161009','201610',2,NULL,NULL,NULL,'ojs::counter',1,1,259,4,87),('usage_events_20161009.log',515,1,59,318,'20161009','201610',2,NULL,NULL,NULL,'ojs::counter',1,1,259,3,96),('usage_events_20161009.log',515,1,92,332,'20161009','201610',2,NULL,NULL,NULL,'ojs::counter',1,4,259,4,106),('usage_events_20161009.log',515,1,30,352,'20161009','201610',2,NULL,NULL,NULL,'ojs::counter',1,1,259,3,107),('usage_events_20161009.log',515,1,133,424,'20161009','201610',2,NULL,NULL,NULL,'ojs::counter',1,1,259,5,111),('usage_events_20161009.log',515,1,148,439,'20161009','201610',2,NULL,NULL,NULL,'ojs::counter',1,1,259,6,126),('usage_events_20161009.log',515,1,165,458,'20161009','201610',2,NULL,NULL,NULL,'ojs::counter',1,1,259,7,143),('usage_events_20161009.log',515,1,183,481,'20161009','201610',2,NULL,NULL,NULL,'ojs::counter',2,1,259,8,161),('usage_events_20161009.log',515,1,184,482,'20161009','201610',2,NULL,NULL,NULL,'ojs::counter',1,1,259,8,162),('usage_events_20161009.log',515,1,205,510,'20161009','201610',2,NULL,NULL,NULL,'ojs::counter',1,1,259,9,184),('usage_events_20161009.log',515,1,252,575,'20161009','201610',2,NULL,NULL,NULL,'ojs::counter',1,1,259,12,231),('usage_events_20161009.log',515,1,10,632,'20161009','201610',2,NULL,NULL,NULL,'ojs::counter',2,1,259,3,254),('usage_events_20161009.log',515,1,305,684,'20161009','201610',2,NULL,NULL,NULL,'ojs::counter',3,1,259,15,266),('usage_events_20161009.log',515,1,306,685,'20161009','201610',2,NULL,NULL,NULL,'ojs::counter',1,1,259,15,267),('usage_events_20161009.log',515,1,307,688,'20161009','201610',2,NULL,NULL,NULL,'ojs::counter',1,5,259,15,268),('usage_events_20161009.log',515,1,316,698,'20161009','201610',2,NULL,NULL,NULL,'ojs::counter',2,1,259,16,277),('usage_events_20161009.log',515,1,320,702,'20161009','201610',2,NULL,NULL,NULL,'ojs::counter',2,1,259,16,281),('usage_events_20161009.log',515,1,34,755,'20161009','201610',2,NULL,NULL,NULL,'ojs::counter',1,1,259,17,297),('usage_events_20161009.log',515,1,67,756,'20161009','201610',2,NULL,NULL,NULL,'ojs::counter',1,1,259,17,298),('usage_events_20161009.log',515,1,79,761,'20161009','201610',2,NULL,NULL,NULL,'ojs::counter',19,1,259,17,303),('usage_events_20161010.log',256,1,NULL,1,'20161010','201610',NULL,NULL,NULL,NULL,'ojs::counter',189,NULL,NULL,NULL,NULL),('usage_events_20161010.log',1048585,1,6,6,'20161010','201610',NULL,NULL,NULL,NULL,'ojs::counter',1,1,259,1,NULL),('usage_events_20161010.log',1048585,1,7,7,'20161010','201610',NULL,NULL,NULL,NULL,'ojs::counter',2,1,259,1,NULL),('usage_events_20161010.log',1048585,1,11,11,'20161010','201610',NULL,NULL,NULL,NULL,'ojs::counter',1,1,259,1,NULL),('usage_events_20161010.log',1048585,1,18,18,'20161010','201610',NULL,NULL,NULL,NULL,'ojs::counter',2,1,259,2,NULL),('usage_events_20161010.log',1048585,1,26,26,'20161010','201610',NULL,NULL,NULL,NULL,'ojs::counter',1,1,259,2,NULL),('usage_events_20161010.log',1048585,1,33,33,'20161010','201610',NULL,NULL,NULL,NULL,'ojs::counter',1,1,259,2,NULL),('usage_events_20161010.log',1048585,1,34,34,'20161010','201610',NULL,NULL,NULL,NULL,'ojs::counter',2,1,259,17,NULL),('usage_events_20161010.log',1048585,1,36,36,'20161010','201610',NULL,NULL,NULL,NULL,'ojs::counter',1,1,259,2,NULL),('usage_events_20161010.log',1048585,1,37,37,'20161010','201610',NULL,NULL,NULL,NULL,'ojs::counter',1,1,259,4,NULL),('usage_events_20161010.log',1048585,1,40,40,'20161010','201610',NULL,NULL,NULL,NULL,'ojs::counter',3,1,259,4,NULL),('usage_events_20161010.log',1048585,1,42,42,'20161010','201610',NULL,NULL,NULL,NULL,'ojs::counter',1,1,259,4,NULL),('usage_events_20161010.log',1048585,1,43,43,'20161010','201610',NULL,NULL,NULL,NULL,'ojs::counter',1,1,259,4,NULL),('usage_events_20161010.log',1048585,1,44,44,'20161010','201610',NULL,NULL,NULL,NULL,'ojs::counter',1,1,259,2,NULL),('usage_events_20161010.log',1048585,1,53,53,'20161010','201610',NULL,NULL,NULL,NULL,'ojs::counter',1,1,259,4,NULL),('usage_events_20161010.log',1048585,1,59,59,'20161010','201610',NULL,NULL,NULL,NULL,'ojs::counter',1,1,259,3,NULL),('usage_events_20161010.log',1048585,1,60,60,'20161010','201610',NULL,NULL,NULL,NULL,'ojs::counter',2,1,259,3,NULL),('usage_events_20161010.log',1048585,1,65,65,'20161010','201610',NULL,NULL,NULL,NULL,'ojs::counter',3,1,259,4,NULL),('usage_events_20161010.log',1048585,1,69,69,'20161010','201610',NULL,NULL,NULL,NULL,'ojs::counter',3,1,259,3,NULL),('usage_events_20161010.log',1048585,1,76,76,'20161010','201610',NULL,NULL,NULL,NULL,'ojs::counter',1,1,259,4,NULL),('usage_events_20161010.log',1048585,1,77,77,'20161010','201610',NULL,NULL,NULL,NULL,'ojs::counter',1,1,259,4,NULL),('usage_events_20161010.log',1048585,1,87,87,'20161010','201610',NULL,NULL,NULL,NULL,'ojs::counter',1,1,259,3,NULL),('usage_events_20161010.log',1048585,1,100,100,'20161010','201610',NULL,NULL,NULL,NULL,'ojs::counter',4,1,259,17,NULL),('usage_events_20161010.log',1048585,1,143,143,'20161010','201610',NULL,NULL,NULL,NULL,'ojs::counter',1,1,259,6,NULL),('usage_events_20161010.log',1048585,1,147,147,'20161010','201610',NULL,NULL,NULL,NULL,'ojs::counter',1,1,259,6,NULL),('usage_events_20161010.log',1048585,1,168,168,'20161010','201610',NULL,NULL,NULL,NULL,'ojs::counter',1,1,259,7,NULL),('usage_events_20161010.log',1048585,1,184,184,'20161010','201610',NULL,NULL,NULL,NULL,'ojs::counter',1,1,259,8,NULL),('usage_events_20161010.log',1048585,1,216,216,'20161010','201610',NULL,NULL,NULL,NULL,'ojs::counter',1,1,259,10,NULL),('usage_events_20161010.log',1048585,1,226,226,'20161010','201610',NULL,NULL,NULL,NULL,'ojs::counter',1,1,259,10,NULL),('usage_events_20161010.log',1048585,1,230,230,'20161010','201610',NULL,NULL,NULL,NULL,'ojs::counter',2,1,259,11,NULL),('usage_events_20161010.log',1048585,1,234,234,'20161010','201610',NULL,NULL,NULL,NULL,'ojs::counter',1,1,259,11,NULL),('usage_events_20161010.log',1048585,1,250,250,'20161010','201610',NULL,NULL,NULL,NULL,'ojs::counter',1,1,259,12,NULL),('usage_events_20161010.log',1048585,1,305,305,'20161010','201610',NULL,NULL,NULL,NULL,'ojs::counter',1,1,259,15,NULL),('usage_events_20161010.log',259,1,NULL,1,'20161010','201610',NULL,NULL,NULL,NULL,'ojs::counter',1,NULL,NULL,NULL,NULL),('usage_events_20161010.log',259,1,NULL,2,'20161010','201610',NULL,NULL,NULL,NULL,'ojs::counter',1,NULL,NULL,NULL,NULL),('usage_events_20161010.log',259,1,NULL,3,'20161010','201610',NULL,NULL,NULL,NULL,'ojs::counter',3,NULL,NULL,NULL,NULL),('usage_events_20161010.log',259,1,NULL,4,'20161010','201610',NULL,NULL,NULL,NULL,'ojs::counter',2,NULL,NULL,NULL,NULL),('usage_events_20161010.log',259,1,NULL,5,'20161010','201610',NULL,NULL,NULL,NULL,'ojs::counter',1,NULL,NULL,NULL,NULL),('usage_events_20161010.log',259,1,NULL,8,'20161010','201610',NULL,NULL,NULL,NULL,'ojs::counter',1,NULL,NULL,NULL,NULL),('usage_events_20161010.log',259,1,NULL,9,'20161010','201610',NULL,NULL,NULL,NULL,'ojs::counter',1,NULL,NULL,NULL,NULL),('usage_events_20161010.log',259,1,NULL,12,'20161010','201610',NULL,NULL,NULL,NULL,'ojs::counter',1,NULL,NULL,NULL,NULL),('usage_events_20161010.log',259,1,NULL,13,'20161010','201610',NULL,NULL,NULL,NULL,'ojs::counter',1,NULL,NULL,NULL,NULL),('usage_events_20161010.log',259,1,NULL,14,'20161010','201610',NULL,NULL,NULL,NULL,'ojs::counter',2,NULL,NULL,NULL,NULL),('usage_events_20161010.log',259,1,NULL,16,'20161010','201610',NULL,NULL,NULL,NULL,'ojs::counter',1,NULL,NULL,NULL,NULL),('usage_events_20161010.log',259,1,NULL,17,'20161010','201610',NULL,NULL,NULL,NULL,'ojs::counter',4,NULL,NULL,NULL,NULL),('usage_events_20161010.log',515,1,7,69,'20161010','201610',2,NULL,NULL,NULL,'ojs::counter',3,1,259,1,5),('usage_events_20161010.log',515,1,13,70,'20161010','201610',2,NULL,NULL,NULL,'ojs::counter',9,1,259,1,6),('usage_events_20161010.log',515,1,15,79,'20161010','201610',2,NULL,NULL,NULL,'ojs::counter',3,1,259,1,14),('usage_events_20161010.log',515,1,20,88,'20161010','201610',2,NULL,NULL,NULL,'ojs::counter',1,1,259,1,20),('usage_events_20161010.log',515,1,18,207,'20161010','201610',2,NULL,NULL,NULL,'ojs::counter',5,1,259,2,23),('usage_events_20161010.log',515,1,44,210,'20161010','201610',2,NULL,NULL,NULL,'ojs::counter',4,1,259,2,26),('usage_events_20161010.log',515,1,33,213,'20161010','201610',2,NULL,NULL,NULL,'ojs::counter',3,1,259,2,27),('usage_events_20161010.log',515,1,36,214,'20161010','201610',2,NULL,NULL,NULL,'ojs::counter',1,1,259,2,28),('usage_events_20161010.log',515,1,27,224,'20161010','201610',2,NULL,NULL,NULL,'ojs::counter',1,1,259,2,34),('usage_events_20161010.log',515,1,40,292,'20161010','201610',2,NULL,NULL,NULL,'ojs::counter',1,1,259,4,74),('usage_events_20161010.log',515,1,43,304,'20161010','201610',2,NULL,NULL,NULL,'ojs::counter',2,1,259,4,86),('usage_events_20161010.log',515,1,5,315,'20161010','201610',2,NULL,NULL,NULL,'ojs::counter',1,1,259,3,93),('usage_events_20161010.log',515,1,60,319,'20161010','201610',2,NULL,NULL,NULL,'ojs::counter',1,1,259,3,97),('usage_events_20161010.log',515,1,69,320,'20161010','201610',2,NULL,NULL,NULL,'ojs::counter',1,1,259,3,98),('usage_events_20161010.log',515,1,87,327,'20161010','201610',2,NULL,NULL,NULL,'ojs::counter',2,1,259,3,105),('usage_events_20161010.log',515,1,132,423,'20161010','201610',2,NULL,NULL,NULL,'ojs::counter',1,1,259,5,110),('usage_events_20161010.log',515,1,133,424,'20161010','201610',2,NULL,NULL,NULL,'ojs::counter',1,1,259,5,111),('usage_events_20161010.log',515,1,141,432,'20161010','201610',2,NULL,NULL,NULL,'ojs::counter',1,1,259,6,119),('usage_events_20161010.log',515,1,142,433,'20161010','201610',2,NULL,NULL,NULL,'ojs::counter',1,1,259,6,120),('usage_events_20161010.log',515,1,165,458,'20161010','201610',2,NULL,NULL,NULL,'ojs::counter',1,1,259,7,143),('usage_events_20161010.log',515,1,172,465,'20161010','201610',2,NULL,NULL,NULL,'ojs::counter',1,1,259,7,150),('usage_events_20161010.log',515,1,183,481,'20161010','201610',2,NULL,NULL,NULL,'ojs::counter',2,1,259,8,161),('usage_events_20161010.log',515,1,221,530,'20161010','201610',2,NULL,NULL,NULL,'ojs::counter',1,1,259,10,200),('usage_events_20161010.log',515,1,222,531,'20161010','201610',2,NULL,NULL,NULL,'ojs::counter',2,1,259,10,201),('usage_events_20161010.log',515,1,230,540,'20161010','201610',2,NULL,NULL,NULL,'ojs::counter',2,1,259,11,209),('usage_events_20161010.log',515,1,239,561,'20161010','201610',2,NULL,NULL,NULL,'ojs::counter',1,4,259,12,218),('usage_events_20161010.log',515,1,251,574,'20161010','201610',2,NULL,NULL,NULL,'ojs::counter',2,1,259,12,230),('usage_events_20161010.log',515,1,270,601,'20161010','201610',2,NULL,NULL,NULL,'ojs::counter',1,1,259,14,249),('usage_events_20161010.log',515,1,299,678,'20161010','201610',2,NULL,NULL,NULL,'ojs::counter',1,1,259,15,260),('usage_events_20161010.log',515,1,305,684,'20161010','201610',2,NULL,NULL,NULL,'ojs::counter',2,1,259,15,266),('usage_events_20161010.log',515,1,34,755,'20161010','201610',2,NULL,NULL,NULL,'ojs::counter',2,1,259,17,297),('usage_events_20161010.log',515,1,93,758,'20161010','201610',2,NULL,NULL,NULL,'ojs::counter',1,1,259,17,300),('usage_events_20161010.log',521,1,99,302,'20161010','201610',2,NULL,NULL,NULL,'ojs::counter',1,1,259,17,302),('usage_events_20161010.log',515,1,100,765,'20161010','201610',2,NULL,NULL,NULL,'ojs::counter',2,1,259,17,307),('usage_events_20161011.log',256,1,NULL,1,'20161011','201610',NULL,NULL,NULL,NULL,'ojs::counter',187,NULL,NULL,NULL,NULL),('usage_events_20161011.log',1048585,1,2,2,'20161011','201610',NULL,NULL,NULL,NULL,'ojs::counter',2,1,259,17,NULL),('usage_events_20161011.log',1048585,1,6,6,'20161011','201610',NULL,NULL,NULL,NULL,'ojs::counter',1,1,259,1,NULL),('usage_events_20161011.log',1048585,1,14,14,'20161011','201610',NULL,NULL,NULL,NULL,'ojs::counter',1,1,259,1,NULL),('usage_events_20161011.log',1048585,1,16,16,'20161011','201610',NULL,NULL,NULL,NULL,'ojs::counter',1,1,259,1,NULL),('usage_events_20161011.log',1048585,1,17,17,'20161011','201610',NULL,NULL,NULL,NULL,'ojs::counter',1,1,259,1,NULL),('usage_events_20161011.log',1048585,1,30,30,'20161011','201610',NULL,NULL,NULL,NULL,'ojs::counter',1,1,259,3,NULL),('usage_events_20161011.log',1048585,1,35,35,'20161011','201610',NULL,NULL,NULL,NULL,'ojs::counter',1,1,259,2,NULL),('usage_events_20161011.log',1048585,1,36,36,'20161011','201610',NULL,NULL,NULL,NULL,'ojs::counter',2,1,259,2,NULL),('usage_events_20161011.log',1048585,1,39,39,'20161011','201610',NULL,NULL,NULL,NULL,'ojs::counter',1,1,259,4,NULL),('usage_events_20161011.log',1048585,1,43,43,'20161011','201610',NULL,NULL,NULL,NULL,'ojs::counter',1,1,259,4,NULL),('usage_events_20161011.log',1048585,1,45,45,'20161011','201610',NULL,NULL,NULL,NULL,'ojs::counter',2,1,259,3,NULL),('usage_events_20161011.log',1048585,1,59,59,'20161011','201610',NULL,NULL,NULL,NULL,'ojs::counter',1,1,259,3,NULL),('usage_events_20161011.log',1048585,1,66,66,'20161011','201610',NULL,NULL,NULL,NULL,'ojs::counter',1,1,259,17,NULL),('usage_events_20161011.log',1048585,1,67,67,'20161011','201610',NULL,NULL,NULL,NULL,'ojs::counter',1,1,259,17,NULL),('usage_events_20161011.log',1048585,1,76,76,'20161011','201610',NULL,NULL,NULL,NULL,'ojs::counter',2,1,259,4,NULL),('usage_events_20161011.log',1048585,1,90,90,'20161011','201610',NULL,NULL,NULL,NULL,'ojs::counter',1,1,259,4,NULL),('usage_events_20161011.log',1048585,1,179,179,'20161011','201610',NULL,NULL,NULL,NULL,'ojs::counter',1,1,259,8,NULL),('usage_events_20161011.log',1048585,1,270,270,'20161011','201610',NULL,NULL,NULL,NULL,'ojs::counter',1,1,259,14,NULL),('usage_events_20161011.log',259,1,NULL,4,'20161011','201610',NULL,NULL,NULL,NULL,'ojs::counter',1,NULL,NULL,NULL,NULL),('usage_events_20161011.log',259,1,NULL,11,'20161011','201610',NULL,NULL,NULL,NULL,'ojs::counter',1,NULL,NULL,NULL,NULL),('usage_events_20161011.log',259,1,NULL,17,'20161011','201610',NULL,NULL,NULL,NULL,'ojs::counter',4,NULL,NULL,NULL,NULL),('usage_events_20161011.log',515,1,6,68,'20161011','201610',2,NULL,NULL,NULL,'ojs::counter',1,1,259,1,4),('usage_events_20161011.log',515,1,7,69,'20161011','201610',2,NULL,NULL,NULL,'ojs::counter',1,1,259,1,5),('usage_events_20161011.log',515,1,13,70,'20161011','201610',2,NULL,NULL,NULL,'ojs::counter',3,1,259,1,6),('usage_events_20161011.log',515,1,9,71,'20161011','201610',2,NULL,NULL,NULL,'ojs::counter',1,1,259,1,7),('usage_events_20161011.log',515,1,16,83,'20161011','201610',2,NULL,NULL,NULL,'ojs::counter',2,1,259,1,18),('usage_events_20161011.log',515,1,35,208,'20161011','201610',2,NULL,NULL,NULL,'ojs::counter',2,1,259,2,24),('usage_events_20161011.log',515,1,44,210,'20161011','201610',2,NULL,NULL,NULL,'ojs::counter',3,1,259,2,26),('usage_events_20161011.log',515,1,36,214,'20161011','201610',2,NULL,NULL,NULL,'ojs::counter',1,1,259,2,28),('usage_events_20161011.log',515,1,65,291,'20161011','201610',2,NULL,NULL,NULL,'ojs::counter',1,1,259,4,73),('usage_events_20161011.log',515,1,40,292,'20161011','201610',2,NULL,NULL,NULL,'ojs::counter',1,1,259,4,74),('usage_events_20161011.log',515,1,76,296,'20161011','201610',2,NULL,NULL,NULL,'ojs::counter',2,1,259,4,78),('usage_events_20161011.log',515,1,94,299,'20161011','201610',2,NULL,NULL,NULL,'ojs::counter',1,1,259,4,81),('usage_events_20161011.log',515,1,77,305,'20161011','201610',2,NULL,NULL,NULL,'ojs::counter',2,1,259,4,87),('usage_events_20161011.log',515,1,95,309,'20161011','201610',2,NULL,NULL,NULL,'ojs::counter',1,1,259,4,91),('usage_events_20161011.log',515,1,42,310,'20161011','201610',2,NULL,NULL,NULL,'ojs::counter',1,1,259,4,92),('usage_events_20161011.log',515,1,49,317,'20161011','201610',2,NULL,NULL,NULL,'ojs::counter',3,1,259,3,95),('usage_events_20161011.log',515,1,59,318,'20161011','201610',2,NULL,NULL,NULL,'ojs::counter',1,1,259,3,96),('usage_events_20161011.log',515,1,60,319,'20161011','201610',2,NULL,NULL,NULL,'ojs::counter',1,1,259,3,97),('usage_events_20161011.log',515,1,45,325,'20161011','201610',2,NULL,NULL,NULL,'ojs::counter',1,1,259,3,103),('usage_events_20161011.log',515,1,133,424,'20161011','201610',2,NULL,NULL,NULL,'ojs::counter',1,1,259,5,111),('usage_events_20161011.log',515,1,141,432,'20161011','201610',2,NULL,NULL,NULL,'ojs::counter',2,1,259,6,119),('usage_events_20161011.log',515,1,142,433,'20161011','201610',2,NULL,NULL,NULL,'ojs::counter',1,1,259,6,120),('usage_events_20161011.log',515,1,150,441,'20161011','201610',2,NULL,NULL,NULL,'ojs::counter',1,1,259,6,128),('usage_events_20161011.log',515,1,155,446,'20161011','201610',2,NULL,NULL,NULL,'ojs::counter',1,1,259,6,133),('usage_events_20161011.log',515,1,165,458,'20161011','201610',2,NULL,NULL,NULL,'ojs::counter',1,1,259,7,143),('usage_events_20161011.log',515,1,179,477,'20161011','201610',2,NULL,NULL,NULL,'ojs::counter',1,1,259,8,157),('usage_events_20161011.log',515,1,191,494,'20161011','201610',2,NULL,NULL,NULL,'ojs::counter',3,1,259,8,169),('usage_events_20161011.log',515,1,199,504,'20161011','201610',2,NULL,NULL,NULL,'ojs::counter',2,1,259,9,178),('usage_events_20161011.log',515,1,200,505,'20161011','201610',2,NULL,NULL,NULL,'ojs::counter',1,1,259,9,179),('usage_events_20161011.log',515,1,229,539,'20161011','201610',2,NULL,NULL,NULL,'ojs::counter',1,4,259,11,208),('usage_events_20161011.log',515,1,242,564,'20161011','201610',2,NULL,NULL,NULL,'ojs::counter',1,1,259,12,221),('usage_events_20161011.log',515,1,264,591,'20161011','201610',2,NULL,NULL,NULL,'ojs::counter',1,1,259,14,243),('usage_events_20161011.log',515,1,10,632,'20161011','201610',2,NULL,NULL,NULL,'ojs::counter',1,1,259,3,254),('usage_events_20161011.log',515,1,305,684,'20161011','201610',2,NULL,NULL,NULL,'ojs::counter',3,1,259,15,266),('usage_events_20161011.log',515,1,310,691,'20161011','201610',2,NULL,NULL,NULL,'ojs::counter',1,1,259,16,271),('usage_events_20161011.log',515,1,320,702,'20161011','201610',2,NULL,NULL,NULL,'ojs::counter',2,1,259,16,281),('usage_events_20161011.log',515,1,67,756,'20161011','201610',2,NULL,NULL,NULL,'ojs::counter',1,1,259,17,298),('usage_events_20161011.log',515,1,2,757,'20161011','201610',2,NULL,NULL,NULL,'ojs::counter',2,1,259,17,299),('usage_events_20161011.log',515,1,79,761,'20161011','201610',2,NULL,NULL,NULL,'ojs::counter',2,1,259,17,303),('usage_events_20161011.log',515,1,66,762,'20161011','201610',2,NULL,NULL,NULL,'ojs::counter',1,1,259,17,304),('usage_events_20161012.log',256,1,NULL,1,'20161012','201610',NULL,NULL,NULL,NULL,'ojs::counter',213,NULL,NULL,NULL,NULL),('usage_events_20161012.log',1048585,1,2,2,'20161012','201610',NULL,NULL,NULL,NULL,'ojs::counter',1,1,259,17,NULL),('usage_events_20161012.log',1048585,1,11,11,'20161012','201610',NULL,NULL,NULL,NULL,'ojs::counter',1,1,259,1,NULL),('usage_events_20161012.log',1048585,1,20,20,'20161012','201610',NULL,NULL,NULL,NULL,'ojs::counter',2,1,259,1,NULL),('usage_events_20161012.log',1048585,1,34,34,'20161012','201610',NULL,NULL,NULL,NULL,'ojs::counter',1,1,259,17,NULL),('usage_events_20161012.log',1048585,1,36,36,'20161012','201610',NULL,NULL,NULL,NULL,'ojs::counter',1,1,259,2,NULL),('usage_events_20161012.log',1048585,1,39,39,'20161012','201610',NULL,NULL,NULL,NULL,'ojs::counter',1,1,259,4,NULL),('usage_events_20161012.log',1048585,1,40,40,'20161012','201610',NULL,NULL,NULL,NULL,'ojs::counter',3,1,259,4,NULL),('usage_events_20161012.log',1048585,1,43,43,'20161012','201610',NULL,NULL,NULL,NULL,'ojs::counter',2,1,259,4,NULL),('usage_events_20161012.log',1048585,1,48,48,'20161012','201610',NULL,NULL,NULL,NULL,'ojs::counter',1,1,259,2,NULL),('usage_events_20161012.log',1048585,1,67,67,'20161012','201610',NULL,NULL,NULL,NULL,'ojs::counter',1,1,259,17,NULL),('usage_events_20161012.log',1048585,1,76,76,'20161012','201610',NULL,NULL,NULL,NULL,'ojs::counter',1,1,259,4,NULL),('usage_events_20161012.log',1048585,1,79,79,'20161012','201610',NULL,NULL,NULL,NULL,'ojs::counter',1,1,259,17,NULL),('usage_events_20161012.log',1048585,1,93,93,'20161012','201610',NULL,NULL,NULL,NULL,'ojs::counter',1,1,259,17,NULL),('usage_events_20161012.log',1048585,1,94,94,'20161012','201610',NULL,NULL,NULL,NULL,'ojs::counter',3,1,259,4,NULL),('usage_events_20161012.log',1048585,1,96,96,'20161012','201610',NULL,NULL,NULL,NULL,'ojs::counter',2,1,259,4,NULL),('usage_events_20161012.log',1048585,1,99,99,'20161012','201610',NULL,NULL,NULL,NULL,'ojs::counter',1,1,259,17,NULL),('usage_events_20161012.log',1048585,1,230,230,'20161012','201610',NULL,NULL,NULL,NULL,'ojs::counter',1,1,259,11,NULL),('usage_events_20161012.log',1048585,1,263,263,'20161012','201610',NULL,NULL,NULL,NULL,'ojs::counter',2,1,259,14,NULL),('usage_events_20161012.log',1048585,1,270,270,'20161012','201610',NULL,NULL,NULL,NULL,'ojs::counter',1,1,259,14,NULL),('usage_events_20161012.log',259,1,NULL,17,'20161012','201610',NULL,NULL,NULL,NULL,'ojs::counter',5,NULL,NULL,NULL,NULL),('usage_events_20161012.log',515,1,13,70,'20161012','201610',2,NULL,NULL,NULL,'ojs::counter',4,1,259,1,6),('usage_events_20161012.log',515,1,16,83,'20161012','201610',2,NULL,NULL,NULL,'ojs::counter',1,1,259,1,18),('usage_events_20161012.log',515,1,20,88,'20161012','201610',2,NULL,NULL,NULL,'ojs::counter',2,1,259,1,20),('usage_events_20161012.log',515,1,33,213,'20161012','201610',2,NULL,NULL,NULL,'ojs::counter',1,1,259,2,27),('usage_events_20161012.log',515,1,40,292,'20161012','201610',2,NULL,NULL,NULL,'ojs::counter',2,1,259,4,74),('usage_events_20161012.log',515,1,76,296,'20161012','201610',2,NULL,NULL,NULL,'ojs::counter',2,1,259,4,78),('usage_events_20161012.log',515,1,43,304,'20161012','201610',2,NULL,NULL,NULL,'ojs::counter',2,1,259,4,86),('usage_events_20161012.log',515,1,96,306,'20161012','201610',2,NULL,NULL,NULL,'ojs::counter',1,1,259,4,88),('usage_events_20161012.log',515,1,42,310,'20161012','201610',2,NULL,NULL,NULL,'ojs::counter',1,1,259,4,92),('usage_events_20161012.log',515,1,69,320,'20161012','201610',2,NULL,NULL,NULL,'ojs::counter',1,1,259,3,98),('usage_events_20161012.log',515,1,141,432,'20161012','201610',2,NULL,NULL,NULL,'ojs::counter',1,1,259,6,119),('usage_events_20161012.log',515,1,158,449,'20161012','201610',2,NULL,NULL,NULL,'ojs::counter',1,1,259,6,136),('usage_events_20161012.log',515,1,166,459,'20161012','201610',2,NULL,NULL,NULL,'ojs::counter',1,1,259,7,144),('usage_events_20161012.log',515,1,198,502,'20161012','201610',2,NULL,NULL,NULL,'ojs::counter',1,1,259,9,176),('usage_events_20161012.log',515,1,210,515,'20161012','201610',2,NULL,NULL,NULL,'ojs::counter',1,5,259,9,189),('usage_events_20161012.log',515,1,213,518,'20161012','201610',2,NULL,NULL,NULL,'ojs::counter',2,1,259,10,192),('usage_events_20161012.log',515,1,230,540,'20161012','201610',2,NULL,NULL,NULL,'ojs::counter',1,1,259,11,209),('usage_events_20161012.log',515,1,235,549,'20161012','201610',2,NULL,NULL,NULL,'ojs::counter',1,1,259,11,214),('usage_events_20161012.log',515,1,263,590,'20161012','201610',2,NULL,NULL,NULL,'ojs::counter',2,1,259,14,242),('usage_events_20161012.log',515,1,305,684,'20161012','201610',2,NULL,NULL,NULL,'ojs::counter',1,1,259,15,266),('usage_events_20161012.log',515,1,307,688,'20161012','201610',2,NULL,NULL,NULL,'ojs::counter',1,5,259,15,268),('usage_events_20161012.log',515,1,34,755,'20161012','201610',2,NULL,NULL,NULL,'ojs::counter',1,1,259,17,297),('usage_events_20161012.log',515,1,66,762,'20161012','201610',2,NULL,NULL,NULL,'ojs::counter',1,1,259,17,304),('usage_events_20161013.log',256,1,NULL,1,'20161013','201610',NULL,NULL,NULL,NULL,'ojs::counter',220,NULL,NULL,NULL,NULL),('usage_events_20161013.log',1048585,1,2,2,'20161013','201610',NULL,NULL,NULL,NULL,'ojs::counter',1,1,259,17,NULL),('usage_events_20161013.log',1048585,1,20,20,'20161013','201610',NULL,NULL,NULL,NULL,'ojs::counter',2,1,259,1,NULL),('usage_events_20161013.log',1048585,1,30,30,'20161013','201610',NULL,NULL,NULL,NULL,'ojs::counter',2,1,259,3,NULL),('usage_events_20161013.log',1048585,1,34,34,'20161013','201610',NULL,NULL,NULL,NULL,'ojs::counter',2,1,259,17,NULL),('usage_events_20161013.log',1048585,1,40,40,'20161013','201610',NULL,NULL,NULL,NULL,'ojs::counter',1,1,259,4,NULL),('usage_events_20161013.log',1048585,1,42,42,'20161013','201610',NULL,NULL,NULL,NULL,'ojs::counter',1,1,259,4,NULL),('usage_events_20161013.log',1048585,1,43,43,'20161013','201610',NULL,NULL,NULL,NULL,'ojs::counter',2,1,259,4,NULL),('usage_events_20161013.log',1048585,1,53,53,'20161013','201610',NULL,NULL,NULL,NULL,'ojs::counter',1,1,259,4,NULL),('usage_events_20161013.log',1048585,1,59,59,'20161013','201610',NULL,NULL,NULL,NULL,'ojs::counter',2,1,259,3,NULL),('usage_events_20161013.log',1048585,1,67,67,'20161013','201610',NULL,NULL,NULL,NULL,'ojs::counter',2,1,259,17,NULL),('usage_events_20161013.log',1048585,1,69,69,'20161013','201610',NULL,NULL,NULL,NULL,'ojs::counter',3,1,259,3,NULL),('usage_events_20161013.log',1048585,1,73,73,'20161013','201610',NULL,NULL,NULL,NULL,'ojs::counter',1,1,259,3,NULL),('usage_events_20161013.log',1048585,1,93,93,'20161013','201610',NULL,NULL,NULL,NULL,'ojs::counter',3,1,259,17,NULL),('usage_events_20161013.log',1048585,1,99,99,'20161013','201610',NULL,NULL,NULL,NULL,'ojs::counter',1,1,259,17,NULL),('usage_events_20161013.log',1048585,1,125,125,'20161013','201610',NULL,NULL,NULL,NULL,'ojs::counter',1,1,259,17,NULL),('usage_events_20161013.log',1048585,1,206,206,'20161013','201610',NULL,NULL,NULL,NULL,'ojs::counter',1,1,259,9,NULL),('usage_events_20161013.log',1048585,1,270,270,'20161013','201610',NULL,NULL,NULL,NULL,'ojs::counter',1,1,259,14,NULL),('usage_events_20161013.log',259,1,NULL,17,'20161013','201610',NULL,NULL,NULL,NULL,'ojs::counter',3,NULL,NULL,NULL,NULL),('usage_events_20161013.log',515,1,13,70,'20161013','201610',2,NULL,NULL,NULL,'ojs::counter',4,1,259,1,6),('usage_events_20161013.log',515,1,14,78,'20161013','201610',2,NULL,NULL,NULL,'ojs::counter',1,1,259,1,13),('usage_events_20161013.log',515,1,19,84,'20161013','201610',2,NULL,NULL,NULL,'ojs::counter',1,3,259,1,19),('usage_events_20161013.log',515,1,20,88,'20161013','201610',2,NULL,NULL,NULL,'ojs::counter',2,1,259,1,20),('usage_events_20161013.log',515,1,18,207,'20161013','201610',2,NULL,NULL,NULL,'ojs::counter',1,1,259,2,23),('usage_events_20161013.log',515,1,65,291,'20161013','201610',2,NULL,NULL,NULL,'ojs::counter',1,1,259,4,73),('usage_events_20161013.log',515,1,40,292,'20161013','201610',2,NULL,NULL,NULL,'ojs::counter',1,1,259,4,74),('usage_events_20161013.log',515,1,53,298,'20161013','201610',2,NULL,NULL,NULL,'ojs::counter',3,1,259,4,80),('usage_events_20161013.log',515,1,43,304,'20161013','201610',2,NULL,NULL,NULL,'ojs::counter',2,1,259,4,86),('usage_events_20161013.log',515,1,42,310,'20161013','201610',2,NULL,NULL,NULL,'ojs::counter',1,1,259,4,92),('usage_events_20161013.log',515,1,59,318,'20161013','201610',2,NULL,NULL,NULL,'ojs::counter',2,1,259,3,96),